{"id":214831,"date":"2022-10-20T13:27:59","date_gmt":"2022-10-20T11:27:59","guid":{"rendered":"http:\/\/dev.claret.cat\/producte\/costa-rica\/"},"modified":"2023-01-28T05:18:49","modified_gmt":"2023-01-28T04:18:49","slug":"costa-rica-9788499359168","status":"publish","type":"product","link":"https:\/\/www.claret.cat\/es\/libro\/costa-rica-9788499359168\/","title":{"rendered":"COSTA RICA"},"content":{"rendered":"<p>&quot; Una gu\u00eda completa y actualizada para el viajero independiente que se quiera aventurar a conocer este rinc\u00f3n Centroam\u00e9rica.<br \/> Al comienzo de esta gu\u00eda se encuentra toda la informaci\u00f3n necesaria para preparar el viaje: tr\u00e1mites de entrada, transportes, calendario&#8230; a  junto con un apartado que incluye vocabulario local.<br \/> En La Gu\u00eda se describen cuatro zonas: Centro, Costa del Caribe, Norte y Costa del Pac\u00edfico. En cada parte se describen las principales localidades, espacios naturales y otros lugares de inter\u00e9s, incluyendo secciones fijas para cada apartado: Informaci\u00f3n, Transportes, La Visita, Excursiones, Comer y Dormir, La Noche, Compras&#8230;<br \/> En el caso de San Jos\u00e9, acompa\u00f1ando a La Visita y para facilitarla, se incluyen dos planos (de d\u00eda y de noche) que en colores diferenciados muestran los distintos ambientes que se hallar\u00e1n en esa ciudad. <br \/> En Dormir y comer se da informaci\u00f3n detallada de los distintos hoteles y restaurantes que hemos seleccionado siguiendo un riguroso criterio de calidad\/precio.<br \/> El Contexto, el apartado final, comprende apuntes sobre la naturaleza, la historia, la literatura, el arte, la religi\u00f3n, la m\u00fasica, la gastronom\u00eda y otros aspectos interesantes del pa\u00eds.<br \/> En las primeras p\u00e1ginas de la gu\u00eda aparece un mapa general de Costa Rica, en el que se incluyen todas las provincias y localidades descritas en el libro. &quot;<\/p>\n","protected":false},"excerpt":{"rendered":"<p>S\u00c1NCHEZ, FRANCISCO \/ PUY FUENTES, EDGAR DE<\/p>\n","protected":false},"featured_media":214832,"template":"","meta":{"_acf_changed":false,"om_disable_all_campaigns":false,"rs_blank_template":"","rs_page_bg_color":"","slide_template_v7":"","inline_featured_image":false,"_monsterinsights_skip_tracking":false,"_monsterinsights_sitenote_active":false,"_monsterinsights_sitenote_note":"","_monsterinsights_sitenote_category":0},"product_brand":[],"product_cat":[107],"product_tag":[],"class_list":{"0":"post-214831","1":"product","2":"type-product","3":"status-publish","4":"has-post-thumbnail","6":"product_cat-guies-de-viatge","8":"first","9":"instock","10":"taxable","11":"shipping-taxable","12":"purchasable","13":"product-type-simple"},"acf":{"autor":"S\u00c1NCHEZ, FRANCISCO \/ PUY FUENTES, EDGAR DE","codart":"849935916","libros-coleccion":"FORA DE COL.LECCI\u00d3","ediciones":"1","encuadernacion":"R\u00fastica","fecha_de_publicacion":"01\/03\/2017","novedad":"1","paginas":"192","subtitulo":"","orden":"0","portada":"0","idioma":"spa","editorial":[{"ID":147435,"post_author":"3","post_date":"2022-10-14 11:50:33","post_date_gmt":"2022-10-14 09:50:33","post_content":"","post_title":"Anaya Touring","post_excerpt":"","post_status":"publish","comment_status":"closed","ping_status":"closed","post_password":"","post_name":"anaya-touring","to_ping":"","pinged":"","post_modified":"2022-10-14 11:50:33","post_modified_gmt":"2022-10-14 09:50:33","post_content_filtered":"","post_parent":0,"guid":"http:\/\/dev.claret.cat\/editorial\/anaya-touring\/","menu_order":0,"post_type":"editorial","post_mime_type":"","comment_count":"0","filter":"raw"}],"autores-libros":[{"ID":154489,"post_author":"3","post_date":"2022-10-14 15:05:13","post_date_gmt":"2022-10-14 13:05:13","post_content":"","post_title":"EDGAR DE PUY FUENTES","post_excerpt":"","post_status":"publish","comment_status":"closed","ping_status":"closed","post_password":"","post_name":"edgar-de-puy-fuentes","to_ping":"","pinged":"","post_modified":"2022-10-14 15:05:13","post_modified_gmt":"2022-10-14 13:05:13","post_content_filtered":"","post_parent":0,"guid":"http:\/\/dev.claret.cat\/autor\/edgar-de-puy-fuentes\/","menu_order":0,"post_type":"autor","post_mime_type":"","comment_count":"0","filter":"raw"},{"ID":156299,"post_author":"3","post_date":"2022-10-14 15:19:42","post_date_gmt":"2022-10-14 13:19:42","post_content":"","post_title":"FRANCISCO SANCHEZ","post_excerpt":"","post_status":"publish","comment_status":"closed","ping_status":"closed","post_password":"","post_name":"francisco-sanchez","to_ping":"","pinged":"","post_modified":"2022-10-14 15:19:42","post_modified_gmt":"2022-10-14 13:19:42","post_content_filtered":"","post_parent":0,"guid":"http:\/\/dev.claret.cat\/autor\/francisco-sanchez\/","menu_order":0,"post_type":"autor","post_mime_type":"","comment_count":"0","filter":"raw"}]},"aioseo_notices":[],"_links":{"self":[{"href":"https:\/\/www.claret.cat\/es\/wp-json\/wp\/v2\/product\/214831","targetHints":{"allow":["GET"]}}],"collection":[{"href":"https:\/\/www.claret.cat\/es\/wp-json\/wp\/v2\/product"}],"about":[{"href":"https:\/\/www.claret.cat\/es\/wp-json\/wp\/v2\/types\/product"}],"wp:featuredmedia":[{"embeddable":true,"href":"https:\/\/www.claret.cat\/es\/wp-json\/wp\/v2\/media\/214832"}],"wp:attachment":[{"href":"https:\/\/www.claret.cat\/es\/wp-json\/wp\/v2\/media?parent=214831"}],"wp:term":[{"taxonomy":"product_brand","embeddable":true,"href":"https:\/\/www.claret.cat\/es\/wp-json\/wp\/v2\/product_brand?post=214831"},{"taxonomy":"product_cat","embeddable":true,"href":"https:\/\/www.claret.cat\/es\/wp-json\/wp\/v2\/product_cat?post=214831"},{"taxonomy":"product_tag","embeddable":true,"href":"https:\/\/www.claret.cat\/es\/wp-json\/wp\/v2\/product_tag?post=214831"}],"curies":[{"name":"wp","href":"https:\/\/api.w.org\/{rel}","templated":true}]}}

<p>&quot; Una guía completa y actualizada para el viajero independiente que se quiera aventurar a conocer este rincón Centroamérica.<br /> Al comienzo de esta guía se encuentra toda la información necesaria para preparar el viaje: trámites de entrada, transportes, calendario&#8230; a  junto con un apartado que incluye vocabulario local.<br /> En La Guía se describen cuatro zonas: Centro, Costa del Caribe, Norte y Costa del Pacífico. En cada parte se describen las principales localidades, espacios naturales y otros lugares de interés, incluyendo secciones fijas para cada apartado: Información, Transportes, La Visita, Excursiones, Comer y Dormir, La Noche, Compras&#8230;<br /> En el caso de San José, acompañando a La Visita y para facilitarla, se incluyen dos planos (de día y de noche) que en colores diferenciados muestran los distintos ambientes que se hallarán en esa ciudad. <br /> En Dormir y comer se da información detallada de los distintos hoteles y restaurantes que hemos seleccionado siguiendo un riguroso criterio de calidad/precio.<br /> El Contexto, el apartado final, comprende apuntes sobre la naturaleza, la historia, la literatura, el arte, la religión, la música, la gastronomía y otros aspectos interesantes del país.<br /> En las primeras páginas de la guía aparece un mapa general de Costa Rica, en el que se incluyen todas las provincias y localidades descritas en el libro. &quot;</p>

<p>SÁNCHEZ, FRANCISCO / PUY FUENTES, EDGAR DE</p>

SÁNCHEZ, FRANCISCO / PUY FUENTES, EDGAR DE

FORA DE COL.LECCIÓ

Rústica
