{"id":215105,"date":"2022-10-20T13:34:14","date_gmt":"2022-10-20T11:34:14","guid":{"rendered":"http:\/\/dev.claret.cat\/producte\/el-caballero-que-no-queria-luchar\/"},"modified":"2023-01-28T05:38:37","modified_gmt":"2023-01-28T04:38:37","slug":"el-caballero-que-no-queria-luchar-9788416690299","status":"publish","type":"product","link":"https:\/\/www.claret.cat\/es\/libro\/el-caballero-que-no-queria-luchar-9788416690299\/","title":{"rendered":"EL CABALLERO QUE NO QUER\u00cdA LUCHAR"},"content":{"rendered":"<p>Para domar a un drag\u00f3n, no hay nada como un cuento. Cuando los padres de Leo lo mandan a luchar contra un drag\u00f3n, \u00e9l se lleva un escudo, una espada y varios de sus libros favoritos. Despu\u00e9s de todo, \u00bfqui\u00e9n puede resistirse a un buen libro?&#8217;.<\/p>\n","protected":false},"excerpt":{"rendered":"<p>DOCHERTY, HELEN \/ DOCHERTY, THOMAS<\/p>\n","protected":false},"featured_media":215106,"template":"","meta":{"_acf_changed":false,"om_disable_all_campaigns":false,"rs_blank_template":"","rs_page_bg_color":"","slide_template_v7":"","inline_featured_image":false,"_monsterinsights_skip_tracking":false,"_monsterinsights_sitenote_active":false,"_monsterinsights_sitenote_note":"","_monsterinsights_sitenote_category":0},"product_brand":[],"product_cat":[86],"product_tag":[],"class_list":{"0":"post-215105","1":"product","2":"type-product","3":"status-publish","4":"has-post-thumbnail","6":"product_cat-infantil","8":"first","9":"instock","10":"taxable","11":"shipping-taxable","12":"purchasable","13":"product-type-simple"},"acf":{"autor":"DOCHERTY, HELEN \/ DOCHERTY, THOMAS","codart":"841669029","libros-coleccion":"SUSHI BOOKS","ediciones":"1","encuadernacion":"Carton\u00e9","fecha_de_publicacion":"01\/03\/2017","novedad":"1","paginas":"35","subtitulo":"\u00a1INCLUSO A LOS DRAGONES LES GUSTA UNA BUENA HISTORIA!","orden":"0","portada":"0","idioma":"spa","editorial":[{"ID":6297,"post_author":"3","post_date":"2022-07-28 17:49:10","post_date_gmt":"2022-07-28 15:49:10","post_content":"","post_title":"Maeva Ediciones","post_excerpt":"","post_status":"publish","comment_status":"closed","ping_status":"closed","post_password":"","post_name":"maeva-ediciones","to_ping":"","pinged":"","post_modified":"2022-07-28 17:49:10","post_modified_gmt":"2022-07-28 15:49:10","post_content_filtered":"","post_parent":0,"guid":"http:\/\/dev.claret.cat\/editorial\/maeva-ediciones\/","menu_order":0,"post_type":"editorial","post_mime_type":"","comment_count":"0","filter":"raw"}],"autores-libros":[{"ID":157444,"post_author":"3","post_date":"2022-10-14 15:28:52","post_date_gmt":"2022-10-14 13:28:52","post_content":"","post_title":"HELEN DOCHERTY","post_excerpt":"","post_status":"publish","comment_status":"closed","ping_status":"closed","post_password":"","post_name":"helen-docherty","to_ping":"","pinged":"","post_modified":"2022-10-14 15:28:52","post_modified_gmt":"2022-10-14 13:28:52","post_content_filtered":"","post_parent":0,"guid":"http:\/\/dev.claret.cat\/autor\/helen-docherty\/","menu_order":0,"post_type":"autor","post_mime_type":"","comment_count":"0","filter":"raw"},{"ID":170332,"post_author":"3","post_date":"2022-10-14 22:34:28","post_date_gmt":"2022-10-14 20:34:28","post_content":"","post_title":"THOMAS DOCHERTY","post_excerpt":"","post_status":"publish","comment_status":"closed","ping_status":"closed","post_password":"","post_name":"thomas-docherty","to_ping":"","pinged":"","post_modified":"2022-10-14 22:34:28","post_modified_gmt":"2022-10-14 20:34:28","post_content_filtered":"","post_parent":0,"guid":"http:\/\/dev.claret.cat\/autor\/thomas-docherty\/","menu_order":0,"post_type":"autor","post_mime_type":"","comment_count":"0","filter":"raw"}]},"aioseo_notices":[],"_links":{"self":[{"href":"https:\/\/www.claret.cat\/es\/wp-json\/wp\/v2\/product\/215105","targetHints":{"allow":["GET"]}}],"collection":[{"href":"https:\/\/www.claret.cat\/es\/wp-json\/wp\/v2\/product"}],"about":[{"href":"https:\/\/www.claret.cat\/es\/wp-json\/wp\/v2\/types\/product"}],"wp:featuredmedia":[{"embeddable":true,"href":"https:\/\/www.claret.cat\/es\/wp-json\/wp\/v2\/media\/215106"}],"wp:attachment":[{"href":"https:\/\/www.claret.cat\/es\/wp-json\/wp\/v2\/media?parent=215105"}],"wp:term":[{"taxonomy":"product_brand","embeddable":true,"href":"https:\/\/www.claret.cat\/es\/wp-json\/wp\/v2\/product_brand?post=215105"},{"taxonomy":"product_cat","embeddable":true,"href":"https:\/\/www.claret.cat\/es\/wp-json\/wp\/v2\/product_cat?post=215105"},{"taxonomy":"product_tag","embeddable":true,"href":"https:\/\/www.claret.cat\/es\/wp-json\/wp\/v2\/product_tag?post=215105"}],"curies":[{"name":"wp","href":"https:\/\/api.w.org\/{rel}","templated":true}]}}

EL CABALLERO QUE NO QUERÍA LUCHAR

<p>Para domar a un dragón, no hay nada como un cuento. Cuando los padres de Leo lo mandan a luchar contra un dragón, él se lleva un escudo, una espada y varios de sus libros favoritos. Después de todo, ¿quién puede resistirse a un buen libro?&#8217;.</p>

Cartoné
