{"id":216242,"date":"2022-10-20T13:59:45","date_gmt":"2022-10-20T11:59:45","guid":{"rendered":"http:\/\/dev.claret.cat\/producte\/apasionados-por-cristo-con-el-papa-francisco\/"},"modified":"2025-03-07T11:50:36","modified_gmt":"2025-03-07T10:50:36","slug":"apasionados-por-cristo-con-el-papa-francisco-9788428552677","status":"publish","type":"product","link":"https:\/\/www.claret.cat\/es\/libro\/apasionados-por-cristo-con-el-papa-francisco-9788428552677\/","title":{"rendered":"APASIONADOS POR CRISTO, CON EL PAPA FRANCISCO"},"content":{"rendered":"<p>Un peque\u00f1o folleto que nos invita a la meditaci\u00f3n a partir de la profundidad y simplicidad de sus textos, tomados de los discursos, homil\u00edas, mensajes y celebraciones del Santo Padre, y a la hermosura de las fotograf\u00edas que los acompa\u00f1an.<br \/> \u00abApasionados por Cristo con el Papa Francisco\u00bb gu\u00eda a los hombres a reflexionar a cerca de la cruz, s\u00edmbolo del padecimiento convertido en acto de amor. \u00abAnte la cruz de Jes\u00fas -dice el Papa- vemos casi hasta tocar con las manos la medida en la que somos amados eternamente\u00bb. Viene icluida adem\u00e1s una oraci\u00f3n de adhesi\u00f3n a Cristo de san Gregorio Nacianceno.<\/p>\n","protected":false},"excerpt":{"rendered":"<p>PAPA FRANCISCO (SAN PABLO)<\/p>\n","protected":false},"featured_media":398582,"template":"","meta":{"_acf_changed":false,"om_disable_all_campaigns":false,"rs_blank_template":"","rs_page_bg_color":"","slide_template_v7":"","inline_featured_image":false,"_monsterinsights_skip_tracking":false,"_monsterinsights_sitenote_active":false,"_monsterinsights_sitenote_note":"","_monsterinsights_sitenote_category":0},"product_brand":[],"product_cat":[543,93,345,79],"product_tag":[],"class_list":{"0":"post-216242","1":"product","2":"type-product","3":"status-publish","4":"has-post-thumbnail","6":"product_cat-eclesiologia-es","7":"product_cat-eclesiologia","8":"product_cat-espiritualidad","9":"product_cat-espiritualitat","11":"first","12":"instock","13":"taxable","14":"shipping-taxable","15":"purchasable","16":"product-type-simple"},"acf":{"autor":"PAPA FRANCISCO (SAN PABLO)","codart":"842855267","libros-coleccion":"Brotes","ediciones":"1","encuadernacion":"Grapado","fecha_de_publicacion":"23\/02\/2017","novedad":"1","paginas":"24","subtitulo":"","orden":"0","portada":"0","idioma":"spa","editorial":[{"ID":6356,"post_author":"3","post_date":"2022-07-28 17:50:26","post_date_gmt":"2022-07-28 15:50:26","post_content":"","post_title":"SAN PABLO COMUNICACI\u00d3N","post_excerpt":"","post_status":"publish","comment_status":"closed","ping_status":"closed","post_password":"","post_name":"san-pablo-comunicacion","to_ping":"","pinged":"","post_modified":"2022-07-28 17:50:26","post_modified_gmt":"2022-07-28 15:50:26","post_content_filtered":"","post_parent":0,"guid":"http:\/\/dev.claret.cat\/editorial\/san-pablo-comunicacion\/","menu_order":0,"post_type":"editorial","post_mime_type":"","comment_count":"0","filter":"raw"}],"autores-libros":[{"ID":286178,"post_author":"3","post_date":"2022-12-10 03:47:34","post_date_gmt":"2022-12-10 02:47:34","post_content":"","post_title":"PAPA FRANCISCO (SAN PABLO)","post_excerpt":"","post_status":"publish","comment_status":"closed","ping_status":"closed","post_password":"","post_name":"papa-francisco-san-pablo","to_ping":"","pinged":"","post_modified":"2022-12-10 03:47:34","post_modified_gmt":"2022-12-10 02:47:34","post_content_filtered":"","post_parent":0,"guid":"http:\/\/dev.claret.cat\/autor\/papa-francisco-san-pablo\/","menu_order":0,"post_type":"autor","post_mime_type":"","comment_count":"0","filter":"raw"}]},"aioseo_notices":[],"_links":{"self":[{"href":"https:\/\/www.claret.cat\/es\/wp-json\/wp\/v2\/product\/216242","targetHints":{"allow":["GET"]}}],"collection":[{"href":"https:\/\/www.claret.cat\/es\/wp-json\/wp\/v2\/product"}],"about":[{"href":"https:\/\/www.claret.cat\/es\/wp-json\/wp\/v2\/types\/product"}],"wp:featuredmedia":[{"embeddable":true,"href":"https:\/\/www.claret.cat\/es\/wp-json\/wp\/v2\/media\/398582"}],"wp:attachment":[{"href":"https:\/\/www.claret.cat\/es\/wp-json\/wp\/v2\/media?parent=216242"}],"wp:term":[{"taxonomy":"product_brand","embeddable":true,"href":"https:\/\/www.claret.cat\/es\/wp-json\/wp\/v2\/product_brand?post=216242"},{"taxonomy":"product_cat","embeddable":true,"href":"https:\/\/www.claret.cat\/es\/wp-json\/wp\/v2\/product_cat?post=216242"},{"taxonomy":"product_tag","embeddable":true,"href":"https:\/\/www.claret.cat\/es\/wp-json\/wp\/v2\/product_tag?post=216242"}],"curies":[{"name":"wp","href":"https:\/\/api.w.org\/{rel}","templated":true}]}}

<p>Un pequeño folleto que nos invita a la meditación a partir de la profundidad y simplicidad de sus textos, tomados de los discursos, homilías, mensajes y celebraciones del Santo Padre, y a la hermosura de las fotografías que los acompañan.<br /> «Apasionados por Cristo con el Papa Francisco» guía a los hombres a reflexionar a cerca de la cruz, símbolo del padecimiento convertido en acto de amor. «Ante la cruz de Jesús -dice el Papa- vemos casi hasta tocar con las manos la medida en la que somos amados eternamente». Viene icluida además una oración de adhesión a Cristo de san Gregorio Nacianceno.</p>

SAN PABLO COMUNICACIÓN
