{"id":21640,"date":"2022-10-02T09:37:40","date_gmt":"2022-10-02T07:37:40","guid":{"rendered":"http:\/\/dev.claret.cat\/producte\/aristotil-i-dante-es-capbussen-a-les-aigues\/"},"modified":"2023-10-06T11:09:50","modified_gmt":"2023-10-06T09:09:50","slug":"aristotil-i-dante-es-capbussen-a-les-aigues-9788412392586","status":"publish","type":"product","link":"https:\/\/www.claret.cat\/es\/libro\/aristotil-i-dante-es-capbussen-a-les-aigues-9788412392586\/","title":{"rendered":"ARIST\u00d2TIL I DANTE ES CAPBUSSEN A LES AIG\u00dcES"},"content":{"rendered":"<p>A &#8216;Arist\u00f2til i Dante descobreixen els secrets de l&#8221;univers&#8217; dos nois van con\u00e8ixer l&#8217;amor; ara han de descobrir com tenir-ne cura i construir una relaci\u00f3 en un m\u00f3n que no els hi posar\u00e0 les coses f\u00e0cils. L&#8217;Ari ha passat els seus anys d&#8217;institut intentant amagar el seu veritable jo, mantenint-se sempre al marge, callat i invisible. I estava conven\u00e7ut que l&#8217;\u00faltim curs seria igual, per\u00f2 alguna cosa va canviar que es va enamorar de en Dante.<\/p>\n","protected":false},"excerpt":{"rendered":"<p>ALIRE S\u00c1ENZ, BENJAMIN<\/p>\n","protected":false},"featured_media":61112,"template":"","meta":{"_acf_changed":false,"om_disable_all_campaigns":false,"rs_blank_template":"","rs_page_bg_color":"","slide_template_v7":"","inline_featured_image":false,"_monsterinsights_skip_tracking":false,"_monsterinsights_sitenote_active":false,"_monsterinsights_sitenote_note":"","_monsterinsights_sitenote_category":0},"product_brand":[],"product_cat":[133,117],"product_tag":[],"class_list":{"0":"post-21640","1":"product","2":"type-product","3":"status-publish","4":"has-post-thumbnail","6":"product_cat-lectures-per-adolescents-12-18-anys","7":"product_cat-juvenil","9":"first","10":"instock","11":"taxable","12":"shipping-taxable","13":"purchasable","14":"product-type-simple"},"acf":{"autor":"ALIRE S\u00c1ENZ, BENJAMIN","codart":"841239258","libros-coleccion":"FORA DE COL.LECCI\u00d3","ediciones":"1","encuadernacion":"R\u00fastica","fecha_de_publicacion":"01\/01\/2022","novedad":"1","paginas":"504","subtitulo":"DEL M\u00d3N","orden":"0","portada":"0","idioma":"cat","editorial":[{"ID":8251,"post_author":"3","post_date":"2022-09-30 09:21:29","post_date_gmt":"2022-09-30 07:21:29","post_content":"","post_title":"L'ALTRA EDITORIAL","post_excerpt":"","post_status":"publish","comment_status":"closed","ping_status":"closed","post_password":"","post_name":"laltra-editorial-3","to_ping":"","pinged":"","post_modified":"2022-09-30 09:21:29","post_modified_gmt":"2022-09-30 07:21:29","post_content_filtered":"","post_parent":0,"guid":"http:\/\/dev.claret.cat\/editorial\/laltra-editorial-3\/","menu_order":0,"post_type":"editorial","post_mime_type":"","comment_count":"0","filter":"raw"}],"autores-libros":[{"ID":151562,"post_author":"3","post_date":"2022-10-14 14:41:51","post_date_gmt":"2022-10-14 12:41:51","post_content":"","post_title":"BENJAMIN ALIRE SAENZ","post_excerpt":"","post_status":"publish","comment_status":"closed","ping_status":"closed","post_password":"","post_name":"benjamin-alire-saenz","to_ping":"","pinged":"","post_modified":"2022-10-14 14:41:51","post_modified_gmt":"2022-10-14 12:41:51","post_content_filtered":"","post_parent":0,"guid":"http:\/\/dev.claret.cat\/autor\/benjamin-alire-saenz\/","menu_order":0,"post_type":"autor","post_mime_type":"","comment_count":"0","filter":"raw"}]},"aioseo_notices":[],"_links":{"self":[{"href":"https:\/\/www.claret.cat\/es\/wp-json\/wp\/v2\/product\/21640","targetHints":{"allow":["GET"]}}],"collection":[{"href":"https:\/\/www.claret.cat\/es\/wp-json\/wp\/v2\/product"}],"about":[{"href":"https:\/\/www.claret.cat\/es\/wp-json\/wp\/v2\/types\/product"}],"wp:featuredmedia":[{"embeddable":true,"href":"https:\/\/www.claret.cat\/es\/wp-json\/wp\/v2\/media\/61112"}],"wp:attachment":[{"href":"https:\/\/www.claret.cat\/es\/wp-json\/wp\/v2\/media?parent=21640"}],"wp:term":[{"taxonomy":"product_brand","embeddable":true,"href":"https:\/\/www.claret.cat\/es\/wp-json\/wp\/v2\/product_brand?post=21640"},{"taxonomy":"product_cat","embeddable":true,"href":"https:\/\/www.claret.cat\/es\/wp-json\/wp\/v2\/product_cat?post=21640"},{"taxonomy":"product_tag","embeddable":true,"href":"https:\/\/www.claret.cat\/es\/wp-json\/wp\/v2\/product_tag?post=21640"}],"curies":[{"name":"wp","href":"https:\/\/api.w.org\/{rel}","templated":true}]}}

ARISTÒTIL I DANTE ES CAPBUSSEN A LES AIGÜES

<p>A &#8216;Aristòtil i Dante descobreixen els secrets de l&#8221;univers&#8217; dos nois van conèixer l&#8217;amor; ara han de descobrir com tenir-ne cura i construir una relació en un món que no els hi posarà les coses fàcils. L&#8217;Ari ha passat els seus anys d&#8217;institut intentant amagar el seu veritable jo, mantenint-se sempre al marge, callat i invisible. I estava convençut que l&#8217;últim curs seria igual, però alguna cosa va canviar que es va enamorar de en Dante.</p>

<p>ALIRE SÁENZ, BENJAMIN</p>

ALIRE SÁENZ, BENJAMIN

FORA DE COL.LECCIÓ

Rústica

DEL MÓN
