{"id":217505,"date":"2022-10-20T14:27:57","date_gmt":"2022-10-20T12:27:57","guid":{"rendered":"http:\/\/dev.claret.cat\/producte\/hermanas-2\/"},"modified":"2026-04-24T17:05:22","modified_gmt":"2026-04-24T15:05:22","slug":"hermanas-9788416363964","status":"publish","type":"product","link":"https:\/\/www.claret.cat\/es\/libro\/hermanas-9788416363964\/","title":{"rendered":"HERMANAS"},"content":{"rendered":"<p>De la autora m\u00e1s vendida en el mundo de novela gr\u00e1fica para j\u00f3venes llega Hermanas.<br \/>Raina siempre hab\u00eda querido tener una hermana, pero cuando naci\u00f3 Amara las cosas no salieron  como esperaba. A trav\u00e9s de flashbacks, Raina relata los diversos encontronazos con su hermana peque\u00f1a, protestona, quejica y solitaria. Pero un largo viaje en coche desde San Francisco a Colorado puede que le brinde a Raina la oportunidad de acercarse a ella. Al fin y al cabo son hermanas.<\/p>\n","protected":false},"excerpt":{"rendered":"<p>TELGEMEIER, RAINA<\/p>\n","protected":false},"featured_media":962412,"template":"","meta":{"_acf_changed":false,"om_disable_all_campaigns":false,"rs_blank_template":"","rs_page_bg_color":"","slide_template_v7":"","inline_featured_image":false,"_monsterinsights_skip_tracking":false,"_monsterinsights_sitenote_active":false,"_monsterinsights_sitenote_note":"","_monsterinsights_sitenote_category":0},"product_brand":[],"product_cat":[133,558,108,566,117,363],"product_tag":[],"class_list":{"0":"post-217505","1":"product","2":"type-product","3":"status-publish","4":"has-post-thumbnail","6":"product_cat-lectures-per-adolescents-12-18-anys","7":"product_cat-comic-3_infantil-juvenil-spa-spa","8":"product_cat-comic","9":"product_cat-juvenil-3_infantil-juvenil-spa-spa","10":"product_cat-juvenil","11":"product_cat-lecturas-por-adolescentes-12-18-anos","13":"first","14":"instock","15":"taxable","16":"shipping-taxable","17":"purchasable","18":"product-type-simple"},"acf":{"autor":"TELGEMEIER, RAINA","codart":"841636396","libros-coleccion":"FORA DE COL.LECCI\u00d3","ediciones":"1","encuadernacion":"R\u00fastica","fecha_de_publicacion":"01\/02\/2017","novedad":"1","paginas":"196","subtitulo":"","orden":"0","portada":"0","idioma":"spa","editorial":[{"ID":6297,"post_author":"3","post_date":"2022-07-28 17:49:10","post_date_gmt":"2022-07-28 15:49:10","post_content":"","post_title":"Maeva Ediciones","post_excerpt":"","post_status":"publish","comment_status":"closed","ping_status":"closed","post_password":"","post_name":"maeva-ediciones","to_ping":"","pinged":"","post_modified":"2022-07-28 17:49:10","post_modified_gmt":"2022-07-28 15:49:10","post_content_filtered":"","post_parent":0,"guid":"http:\/\/dev.claret.cat\/editorial\/maeva-ediciones\/","menu_order":0,"post_type":"editorial","post_mime_type":"","comment_count":"0","filter":"raw"}],"autores-libros":[{"ID":167651,"post_author":"3","post_date":"2022-10-14 18:12:55","post_date_gmt":"2022-10-14 16:12:55","post_content":"","post_title":"RAINA TELGEMEIER","post_excerpt":"","post_status":"publish","comment_status":"closed","ping_status":"closed","post_password":"","post_name":"raina-telgemeier","to_ping":"","pinged":"","post_modified":"2022-10-14 18:12:55","post_modified_gmt":"2022-10-14 16:12:55","post_content_filtered":"","post_parent":0,"guid":"http:\/\/dev.claret.cat\/autor\/raina-telgemeier\/","menu_order":0,"post_type":"autor","post_mime_type":"","comment_count":"0","filter":"raw"}],"booktrailer":"","resenas":""},"aioseo_notices":[],"_links":{"self":[{"href":"https:\/\/www.claret.cat\/es\/wp-json\/wp\/v2\/product\/217505","targetHints":{"allow":["GET"]}}],"collection":[{"href":"https:\/\/www.claret.cat\/es\/wp-json\/wp\/v2\/product"}],"about":[{"href":"https:\/\/www.claret.cat\/es\/wp-json\/wp\/v2\/types\/product"}],"wp:featuredmedia":[{"embeddable":true,"href":"https:\/\/www.claret.cat\/es\/wp-json\/wp\/v2\/media\/962412"}],"wp:attachment":[{"href":"https:\/\/www.claret.cat\/es\/wp-json\/wp\/v2\/media?parent=217505"}],"wp:term":[{"taxonomy":"product_brand","embeddable":true,"href":"https:\/\/www.claret.cat\/es\/wp-json\/wp\/v2\/product_brand?post=217505"},{"taxonomy":"product_cat","embeddable":true,"href":"https:\/\/www.claret.cat\/es\/wp-json\/wp\/v2\/product_cat?post=217505"},{"taxonomy":"product_tag","embeddable":true,"href":"https:\/\/www.claret.cat\/es\/wp-json\/wp\/v2\/product_tag?post=217505"}],"curies":[{"name":"wp","href":"https:\/\/api.w.org\/{rel}","templated":true}]}}

<p>De la autora más vendida en el mundo de novela gráfica para jóvenes llega Hermanas.<br />Raina siempre había querido tener una hermana, pero cuando nació Amara las cosas no salieron  como esperaba. A través de flashbacks, Raina relata los diversos encontronazos con su hermana pequeña, protestona, quejica y solitaria. Pero un largo viaje en coche desde San Francisco a Colorado puede que le brinde a Raina la oportunidad de acercarse a ella. Al fin y al cabo son hermanas.</p>

FORA DE COL.LECCIÓ

Rústica
