{"id":21754,"date":"2022-10-02T09:39:13","date_gmt":"2022-10-02T07:39:13","guid":{"rendered":"http:\/\/dev.claret.cat\/producte\/aquel-sofocante-verano\/"},"modified":"2025-01-31T15:27:02","modified_gmt":"2025-01-31T14:27:02","slug":"aquel-sofocante-verano-9788412401936","status":"publish","type":"product","link":"https:\/\/www.claret.cat\/es\/libro\/aquel-sofocante-verano-9788412401936\/","title":{"rendered":"AQUEL SOFOCANTE VERANO"},"content":{"rendered":"<p>Una novela breve en la que el enfant terrible de la literatura alemana pone en evidencia la doble moral de la alta sociedad de 1900.Bill, hijo de una familia aristocr\u00e1tica, ha suspendido los ex\u00e1menes de acceso a la universidad. Como castigo, durante el verano, en lugar de pasar las vacaciones junto al mar con su madre y sus hermanos, tendr\u00e1 que quedarse estudiando en la finca familiar, en compa\u00f1\u00eda de su padre, con quien casi no tiene trato. A medida que van pasando los d\u00edas, en un ambiente de calor asfixiante, Bill empieza a intuir el verdadero car\u00e1cter de su padre, que dista mucho de la imagen que esconde detr\u00e1s de las convenciones sociales.<\/p>\n<p>Intensa y adictiva, Aquel sofocante verano es una de las pocas obras que este autor salv\u00f3 del fuego cuando quem\u00f3 su producci\u00f3n literaria.<\/p>\n","protected":false},"excerpt":{"rendered":"<p>VON KEYSERLING, EDUARD<\/p>\n","protected":false},"featured_media":54651,"template":"","meta":{"_acf_changed":false,"om_disable_all_campaigns":false,"rs_blank_template":"","rs_page_bg_color":"","slide_template_v7":"","inline_featured_image":false,"_monsterinsights_skip_tracking":false,"_monsterinsights_sitenote_active":false,"_monsterinsights_sitenote_note":"","_monsterinsights_sitenote_category":0},"product_brand":[],"product_cat":[354,123],"product_tag":[],"class_list":{"0":"post-21754","1":"product","2":"type-product","3":"status-publish","4":"has-post-thumbnail","6":"product_cat-clasica","7":"product_cat-classica","9":"first","10":"instock","11":"taxable","12":"shipping-taxable","13":"purchasable","14":"product-type-simple"},"acf":{"autor":"VON KEYSERLING, EDUARD","codart":"841240193","libros-coleccion":"Peque\u00f1os Placeres","ediciones":"1","encuadernacion":"R\u00fastica","fecha_de_publicacion":"01\/05\/2022","novedad":"1","paginas":"105","subtitulo":"","orden":"0","portada":"0","idioma":"spa","editorial":[{"ID":6203,"post_author":"3","post_date":"2022-07-28 17:47:04","post_date_gmt":"2022-07-28 15:47:04","post_content":"","post_title":"EDICIONES INVISIBLES","post_excerpt":"","post_status":"publish","comment_status":"closed","ping_status":"closed","post_password":"","post_name":"ediciones-invisibles","to_ping":"","pinged":"","post_modified":"2022-07-28 17:47:04","post_modified_gmt":"2022-07-28 15:47:04","post_content_filtered":"","post_parent":0,"guid":"http:\/\/dev.claret.cat\/editorial\/ediciones-invisibles\/","menu_order":0,"post_type":"editorial","post_mime_type":"","comment_count":"0","filter":"raw"}],"autores-libros":[{"ID":154565,"post_author":"3","post_date":"2022-10-14 15:05:49","post_date_gmt":"2022-10-14 13:05:49","post_content":"","post_title":"EDUARD VON KEYSERLING","post_excerpt":"","post_status":"publish","comment_status":"closed","ping_status":"closed","post_password":"","post_name":"eduard-von-keyserling","to_ping":"","pinged":"","post_modified":"2022-10-14 15:05:49","post_modified_gmt":"2022-10-14 13:05:49","post_content_filtered":"","post_parent":0,"guid":"http:\/\/dev.claret.cat\/autor\/eduard-von-keyserling\/","menu_order":0,"post_type":"autor","post_mime_type":"","comment_count":"0","filter":"raw"}]},"aioseo_notices":[],"_links":{"self":[{"href":"https:\/\/www.claret.cat\/es\/wp-json\/wp\/v2\/product\/21754","targetHints":{"allow":["GET"]}}],"collection":[{"href":"https:\/\/www.claret.cat\/es\/wp-json\/wp\/v2\/product"}],"about":[{"href":"https:\/\/www.claret.cat\/es\/wp-json\/wp\/v2\/types\/product"}],"wp:featuredmedia":[{"embeddable":true,"href":"https:\/\/www.claret.cat\/es\/wp-json\/wp\/v2\/media\/54651"}],"wp:attachment":[{"href":"https:\/\/www.claret.cat\/es\/wp-json\/wp\/v2\/media?parent=21754"}],"wp:term":[{"taxonomy":"product_brand","embeddable":true,"href":"https:\/\/www.claret.cat\/es\/wp-json\/wp\/v2\/product_brand?post=21754"},{"taxonomy":"product_cat","embeddable":true,"href":"https:\/\/www.claret.cat\/es\/wp-json\/wp\/v2\/product_cat?post=21754"},{"taxonomy":"product_tag","embeddable":true,"href":"https:\/\/www.claret.cat\/es\/wp-json\/wp\/v2\/product_tag?post=21754"}],"curies":[{"name":"wp","href":"https:\/\/api.w.org\/{rel}","templated":true}]}}

<p>Una novela breve en la que el enfant terrible de la literatura alemana pone en evidencia la doble moral de la alta sociedad de 1900.Bill, hijo de una familia aristocrática, ha suspendido los exámenes de acceso a la universidad. Como castigo, durante el verano, en lugar de pasar las vacaciones junto al mar con su madre y sus hermanos, tendrá que quedarse estudiando en la finca familiar, en compañía de su padre, con quien casi no tiene trato. A medida que van pasando los días, en un ambiente de calor asfixiante, Bill empieza a intuir el verdadero carácter de su padre, que dista mucho de la imagen que esconde detrás de las convenciones sociales.</p>
<p>Intensa y adictiva, Aquel sofocante verano es una de las pocas obras que este autor salvó del fuego cuando quemó su producción literaria.</p>

Pequeños Placeres

Rústica
