{"id":218739,"date":"2022-10-20T14:56:31","date_gmt":"2022-10-20T12:56:31","guid":{"rendered":"http:\/\/dev.claret.cat\/producte\/el-contrato-social-2\/"},"modified":"2024-05-23T23:07:25","modified_gmt":"2024-05-23T21:07:25","slug":"el-contrato-social-9788446043829","status":"publish","type":"product","link":"https:\/\/www.claret.cat\/es\/libro\/el-contrato-social-9788446043829\/","title":{"rendered":"EL CONTRATO SOCIAL"},"content":{"rendered":"<p>En &#8216;El contrato social&#8217; Rousseau desarrolla sus ideas acerca de la sociedad civil y pol\u00edtica. Ante la situaci\u00f3n de desigualdad y enajenaci\u00f3n de libertad que viven los seres humanos, defiende que un poder y un dominio adecuado al derecho s\u00f3lo pueden fundarse en un acuerdo entre los hombres, una especie de contrato social, por el que cada individuo cede parte de su independencia y la somete a la direcci\u00f3n suprema de una voluntad general.<\/p>\n","protected":false},"excerpt":{"rendered":"<p>ROUSSEAU, JEAN-JACQUES<\/p>\n","protected":false},"featured_media":348342,"template":"","meta":{"_acf_changed":false,"om_disable_all_campaigns":false,"rs_blank_template":"","rs_page_bg_color":"","slide_template_v7":"","inline_featured_image":false,"_monsterinsights_skip_tracking":false,"_monsterinsights_sitenote_active":false,"_monsterinsights_sitenote_note":"","_monsterinsights_sitenote_category":0},"product_brand":[],"product_cat":[83,349],"product_tag":[],"class_list":{"0":"post-218739","1":"product","2":"type-product","3":"status-publish","4":"has-post-thumbnail","6":"product_cat-filosofia","7":"product_cat-filosofia-2_humanidades","9":"first","10":"instock","11":"taxable","12":"shipping-taxable","13":"purchasable","14":"product-type-simple"},"acf":{"autor":"ROUSSEAU, JEAN-JACQUES","codart":"844604382","libros-coleccion":"SUSHI BOOKS","ediciones":"1","encuadernacion":"R\u00fastica","fecha_de_publicacion":"25\/01\/2017","novedad":"1","paginas":"240","subtitulo":"","orden":"0","portada":"0","idioma":"spa","editorial":[{"ID":6115,"post_author":"3","post_date":"2022-07-28 17:45:13","post_date_gmt":"2022-07-28 15:45:13","post_content":"","post_title":"AKAL, EDICIONES S.A.","post_excerpt":"","post_status":"publish","comment_status":"closed","ping_status":"closed","post_password":"","post_name":"akal-ediciones-s-a","to_ping":"","pinged":"","post_modified":"2022-07-28 17:45:13","post_modified_gmt":"2022-07-28 15:45:13","post_content_filtered":"","post_parent":0,"guid":"http:\/\/dev.claret.cat\/editorial\/akal-ediciones-s-a\/","menu_order":0,"post_type":"editorial","post_mime_type":"","comment_count":"0","filter":"raw"}],"autores-libros":[{"ID":158890,"post_author":"3","post_date":"2022-10-14 15:40:25","post_date_gmt":"2022-10-14 13:40:25","post_content":"","post_title":"JEAN-JACQUES ROUSSEAU","post_excerpt":"","post_status":"publish","comment_status":"closed","ping_status":"closed","post_password":"","post_name":"jean-jacques-rousseau","to_ping":"","pinged":"","post_modified":"2022-10-14 15:40:25","post_modified_gmt":"2022-10-14 13:40:25","post_content_filtered":"","post_parent":0,"guid":"http:\/\/dev.claret.cat\/autor\/jean-jacques-rousseau\/","menu_order":0,"post_type":"autor","post_mime_type":"","comment_count":"0","filter":"raw"}]},"aioseo_notices":[],"_links":{"self":[{"href":"https:\/\/www.claret.cat\/es\/wp-json\/wp\/v2\/product\/218739","targetHints":{"allow":["GET"]}}],"collection":[{"href":"https:\/\/www.claret.cat\/es\/wp-json\/wp\/v2\/product"}],"about":[{"href":"https:\/\/www.claret.cat\/es\/wp-json\/wp\/v2\/types\/product"}],"wp:featuredmedia":[{"embeddable":true,"href":"https:\/\/www.claret.cat\/es\/wp-json\/wp\/v2\/media\/348342"}],"wp:attachment":[{"href":"https:\/\/www.claret.cat\/es\/wp-json\/wp\/v2\/media?parent=218739"}],"wp:term":[{"taxonomy":"product_brand","embeddable":true,"href":"https:\/\/www.claret.cat\/es\/wp-json\/wp\/v2\/product_brand?post=218739"},{"taxonomy":"product_cat","embeddable":true,"href":"https:\/\/www.claret.cat\/es\/wp-json\/wp\/v2\/product_cat?post=218739"},{"taxonomy":"product_tag","embeddable":true,"href":"https:\/\/www.claret.cat\/es\/wp-json\/wp\/v2\/product_tag?post=218739"}],"curies":[{"name":"wp","href":"https:\/\/api.w.org\/{rel}","templated":true}]}}

<p>En &#8216;El contrato social&#8217; Rousseau desarrolla sus ideas acerca de la sociedad civil y política. Ante la situación de desigualdad y enajenación de libertad que viven los seres humanos, defiende que un poder y un dominio adecuado al derecho sólo pueden fundarse en un acuerdo entre los hombres, una especie de contrato social, por el que cada individuo cede parte de su independencia y la somete a la dirección suprema de una voluntad general.</p>

Rústica
