{"id":218850,"date":"2022-10-20T14:59:01","date_gmt":"2022-10-20T12:59:01","guid":{"rendered":"http:\/\/dev.claret.cat\/producte\/pasion-muerte-y-resurreccion\/"},"modified":"2024-05-23T06:22:25","modified_gmt":"2024-05-23T04:22:25","slug":"pasion-muerte-y-resurreccion-9788490234723","status":"publish","type":"product","link":"https:\/\/www.claret.cat\/es\/libro\/pasion-muerte-y-resurreccion-9788490234723\/","title":{"rendered":"PASI\u00d3N, MUERTE Y RESURRECCI\u00d3N"},"content":{"rendered":"<p>\u00abCon estas p\u00e1ginas pretendo ayudar a una vivencia cristiana del misterio pascual, inspirada en los textos evang\u00e9licos de la muerte y resurrecci\u00f3n de Cristo, el hombre de la Pasi\u00f3n y de la Resurrecci\u00f3n\u00bb, as\u00ed se sit\u00faa el autor. Paso a paso, desgrana los textos b\u00edblicos de todos los d\u00edas de la Semana Santa. Estamos ante una obra de reflexiones b\u00edblicas empapadas de densidad que va m\u00e1s all\u00e1 de lo devocional o \u00fanicamente sentimental. El autor nos refleja no solomente su sabidur\u00eda, sino tambi\u00e9n su fe. Escribe alguien que se ha visto implicado en el hecho de lo que le pas\u00f3 a Jesucristo aquella semana antes de su pasi\u00f3n y resurrecci\u00f3n. La Semana Santa no puede ser \u00fanicamente la evocaci\u00f3n de la Pasi\u00f3n y Resurrecci\u00f3n de Cristo; esto es significativo, pero no es bastante. Debe ser una provocaci\u00f3n a renovar la pasi\u00f3n por Jes\u00fas y a insertarnos en su resurrecci\u00f3n. Implicarnos en ella, no solo como destinatarios, sino como continuadores de la causa por la que Cristo muri\u00f3 y resucit\u00f3.<\/p>\n","protected":false},"excerpt":{"rendered":"<p>MONTERO, DOMINGO J.<\/p>\n","protected":false},"featured_media":359370,"template":"","meta":{"_acf_changed":false,"om_disable_all_campaigns":false,"rs_blank_template":"","rs_page_bg_color":"","slide_template_v7":"","inline_featured_image":false,"_monsterinsights_skip_tracking":false,"_monsterinsights_sitenote_active":false,"_monsterinsights_sitenote_note":"","_monsterinsights_sitenote_category":0},"product_brand":[],"product_cat":[346,80,344,78],"product_tag":[],"class_list":{"0":"post-218850","1":"product","2":"type-product","3":"status-publish","4":"has-post-thumbnail","6":"product_cat-libros-liturgia","7":"product_cat-liturgia","8":"product_cat-pastoral-1_espiritualidad","9":"product_cat-pastoral","11":"first","12":"instock","13":"taxable","14":"shipping-taxable","15":"purchasable","16":"product-type-simple"},"acf":{"autor":"MONTERO, DOMINGO J.","codart":"849023472","libros-coleccion":"","ediciones":"1","encuadernacion":"R\u00fastica","fecha_de_publicacion":"11\/01\/2017","novedad":"1","paginas":"128","subtitulo":"REFLEXIONES PARA LA SEMANA SANTA PASO A PASO","orden":"0","portada":"0","idioma":"spa","editorial":[{"ID":6155,"post_author":"3","post_date":"2022-07-28 17:46:04","post_date_gmt":"2022-07-28 15:46:04","post_content":"","post_title":"Central Catequ\u00edstica Salesiana","post_excerpt":"","post_status":"publish","comment_status":"closed","ping_status":"closed","post_password":"","post_name":"central-catequistica-salesiana","to_ping":"","pinged":"","post_modified":"2022-07-28 17:46:04","post_modified_gmt":"2022-07-28 15:46:04","post_content_filtered":"","post_parent":0,"guid":"http:\/\/dev.claret.cat\/editorial\/central-catequistica-salesiana\/","menu_order":0,"post_type":"editorial","post_mime_type":"","comment_count":"0","filter":"raw"}],"autores-libros":[{"ID":154264,"post_author":"3","post_date":"2022-10-14 15:03:25","post_date_gmt":"2022-10-14 13:03:25","post_content":"","post_title":"DOMINGO J. MONTERO","post_excerpt":"","post_status":"publish","comment_status":"closed","ping_status":"closed","post_password":"","post_name":"domingo-j-montero","to_ping":"","pinged":"","post_modified":"2022-10-14 15:03:25","post_modified_gmt":"2022-10-14 13:03:25","post_content_filtered":"","post_parent":0,"guid":"http:\/\/dev.claret.cat\/autor\/domingo-j-montero\/","menu_order":0,"post_type":"autor","post_mime_type":"","comment_count":"0","filter":"raw"}]},"aioseo_notices":[],"_links":{"self":[{"href":"https:\/\/www.claret.cat\/es\/wp-json\/wp\/v2\/product\/218850","targetHints":{"allow":["GET"]}}],"collection":[{"href":"https:\/\/www.claret.cat\/es\/wp-json\/wp\/v2\/product"}],"about":[{"href":"https:\/\/www.claret.cat\/es\/wp-json\/wp\/v2\/types\/product"}],"wp:featuredmedia":[{"embeddable":true,"href":"https:\/\/www.claret.cat\/es\/wp-json\/wp\/v2\/media\/359370"}],"wp:attachment":[{"href":"https:\/\/www.claret.cat\/es\/wp-json\/wp\/v2\/media?parent=218850"}],"wp:term":[{"taxonomy":"product_brand","embeddable":true,"href":"https:\/\/www.claret.cat\/es\/wp-json\/wp\/v2\/product_brand?post=218850"},{"taxonomy":"product_cat","embeddable":true,"href":"https:\/\/www.claret.cat\/es\/wp-json\/wp\/v2\/product_cat?post=218850"},{"taxonomy":"product_tag","embeddable":true,"href":"https:\/\/www.claret.cat\/es\/wp-json\/wp\/v2\/product_tag?post=218850"}],"curies":[{"name":"wp","href":"https:\/\/api.w.org\/{rel}","templated":true}]}}

PASIÓN, MUERTE Y RESURRECCIÓN

<p>«Con estas páginas pretendo ayudar a una vivencia cristiana del misterio pascual, inspirada en los textos evangélicos de la muerte y resurrección de Cristo, el hombre de la Pasión y de la Resurrección», así se sitúa el autor. Paso a paso, desgrana los textos bíblicos de todos los días de la Semana Santa. Estamos ante una obra de reflexiones bíblicas empapadas de densidad que va más allá de lo devocional o únicamente sentimental. El autor nos refleja no solomente su sabiduría, sino también su fe. Escribe alguien que se ha visto implicado en el hecho de lo que le pasó a Jesucristo aquella semana antes de su pasión y resurrección. La Semana Santa no puede ser únicamente la evocación de la Pasión y Resurrección de Cristo; esto es significativo, pero no es bastante. Debe ser una provocación a renovar la pasión por Jesús y a insertarnos en su resurrección. Implicarnos en ella, no solo como destinatarios, sino como continuadores de la causa por la que Cristo murió y resucitó.</p>

Rústica

Central Catequística Salesiana
