{"id":219060,"date":"2022-10-20T15:03:37","date_gmt":"2022-10-20T13:03:37","guid":{"rendered":"http:\/\/dev.claret.cat\/producte\/regreso-a-twin-peaks\/"},"modified":"2026-04-07T11:26:35","modified_gmt":"2026-04-07T09:26:35","slug":"regreso-a-twin-peaks-9788416544394","status":"publish","type":"product","link":"https:\/\/www.claret.cat\/es\/libro\/regreso-a-twin-peaks-9788416544394\/","title":{"rendered":"REGRESO A TWIN PEAKS"},"content":{"rendered":"<p>David Lynch hizo historia en la televisi\u00f3n de los noventa. &#8216;Twin Peaks&#8217; se convirti\u00f3 en un fen\u00f3meno de masas que mantuvo a los espectadores en vilo durante meses. Ahora, veinticinco a\u00f1os despu\u00e9s del abrupto final de la segunda temporada, se estrena por todo lo alto la tercera en mayo de 2017. En este libro se realiza un recorrido por la m\u00edtica serie concebida por Lynch: filosof\u00eda, terror, naturaleza agreste, enigmas sin resolver, bosques oscuros, mujeres salvajes, habitaciones rojas, enanos, polic\u00edas y asesinos, \u00abfuego camina conmigo\u00bb&#8230; Un volumen que conforma un an\u00e1lisis \u00e1gil y l\u00facido de los principales temas que vertebran la serie, realizado por algunos de los m\u00e1ximos conocedores nacionales e internacionales de la serie.<\/p>\n","protected":false},"excerpt":{"rendered":"<p>DAVID LYNCH<\/p>\n","protected":false},"featured_media":1094928,"template":"","meta":{"_acf_changed":false,"om_disable_all_campaigns":false,"rs_blank_template":"","rs_page_bg_color":"","slide_template_v7":"","inline_featured_image":false,"_monsterinsights_skip_tracking":false,"_monsterinsights_sitenote_active":false,"_monsterinsights_sitenote_note":"","_monsterinsights_sitenote_category":0},"product_brand":[],"product_cat":[82,348],"product_tag":[],"class_list":{"0":"post-219060","1":"product","2":"type-product","3":"status-publish","4":"has-post-thumbnail","6":"product_cat-pedagogia","7":"product_cat-pedagogia-2_humanidades","9":"first","10":"outofstock","11":"taxable","12":"shipping-taxable","13":"purchasable","14":"product-type-simple"},"acf":{"autor":"DAVID LYNCH","codart":"841654439","libros-coleccion":"FUERA DE COLECCI\u00d3N","ediciones":"1","encuadernacion":"R\u00fastica","fecha_de_publicacion":"01\/01\/2017","novedad":"0","paginas":"308","subtitulo":"","orden":"0","portada":"0","idioma":"spa","editorial":[{"ID":148106,"post_author":"3","post_date":"2022-10-14 11:55:41","post_date_gmt":"2022-10-14 09:55:41","post_content":"","post_title":"ERRATA NATURAE EDITORES","post_excerpt":"","post_status":"publish","comment_status":"closed","ping_status":"closed","post_password":"","post_name":"errata-naturae-editores","to_ping":"","pinged":"","post_modified":"2022-10-14 11:55:41","post_modified_gmt":"2022-10-14 09:55:41","post_content_filtered":"","post_parent":0,"guid":"http:\/\/dev.claret.cat\/editorial\/errata-naturae-editores\/","menu_order":0,"post_type":"editorial","post_mime_type":"","comment_count":"0","filter":"raw"}],"booktrailer":"","resenas":"","autores-libros":[{"ID":421744,"post_author":"3","post_date":"2023-05-16 07:04:41","post_date_gmt":"2023-05-16 05:04:41","post_content":"","post_title":"DAVID LYNCH","post_excerpt":"","post_status":"publish","comment_status":"closed","ping_status":"closed","post_password":"","post_name":"david-lynch-2","to_ping":"","pinged":"","post_modified":"2023-05-16 07:04:41","post_modified_gmt":"2023-05-16 05:04:41","post_content_filtered":"","post_parent":0,"guid":"https:\/\/www.claret.cat\/autor\/david-lynch-2\/","menu_order":0,"post_type":"autor","post_mime_type":"","comment_count":"0","filter":"raw"}]},"aioseo_notices":[],"_links":{"self":[{"href":"https:\/\/www.claret.cat\/es\/wp-json\/wp\/v2\/product\/219060","targetHints":{"allow":["GET"]}}],"collection":[{"href":"https:\/\/www.claret.cat\/es\/wp-json\/wp\/v2\/product"}],"about":[{"href":"https:\/\/www.claret.cat\/es\/wp-json\/wp\/v2\/types\/product"}],"wp:featuredmedia":[{"embeddable":true,"href":"https:\/\/www.claret.cat\/es\/wp-json\/wp\/v2\/media\/1094928"}],"wp:attachment":[{"href":"https:\/\/www.claret.cat\/es\/wp-json\/wp\/v2\/media?parent=219060"}],"wp:term":[{"taxonomy":"product_brand","embeddable":true,"href":"https:\/\/www.claret.cat\/es\/wp-json\/wp\/v2\/product_brand?post=219060"},{"taxonomy":"product_cat","embeddable":true,"href":"https:\/\/www.claret.cat\/es\/wp-json\/wp\/v2\/product_cat?post=219060"},{"taxonomy":"product_tag","embeddable":true,"href":"https:\/\/www.claret.cat\/es\/wp-json\/wp\/v2\/product_tag?post=219060"}],"curies":[{"name":"wp","href":"https:\/\/api.w.org\/{rel}","templated":true}]}}

<p>David Lynch hizo historia en la televisión de los noventa. &#8216;Twin Peaks&#8217; se convirtió en un fenómeno de masas que mantuvo a los espectadores en vilo durante meses. Ahora, veinticinco años después del abrupto final de la segunda temporada, se estrena por todo lo alto la tercera en mayo de 2017. En este libro se realiza un recorrido por la mítica serie concebida por Lynch: filosofía, terror, naturaleza agreste, enigmas sin resolver, bosques oscuros, mujeres salvajes, habitaciones rojas, enanos, policías y asesinos, «fuego camina conmigo»&#8230; Un volumen que conforma un análisis ágil y lúcido de los principales temas que vertebran la serie, realizado por algunos de los máximos conocedores nacionales e internacionales de la serie.</p>

FUERA DE COLECCIÓN

Rústica
