{"id":219744,"date":"2022-10-20T15:18:48","date_gmt":"2022-10-20T13:18:48","guid":{"rendered":"http:\/\/dev.claret.cat\/producte\/el-tiempo-todo-locura\/"},"modified":"2023-01-28T21:52:34","modified_gmt":"2023-01-28T20:52:34","slug":"el-tiempo-todo-locura-9788408165200","status":"publish","type":"product","link":"https:\/\/www.claret.cat\/es\/libro\/el-tiempo-todo-locura-9788408165200\/","title":{"rendered":"EL TIEMPO. TODO. LOCURA"},"content":{"rendered":"<p>M\u00f3nica Carrillo presenta su proyecto m\u00e1s personal. Un bello libro con\u00a0una selecci\u00f3n de sus mejores microcuentos y una cuidada edici\u00f3n. El t\u00edtulo\u00a0del libro conforma, a su vez, uno de los microcuentos de M\u00f3nica Carrillo\u00a0m\u00e1s tuiteados en la red:\u00a0El tiempo. Todo. Locura.<\/p>\n","protected":false},"excerpt":{"rendered":"<p>CARRILLO, M\u00d3NICA<\/p>\n","protected":false},"featured_media":219745,"template":"","meta":{"_acf_changed":false,"om_disable_all_campaigns":false,"rs_blank_template":"","rs_page_bg_color":"","slide_template_v7":"","inline_featured_image":false,"_monsterinsights_skip_tracking":false,"_monsterinsights_sitenote_active":false,"_monsterinsights_sitenote_note":"","_monsterinsights_sitenote_category":0},"product_brand":[],"product_cat":[87],"product_tag":[],"class_list":{"0":"post-219744","1":"product","2":"type-product","3":"status-publish","4":"has-post-thumbnail","6":"product_cat-literatura","8":"first","9":"instock","10":"taxable","11":"shipping-taxable","12":"purchasable","13":"product-type-simple"},"acf":{"autor":"CARRILLO, M\u00d3NICA","codart":"840816520","libros-coleccion":"Volumen independiente","ediciones":"1","encuadernacion":"Carton\u00e9","fecha_de_publicacion":"01\/01\/2017","novedad":"1","paginas":"431","subtitulo":"","orden":"0","portada":"0","idioma":"spa","editorial":[{"ID":6233,"post_author":"3","post_date":"2022-07-28 17:47:48","post_date_gmt":"2022-07-28 15:47:48","post_content":"","post_title":"EDITORIAL PLANETA","post_excerpt":"","post_status":"publish","comment_status":"closed","ping_status":"closed","post_password":"","post_name":"editorial-planeta","to_ping":"","pinged":"","post_modified":"2022-07-28 17:47:48","post_modified_gmt":"2022-07-28 15:47:48","post_content_filtered":"","post_parent":0,"guid":"http:\/\/dev.claret.cat\/editorial\/editorial-planeta\/","menu_order":0,"post_type":"editorial","post_mime_type":"","comment_count":"0","filter":"raw"}],"autores-libros":[{"ID":165310,"post_author":"3","post_date":"2022-10-14 17:54:09","post_date_gmt":"2022-10-14 15:54:09","post_content":"","post_title":"M\u00d3NICA CARRILLO","post_excerpt":"","post_status":"publish","comment_status":"closed","ping_status":"closed","post_password":"","post_name":"monica-carrillo","to_ping":"","pinged":"","post_modified":"2022-10-14 17:54:09","post_modified_gmt":"2022-10-14 15:54:09","post_content_filtered":"","post_parent":0,"guid":"http:\/\/dev.claret.cat\/autor\/monica-carrillo\/","menu_order":0,"post_type":"autor","post_mime_type":"","comment_count":"0","filter":"raw"}]},"aioseo_notices":[],"_links":{"self":[{"href":"https:\/\/www.claret.cat\/es\/wp-json\/wp\/v2\/product\/219744","targetHints":{"allow":["GET"]}}],"collection":[{"href":"https:\/\/www.claret.cat\/es\/wp-json\/wp\/v2\/product"}],"about":[{"href":"https:\/\/www.claret.cat\/es\/wp-json\/wp\/v2\/types\/product"}],"wp:featuredmedia":[{"embeddable":true,"href":"https:\/\/www.claret.cat\/es\/wp-json\/wp\/v2\/media\/219745"}],"wp:attachment":[{"href":"https:\/\/www.claret.cat\/es\/wp-json\/wp\/v2\/media?parent=219744"}],"wp:term":[{"taxonomy":"product_brand","embeddable":true,"href":"https:\/\/www.claret.cat\/es\/wp-json\/wp\/v2\/product_brand?post=219744"},{"taxonomy":"product_cat","embeddable":true,"href":"https:\/\/www.claret.cat\/es\/wp-json\/wp\/v2\/product_cat?post=219744"},{"taxonomy":"product_tag","embeddable":true,"href":"https:\/\/www.claret.cat\/es\/wp-json\/wp\/v2\/product_tag?post=219744"}],"curies":[{"name":"wp","href":"https:\/\/api.w.org\/{rel}","templated":true}]}}

<p>Mónica Carrillo presenta su proyecto más personal. Un bello libro con una selección de sus mejores microcuentos y una cuidada edición. El título del libro conforma, a su vez, uno de los microcuentos de Mónica Carrillo más tuiteados en la red: El tiempo. Todo. Locura.</p>

<p>CARRILLO, MÓNICA</p>

CARRILLO, MÓNICA

Cartoné

MÓNICA CARRILLO
