{"id":220341,"date":"2022-10-20T15:33:03","date_gmt":"2022-10-20T13:33:03","guid":{"rendered":"http:\/\/dev.claret.cat\/producte\/el-sentit-de-la-vida\/"},"modified":"2026-01-07T00:21:03","modified_gmt":"2026-01-06T23:21:03","slug":"el-sentit-de-la-vida-9788416154951","status":"publish","type":"product","link":"https:\/\/www.claret.cat\/es\/libro\/el-sentit-de-la-vida-9788416154951\/","title":{"rendered":"EL SENTIT DE LA VIDA"},"content":{"rendered":"<p>Quin sentit t\u00e9 l&#8217;exist\u00e8ncia? Cap a quina direcci\u00f3 va la nostra vida? Per qu\u00e8 ens hem de morir? On estarem despr\u00e9s de la mort? No s\u00f3n q\u00fcestions banals. Potser no podem respondre-les de manera taxativa, per\u00f2 afloren en el nostre esperit quan, de tant en tant, ens aturem. <\/p>\n<p><\/p>\n<p>A <em>El sentit de la vida<\/em>, el prestigi\u00f3s te\u00f2leg i pensador <strong>Francesc Torralba<\/strong> ens omple d\u2019arguments clars i comprensibles per trobar respostes a totes les preguntes que ens apareixen en la nostra incertesa vital.<\/p>\n<p><\/p>\n<p><a href='https:\/\/www.claret.cat\/cataleg\/?b=torralba' rel='noopener noreferrer' target='_blank'><strong>Tots els llibres de Francesc Torralba<\/strong><\/a><\/p>\n","protected":false},"excerpt":{"rendered":"<p>TORRALBA, FRANCESC<\/p>\n","protected":false},"featured_media":1072924,"template":"","meta":{"_acf_changed":false,"om_disable_all_campaigns":false,"rs_blank_template":"","rs_page_bg_color":"","slide_template_v7":"","inline_featured_image":false,"_monsterinsights_skip_tracking":false,"_monsterinsights_sitenote_active":false,"_monsterinsights_sitenote_note":"","_monsterinsights_sitenote_category":0},"product_brand":[],"product_cat":[100,550],"product_tag":[],"class_list":{"0":"post-220341","1":"product","2":"type-product","3":"status-publish","4":"has-post-thumbnail","6":"product_cat-escola-de-pares","7":"product_cat-escuela-de-padres-3_infantil-juvenil-spa-spa","9":"first","10":"outofstock","11":"taxable","12":"shipping-taxable","13":"purchasable","14":"product-type-simple"},"acf":{"autor":"TORRALBA, FRANCESC","codart":"841615495","libros-coleccion":"","ediciones":"1","encuadernacion":"R\u00fastica","fecha_de_publicacion":"01\/01\/2017","novedad":"1","paginas":"128","subtitulo":"","orden":"0","portada":"0","idioma":"spa","editorial":[{"ID":147453,"post_author":"3","post_date":"2022-10-14 11:50:42","post_date_gmt":"2022-10-14 09:50:42","post_content":"","post_title":"ARA LLIBRES","post_excerpt":"","post_status":"publish","comment_status":"closed","ping_status":"closed","post_password":"","post_name":"ara-llibres","to_ping":"","pinged":"","post_modified":"2022-10-14 11:50:42","post_modified_gmt":"2022-10-14 09:50:42","post_content_filtered":"","post_parent":0,"guid":"http:\/\/dev.claret.cat\/editorial\/ara-llibres\/","menu_order":0,"post_type":"editorial","post_mime_type":"","comment_count":"0","filter":"raw"}],"autores-libros":[{"ID":5483,"post_author":"3","post_date":"2022-07-28 17:24:57","post_date_gmt":"2022-07-28 15:24:57","post_content":"","post_title":"FRANCESC TORRALBA","post_excerpt":"","post_status":"publish","comment_status":"closed","ping_status":"closed","post_password":"","post_name":"francesc-torralba","to_ping":"","pinged":"","post_modified":"2022-07-28 17:24:57","post_modified_gmt":"2022-07-28 15:24:57","post_content_filtered":"","post_parent":0,"guid":"http:\/\/dev.claret.cat\/autor\/francesc-torralba\/","menu_order":0,"post_type":"autor","post_mime_type":"","comment_count":"0","filter":"raw"}],"booktrailer":"","resenas":"","linkebook":"","ficha":"","muestra":"","precioebook":"0","presentacion":""},"aioseo_notices":[],"_links":{"self":[{"href":"https:\/\/www.claret.cat\/es\/wp-json\/wp\/v2\/product\/220341","targetHints":{"allow":["GET"]}}],"collection":[{"href":"https:\/\/www.claret.cat\/es\/wp-json\/wp\/v2\/product"}],"about":[{"href":"https:\/\/www.claret.cat\/es\/wp-json\/wp\/v2\/types\/product"}],"wp:featuredmedia":[{"embeddable":true,"href":"https:\/\/www.claret.cat\/es\/wp-json\/wp\/v2\/media\/1072924"}],"wp:attachment":[{"href":"https:\/\/www.claret.cat\/es\/wp-json\/wp\/v2\/media?parent=220341"}],"wp:term":[{"taxonomy":"product_brand","embeddable":true,"href":"https:\/\/www.claret.cat\/es\/wp-json\/wp\/v2\/product_brand?post=220341"},{"taxonomy":"product_cat","embeddable":true,"href":"https:\/\/www.claret.cat\/es\/wp-json\/wp\/v2\/product_cat?post=220341"},{"taxonomy":"product_tag","embeddable":true,"href":"https:\/\/www.claret.cat\/es\/wp-json\/wp\/v2\/product_tag?post=220341"}],"curies":[{"name":"wp","href":"https:\/\/api.w.org\/{rel}","templated":true}]}}

<p>Quin sentit té l&#8217;existència? Cap a quina direcció va la nostra vida? Per què ens hem de morir? On estarem després de la mort? No són qüestions banals. Potser no podem respondre-les de manera taxativa, però afloren en el nostre esperit quan, de tant en tant, ens aturem. </p>
<p></p>
<p>A <em>El sentit de la vida</em>, el prestigiós teòleg i pensador <strong>Francesc Torralba</strong> ens omple d’arguments clars i comprensibles per trobar respostes a totes les preguntes que ens apareixen en la nostra incertesa vital.</p>
<p></p>
<p><a href='https://www.claret.cat/cataleg/?b=torralba' rel='noopener noreferrer' target='_blank'><strong>Tots els llibres de Francesc Torralba</strong></a></p>

Rústica
