{"id":220644,"date":"2022-10-20T15:39:53","date_gmt":"2022-10-20T13:39:53","guid":{"rendered":"http:\/\/dev.claret.cat\/producte\/civilizaciones-bajo-tierra\/"},"modified":"2025-04-17T10:25:30","modified_gmt":"2025-04-17T08:25:30","slug":"civilizaciones-bajo-tierra-9788416694457","status":"publish","type":"product","link":"https:\/\/www.claret.cat\/es\/libro\/civilizaciones-bajo-tierra-9788416694457\/","title":{"rendered":"CIVILIZACIONES BAJO TIERRA"},"content":{"rendered":"<p>Hubo un tiempo en que los dioses conviv\u00edan junto a los hombres. A trav\u00e9s de las p\u00e1ginas de este libro emprenderemos un viaje en primera persona por esos mundos de dioses intraterrenos y celestiales hacia los lugares m\u00e1s enigm\u00e1ticos del planeta, lugares m\u00edticos y ocultos al conocimiento humano, intentando aclarar el c\u00f3mo y el porqu\u00e9 de aquel tiempo en el que la humanidad se ocultaba bajo tierra, y adoraba y tem\u00eda a las deidades que ven\u00edan de mundos superiores. Viajaremos a la Ant\u00e1rtida, \u00c1frica Occidental o la isla de Pascua, entre otros destinos, terminando con una expedici\u00f3n a la cuna de lo desconocido y al primer lugar que visit\u00f3 Neil Armstrong al regresar de la luna, la cueva de Los Tayos, en lo m\u00e1s profundo de la Amazon\u00eda ecuatoriana.<\/p>\n","protected":false},"excerpt":{"rendered":"<p>REVENGA, JUAN JOS\u00c9<\/p>\n","protected":false},"featured_media":1018569,"template":"","meta":{"_acf_changed":false,"om_disable_all_campaigns":false,"rs_blank_template":"","rs_page_bg_color":"","slide_template_v7":"","inline_featured_image":false,"_monsterinsights_skip_tracking":false,"_monsterinsights_sitenote_active":false,"_monsterinsights_sitenote_note":"","_monsterinsights_sitenote_category":0},"product_brand":[],"product_cat":[85,351],"product_tag":[],"class_list":{"0":"post-220644","1":"product","2":"type-product","3":"status-publish","4":"has-post-thumbnail","6":"product_cat-historia","7":"product_cat-historia-2_humanidades","9":"first","10":"outofstock","11":"taxable","12":"shipping-taxable","13":"purchasable","14":"product-type-simple"},"acf":{"autor":"REVENGA, JUAN JOS\u00c9","codart":"841669445","libros-coleccion":"SUSHI BOOKS","ediciones":"1","encuadernacion":"R\u00fastica","fecha_de_publicacion":"01\/01\/2017","novedad":"0","paginas":"332","subtitulo":"UN VIAJE A LOS LUGARES M\u00c1S MISTERIOSOS Y OCULTOS DEL PLANETA","orden":"0","portada":"0","idioma":"spa","editorial":[{"ID":148472,"post_author":"3","post_date":"2022-10-14 11:58:30","post_date_gmt":"2022-10-14 09:58:30","post_content":"","post_title":"Luci\u00e9rnaga","post_excerpt":"","post_status":"publish","comment_status":"closed","ping_status":"closed","post_password":"","post_name":"luciernaga","to_ping":"","pinged":"","post_modified":"2022-10-14 11:58:30","post_modified_gmt":"2022-10-14 09:58:30","post_content_filtered":"","post_parent":0,"guid":"http:\/\/dev.claret.cat\/editorial\/luciernaga\/","menu_order":0,"post_type":"editorial","post_mime_type":"","comment_count":"0","filter":"raw"}],"booktrailer":"","resenas":"","autores-libros":[{"ID":424842,"post_author":"3","post_date":"2023-05-16 08:09:08","post_date_gmt":"2023-05-16 06:09:08","post_content":"","post_title":"JUAN JOS\u00c9 REVENGA","post_excerpt":"","post_status":"publish","comment_status":"closed","ping_status":"closed","post_password":"","post_name":"juan-jose-revenga","to_ping":"","pinged":"","post_modified":"2023-05-16 08:09:08","post_modified_gmt":"2023-05-16 06:09:08","post_content_filtered":"","post_parent":0,"guid":"https:\/\/www.claret.cat\/autor\/juan-jose-revenga\/","menu_order":0,"post_type":"autor","post_mime_type":"","comment_count":"0","filter":"raw"}]},"aioseo_notices":[],"_links":{"self":[{"href":"https:\/\/www.claret.cat\/es\/wp-json\/wp\/v2\/product\/220644","targetHints":{"allow":["GET"]}}],"collection":[{"href":"https:\/\/www.claret.cat\/es\/wp-json\/wp\/v2\/product"}],"about":[{"href":"https:\/\/www.claret.cat\/es\/wp-json\/wp\/v2\/types\/product"}],"wp:featuredmedia":[{"embeddable":true,"href":"https:\/\/www.claret.cat\/es\/wp-json\/wp\/v2\/media\/1018569"}],"wp:attachment":[{"href":"https:\/\/www.claret.cat\/es\/wp-json\/wp\/v2\/media?parent=220644"}],"wp:term":[{"taxonomy":"product_brand","embeddable":true,"href":"https:\/\/www.claret.cat\/es\/wp-json\/wp\/v2\/product_brand?post=220644"},{"taxonomy":"product_cat","embeddable":true,"href":"https:\/\/www.claret.cat\/es\/wp-json\/wp\/v2\/product_cat?post=220644"},{"taxonomy":"product_tag","embeddable":true,"href":"https:\/\/www.claret.cat\/es\/wp-json\/wp\/v2\/product_tag?post=220644"}],"curies":[{"name":"wp","href":"https:\/\/api.w.org\/{rel}","templated":true}]}}

<p>Hubo un tiempo en que los dioses convivían junto a los hombres. A través de las páginas de este libro emprenderemos un viaje en primera persona por esos mundos de dioses intraterrenos y celestiales hacia los lugares más enigmáticos del planeta, lugares míticos y ocultos al conocimiento humano, intentando aclarar el cómo y el porqué de aquel tiempo en el que la humanidad se ocultaba bajo tierra, y adoraba y temía a las deidades que venían de mundos superiores. Viajaremos a la Antártida, África Occidental o la isla de Pascua, entre otros destinos, terminando con una expedición a la cuna de lo desconocido y al primer lugar que visitó Neil Armstrong al regresar de la luna, la cueva de Los Tayos, en lo más profundo de la Amazonía ecuatoriana.</p>

<p>REVENGA, JUAN JOSÉ</p>

REVENGA, JUAN JOSÉ

Rústica

UN VIAJE A LOS LUGARES MÁS MISTERIOSOS Y OCULTOS DEL PLANETA

Luciérnaga

JUAN JOSÉ REVENGA
