{"id":222519,"date":"2022-10-20T16:23:09","date_gmt":"2022-10-20T14:23:09","guid":{"rendered":"http:\/\/dev.claret.cat\/producte\/laventura-de-la-vida\/"},"modified":"2025-01-31T20:12:28","modified_gmt":"2025-01-31T19:12:28","slug":"laventura-de-la-vida-9788424656874","status":"publish","type":"product","link":"https:\/\/www.claret.cat\/es\/libro\/laventura-de-la-vida-9788424656874\/","title":{"rendered":"L&#8217;AVENTURA DE LA VIDA"},"content":{"rendered":"<p>L&#8217;Eudald Carbonell fa un viatge meravell\u00f3s a bord del vaixell del cient\u00edfic Charles Darwin. En aquest trajecte, tots dos viuran aventures que ajudaran a explicar perqu\u00e8 la humanitat ha arribat a ser on \u00e9s, i quins perills i fets han marcat l&#8217;evoluci\u00f3 de la nostra esp\u00e8cie: des del descobriment del foc fins a l&#8217;enginyeria gen\u00e8tica. Amb moltes an\u00e8cdotes i curiositat.<\/p>\n","protected":false},"excerpt":{"rendered":"<p>CARBONELL, EUDALD<\/p>\n","protected":false},"featured_media":222520,"template":"","meta":{"_acf_changed":false,"om_disable_all_campaigns":false,"rs_blank_template":"","rs_page_bg_color":"","slide_template_v7":"","inline_featured_image":false,"_monsterinsights_skip_tracking":false,"_monsterinsights_sitenote_active":false,"_monsterinsights_sitenote_note":"","_monsterinsights_sitenote_category":0},"product_brand":[],"product_cat":[86,352],"product_tag":[],"class_list":{"0":"post-222519","1":"product","2":"type-product","3":"status-publish","4":"has-post-thumbnail","6":"product_cat-infantil","7":"product_cat-infantil-3_infantil-juvenil-spa","9":"first","10":"outofstock","11":"taxable","12":"shipping-taxable","13":"purchasable","14":"product-type-simple"},"acf":{"autor":"CARBONELL, EUDALD","codart":"842465687","libros-coleccion":"\u00c0lbums Il\u00b7lustrats","ediciones":"1","encuadernacion":"Carton\u00e9","fecha_de_publicacion":"01\/11\/2016","novedad":"0","paginas":"95","subtitulo":"LA HIST\u00d2RIA DE L'EVOLUCI\u00d3 HUMANA","orden":"0","portada":"0","idioma":"cat","editorial":[{"ID":262224,"post_author":"3","post_date":"2022-10-24 11:21:33","post_date_gmt":"2022-10-24 09:21:33","post_content":"","post_title":"La Galera, SAU","post_excerpt":"","post_status":"publish","comment_status":"closed","ping_status":"closed","post_password":"","post_name":"la-galera-sau","to_ping":"","pinged":"","post_modified":"2022-10-24 11:21:33","post_modified_gmt":"2022-10-24 09:21:33","post_content_filtered":"","post_parent":0,"guid":"http:\/\/dev.claret.cat\/editorial\/la-galera-sau\/","menu_order":0,"post_type":"editorial","post_mime_type":"","comment_count":"0","filter":"raw"}],"autores-libros":[{"ID":325905,"post_author":"3","post_date":"2023-01-05 10:34:32","post_date_gmt":"2023-01-05 09:34:32","post_content":"","post_title":"EUDALD CARBONELL","post_excerpt":"","post_status":"publish","comment_status":"closed","ping_status":"closed","post_password":"","post_name":"eudald-carbonell","to_ping":"","pinged":"","post_modified":"2023-01-05 10:34:32","post_modified_gmt":"2023-01-05 09:34:32","post_content_filtered":"","post_parent":0,"guid":"https:\/\/www.claret.cat\/autor\/eudald-carbonell\/","menu_order":0,"post_type":"autor","post_mime_type":"","comment_count":"0","filter":"raw"}]},"aioseo_notices":[],"_links":{"self":[{"href":"https:\/\/www.claret.cat\/es\/wp-json\/wp\/v2\/product\/222519","targetHints":{"allow":["GET"]}}],"collection":[{"href":"https:\/\/www.claret.cat\/es\/wp-json\/wp\/v2\/product"}],"about":[{"href":"https:\/\/www.claret.cat\/es\/wp-json\/wp\/v2\/types\/product"}],"wp:featuredmedia":[{"embeddable":true,"href":"https:\/\/www.claret.cat\/es\/wp-json\/wp\/v2\/media\/222520"}],"wp:attachment":[{"href":"https:\/\/www.claret.cat\/es\/wp-json\/wp\/v2\/media?parent=222519"}],"wp:term":[{"taxonomy":"product_brand","embeddable":true,"href":"https:\/\/www.claret.cat\/es\/wp-json\/wp\/v2\/product_brand?post=222519"},{"taxonomy":"product_cat","embeddable":true,"href":"https:\/\/www.claret.cat\/es\/wp-json\/wp\/v2\/product_cat?post=222519"},{"taxonomy":"product_tag","embeddable":true,"href":"https:\/\/www.claret.cat\/es\/wp-json\/wp\/v2\/product_tag?post=222519"}],"curies":[{"name":"wp","href":"https:\/\/api.w.org\/{rel}","templated":true}]}}

<p>L&#8217;Eudald Carbonell fa un viatge meravellós a bord del vaixell del científic Charles Darwin. En aquest trajecte, tots dos viuran aventures que ajudaran a explicar perquè la humanitat ha arribat a ser on és, i quins perills i fets han marcat l&#8217;evolució de la nostra espècie: des del descobriment del foc fins a l&#8217;enginyeria genètica. Amb moltes anècdotes i curiositat.</p>

Àlbums Il·lustrats

Cartoné

LA HISTÒRIA DE L'EVOLUCIÓ HUMANA
