{"id":222522,"date":"2022-10-20T16:23:13","date_gmt":"2022-10-20T14:23:13","guid":{"rendered":"http:\/\/dev.claret.cat\/producte\/la-aventura-de-la-vida\/"},"modified":"2025-01-31T20:12:47","modified_gmt":"2025-01-31T19:12:47","slug":"la-aventura-de-la-vida-9788424656881","status":"publish","type":"product","link":"https:\/\/www.claret.cat\/es\/libro\/la-aventura-de-la-vida-9788424656881\/","title":{"rendered":"LA AVENTURA DE LA VIDA"},"content":{"rendered":"<p>Eudald Carbonell hace un viaje maravilloso a bordo del &lt;i&gt;Beagle&lt;\/i&gt;, el barco del cient\u00edfico Charles Darwin. En este trayecto los dos vivir\u00e1n aventuras que ayudar\u00e1n a explicar por qu\u00e9 la humanidad ha llegado a ser lo que es y qu\u00e9 peligros y hechos han marcado la evoluci\u00f3n de nuestra especie: desde el descubrimiento del fuego hasta la ingenier\u00eda gen\u00e9tica. Un magn\u00edfico paseo por la historia de la evoluci\u00f3n, con an\u00e9cdotas.<\/p>\n","protected":false},"excerpt":{"rendered":"<p>CARBONELL, EUDALD<\/p>\n","protected":false},"featured_media":222523,"template":"","meta":{"_acf_changed":false,"om_disable_all_campaigns":false,"rs_blank_template":"","rs_page_bg_color":"","slide_template_v7":"","inline_featured_image":false,"_monsterinsights_skip_tracking":false,"_monsterinsights_sitenote_active":false,"_monsterinsights_sitenote_note":"","_monsterinsights_sitenote_category":0},"product_brand":[],"product_cat":[86,352],"product_tag":[],"class_list":{"0":"post-222522","1":"product","2":"type-product","3":"status-publish","4":"has-post-thumbnail","6":"product_cat-infantil","7":"product_cat-infantil-3_infantil-juvenil-spa","9":"first","10":"outofstock","11":"taxable","12":"shipping-taxable","13":"purchasable","14":"product-type-simple"},"acf":{"autor":"CARBONELL, EUDALD","codart":"842465688","libros-coleccion":"\u00c1lbumes ilustrados","ediciones":"1","encuadernacion":"Carton\u00e9","fecha_de_publicacion":"01\/11\/2016","novedad":"1","paginas":"95","subtitulo":"LA HISTORIA DE LA EVOLUCI\u00d3N HUMANA","orden":"0","portada":"0","idioma":"cat","editorial":[{"ID":262224,"post_author":"3","post_date":"2022-10-24 11:21:33","post_date_gmt":"2022-10-24 09:21:33","post_content":"","post_title":"La Galera, SAU","post_excerpt":"","post_status":"publish","comment_status":"closed","ping_status":"closed","post_password":"","post_name":"la-galera-sau","to_ping":"","pinged":"","post_modified":"2022-10-24 11:21:33","post_modified_gmt":"2022-10-24 09:21:33","post_content_filtered":"","post_parent":0,"guid":"http:\/\/dev.claret.cat\/editorial\/la-galera-sau\/","menu_order":0,"post_type":"editorial","post_mime_type":"","comment_count":"0","filter":"raw"}],"autores-libros":[{"ID":325905,"post_author":"3","post_date":"2023-01-05 10:34:32","post_date_gmt":"2023-01-05 09:34:32","post_content":"","post_title":"EUDALD CARBONELL","post_excerpt":"","post_status":"publish","comment_status":"closed","ping_status":"closed","post_password":"","post_name":"eudald-carbonell","to_ping":"","pinged":"","post_modified":"2023-01-05 10:34:32","post_modified_gmt":"2023-01-05 09:34:32","post_content_filtered":"","post_parent":0,"guid":"https:\/\/www.claret.cat\/autor\/eudald-carbonell\/","menu_order":0,"post_type":"autor","post_mime_type":"","comment_count":"0","filter":"raw"}]},"aioseo_notices":[],"_links":{"self":[{"href":"https:\/\/www.claret.cat\/es\/wp-json\/wp\/v2\/product\/222522","targetHints":{"allow":["GET"]}}],"collection":[{"href":"https:\/\/www.claret.cat\/es\/wp-json\/wp\/v2\/product"}],"about":[{"href":"https:\/\/www.claret.cat\/es\/wp-json\/wp\/v2\/types\/product"}],"wp:featuredmedia":[{"embeddable":true,"href":"https:\/\/www.claret.cat\/es\/wp-json\/wp\/v2\/media\/222523"}],"wp:attachment":[{"href":"https:\/\/www.claret.cat\/es\/wp-json\/wp\/v2\/media?parent=222522"}],"wp:term":[{"taxonomy":"product_brand","embeddable":true,"href":"https:\/\/www.claret.cat\/es\/wp-json\/wp\/v2\/product_brand?post=222522"},{"taxonomy":"product_cat","embeddable":true,"href":"https:\/\/www.claret.cat\/es\/wp-json\/wp\/v2\/product_cat?post=222522"},{"taxonomy":"product_tag","embeddable":true,"href":"https:\/\/www.claret.cat\/es\/wp-json\/wp\/v2\/product_tag?post=222522"}],"curies":[{"name":"wp","href":"https:\/\/api.w.org\/{rel}","templated":true}]}}

<p>Eudald Carbonell hace un viaje maravilloso a bordo del &lt;i&gt;Beagle&lt;/i&gt;, el barco del científico Charles Darwin. En este trayecto los dos vivirán aventuras que ayudarán a explicar por qué la humanidad ha llegado a ser lo que es y qué peligros y hechos han marcado la evolución de nuestra especie: desde el descubrimiento del fuego hasta la ingeniería genética. Un magnífico paseo por la historia de la evolución, con anécdotas.</p>

Álbumes ilustrados

Cartoné

LA HISTORIA DE LA EVOLUCIÓN HUMANA
