{"id":224423,"date":"2022-10-20T17:04:10","date_gmt":"2022-10-20T15:04:10","guid":{"rendered":"http:\/\/dev.claret.cat\/producte\/liturgia-de-les-hores-obra-completa\/"},"modified":"2026-01-09T12:35:21","modified_gmt":"2026-01-09T11:35:21","slug":"liturgia-de-les-hores-obra-completa-9788498059311","status":"publish","type":"product","link":"https:\/\/www.claret.cat\/es\/libro\/liturgia-de-les-hores-obra-completa-9788498059311\/","title":{"rendered":"LIT\u00daRGIA DE LES HORES. OBRA COMPLETA"},"content":{"rendered":"<p>L&#8217;ofici div\u00ed. Edici\u00f3 habitual de la Confer\u00e8ncia Episcopal Tarraconenese per a les Esgl\u00e8sies en qu\u00e8 es parla catal\u00e0. Obra oferida en quatre volums, cada un dels quals inclou les celebracions d&#8217;una part de l&#8217;any lit\u00fargic \u00abPosant ara de nou la Lit\u00fargia de les Hores a l\u2019abast de tothom, revisada laboriosament i augmentada amb la versi\u00f3 de tots els himnes, els Bisbes de Catalunya desitgem que sigui la font de l\u2019espiritualitat de tots els membres del Poble de D\u00e9u\u00bb. Joan-Enric Vives, Arquebisbe-bisbe d\u2019Urgell i President de la Comissi\u00f3 Interdiocesana de Lit\u00fargia de la Confer\u00e8ncia Episcopal Tarraconense<\/p>\n","protected":false},"excerpt":{"rendered":"<p>CPL<\/p>\n","protected":false},"featured_media":373440,"template":"","meta":{"_acf_changed":false,"om_disable_all_campaigns":false,"rs_blank_template":"","rs_page_bg_color":"","slide_template_v7":"","inline_featured_image":false,"_monsterinsights_skip_tracking":false,"_monsterinsights_sitenote_active":false,"_monsterinsights_sitenote_note":"","_monsterinsights_sitenote_category":0},"product_brand":[],"product_cat":[80,346],"product_tag":[],"class_list":{"0":"post-224423","1":"product","2":"type-product","3":"status-publish","4":"has-post-thumbnail","6":"product_cat-liturgia","7":"product_cat-libros-liturgia","9":"first","10":"instock","11":"taxable","12":"shipping-taxable","13":"purchasable","14":"product-type-simple"},"acf":{"autor":"CPL","codart":"849805931","libros-coleccion":"","ediciones":"1","encuadernacion":"Carton\u00e9","fecha_de_publicacion":"19\/10\/2016","novedad":"0","paginas":"4500","subtitulo":"","orden":"0","portada":"0","idioma":"cat","editorial":[{"ID":6172,"post_author":"3","post_date":"2022-07-28 17:46:27","post_date_gmt":"2022-07-28 15:46:27","post_content":"","post_title":"CPL","post_excerpt":"","post_status":"publish","comment_status":"closed","ping_status":"closed","post_password":"","post_name":"cpl","to_ping":"","pinged":"","post_modified":"2022-07-28 17:46:27","post_modified_gmt":"2022-07-28 15:46:27","post_content_filtered":"","post_parent":0,"guid":"http:\/\/dev.claret.cat\/editorial\/cpl\/","menu_order":0,"post_type":"editorial","post_mime_type":"","comment_count":"0","filter":"raw"}],"autores-libros":[{"ID":5367,"post_author":"3","post_date":"2022-07-28 17:22:27","post_date_gmt":"2022-07-28 15:22:27","post_content":"","post_title":"CPL","post_excerpt":"","post_status":"publish","comment_status":"closed","ping_status":"closed","post_password":"","post_name":"cpl","to_ping":"","pinged":"","post_modified":"2022-07-28 17:22:27","post_modified_gmt":"2022-07-28 15:22:27","post_content_filtered":"","post_parent":0,"guid":"http:\/\/dev.claret.cat\/autor\/cpl\/","menu_order":0,"post_type":"autor","post_mime_type":"","comment_count":"0","filter":"raw"}],"booktrailer":"","resenas":""},"aioseo_notices":[],"_links":{"self":[{"href":"https:\/\/www.claret.cat\/es\/wp-json\/wp\/v2\/product\/224423","targetHints":{"allow":["GET"]}}],"collection":[{"href":"https:\/\/www.claret.cat\/es\/wp-json\/wp\/v2\/product"}],"about":[{"href":"https:\/\/www.claret.cat\/es\/wp-json\/wp\/v2\/types\/product"}],"wp:featuredmedia":[{"embeddable":true,"href":"https:\/\/www.claret.cat\/es\/wp-json\/wp\/v2\/media\/373440"}],"wp:attachment":[{"href":"https:\/\/www.claret.cat\/es\/wp-json\/wp\/v2\/media?parent=224423"}],"wp:term":[{"taxonomy":"product_brand","embeddable":true,"href":"https:\/\/www.claret.cat\/es\/wp-json\/wp\/v2\/product_brand?post=224423"},{"taxonomy":"product_cat","embeddable":true,"href":"https:\/\/www.claret.cat\/es\/wp-json\/wp\/v2\/product_cat?post=224423"},{"taxonomy":"product_tag","embeddable":true,"href":"https:\/\/www.claret.cat\/es\/wp-json\/wp\/v2\/product_tag?post=224423"}],"curies":[{"name":"wp","href":"https:\/\/api.w.org\/{rel}","templated":true}]}}

LITÚRGIA DE LES HORES. OBRA COMPLETA

<p>L&#8217;ofici diví. Edició habitual de la Conferència Episcopal Tarraconenese per a les Esglèsies en què es parla català. Obra oferida en quatre volums, cada un dels quals inclou les celebracions d&#8217;una part de l&#8217;any litúrgic «Posant ara de nou la Litúrgia de les Hores a l’abast de tothom, revisada laboriosament i augmentada amb la versió de tots els himnes, els Bisbes de Catalunya desitgem que sigui la font de l’espiritualitat de tots els membres del Poble de Déu». Joan-Enric Vives, Arquebisbe-bisbe d’Urgell i President de la Comissió Interdiocesana de Litúrgia de la Conferència Episcopal Tarraconense</p>

Cartoné
