{"id":226384,"date":"2022-10-20T17:48:13","date_gmt":"2022-10-20T15:48:13","guid":{"rendered":"http:\/\/dev.claret.cat\/producte\/res-no-soposa-a-la-nit\/"},"modified":"2024-01-31T18:00:36","modified_gmt":"2024-01-31T17:00:36","slug":"res-no-soposa-a-la-nit-9788499307114","status":"publish","type":"product","link":"https:\/\/www.claret.cat\/es\/libro\/res-no-soposa-a-la-nit-9788499307114\/","title":{"rendered":"RES NO S&#8221;OPOSA A LA NIT"},"content":{"rendered":"<p>Un mat\u00ed d&#8221;hivern, Delphine de Vigan va entrar a l&#8221;apartament de la seva mare, Lucile, i se la va trobar morta estirada al llit. Arran d&#8221;aquesta mort sobtada en circumst\u00e0ncies poc clares, l&#8221;escriptora va decidir emprendre una recerca detectivesca per mirar de reconstruir el trencaclosques que havia estat la vida de Lucile Poirier. Una dona fascinant, d&#8221;una bellesa terriblement dol\u00e7a i salvatge, seductora i boh\u00e8mia, per\u00f2 amb l&#8221;\u00e0nima marcada per un dolor profund i misteri\u00f3s.<\/p>\n","protected":false},"excerpt":{"rendered":"<p>DE VIGAN, DELPHINE<\/p>\n","protected":false},"featured_media":226385,"template":"","meta":{"_acf_changed":false,"om_disable_all_campaigns":false,"rs_blank_template":"","rs_page_bg_color":"","slide_template_v7":"","inline_featured_image":false,"_monsterinsights_skip_tracking":false,"_monsterinsights_sitenote_active":false,"_monsterinsights_sitenote_note":"","_monsterinsights_sitenote_category":0},"product_brand":[],"product_cat":[87,353],"product_tag":[],"class_list":{"0":"post-226384","1":"product","2":"type-product","3":"status-publish","4":"has-post-thumbnail","6":"product_cat-literatura","7":"product_cat-literatura-2_humanidades","9":"first","10":"instock","11":"taxable","12":"shipping-taxable","13":"purchasable","14":"product-type-simple"},"acf":{"autor":"DE VIGAN, DELPHINE","codart":"849930711","libros-coleccion":"","ediciones":"1","encuadernacion":"R\u00fastica","fecha_de_publicacion":"01\/10\/2016","novedad":"0","paginas":"375","subtitulo":"","orden":"999","portada":"0","idioma":"cat","editorial":[{"ID":6281,"post_author":"3","post_date":"2022-07-28 17:48:50","post_date_gmt":"2022-07-28 15:48:50","post_content":"","post_title":"LABUTXACA","post_excerpt":"","post_status":"publish","comment_status":"closed","ping_status":"closed","post_password":"","post_name":"labutxaca","to_ping":"","pinged":"","post_modified":"2022-07-28 17:48:50","post_modified_gmt":"2022-07-28 15:48:50","post_content_filtered":"","post_parent":0,"guid":"http:\/\/dev.claret.cat\/editorial\/labutxaca\/","menu_order":0,"post_type":"editorial","post_mime_type":"","comment_count":"0","filter":"raw"}],"autores-libros":[{"ID":154060,"post_author":"3","post_date":"2022-10-14 15:01:46","post_date_gmt":"2022-10-14 13:01:46","post_content":"","post_title":"DELPHINE DE VIGAN","post_excerpt":"","post_status":"publish","comment_status":"closed","ping_status":"closed","post_password":"","post_name":"delphine-de-vigan","to_ping":"","pinged":"","post_modified":"2022-10-14 15:01:46","post_modified_gmt":"2022-10-14 13:01:46","post_content_filtered":"","post_parent":0,"guid":"http:\/\/dev.claret.cat\/autor\/delphine-de-vigan\/","menu_order":0,"post_type":"autor","post_mime_type":"","comment_count":"0","filter":"raw"}]},"aioseo_notices":[],"_links":{"self":[{"href":"https:\/\/www.claret.cat\/es\/wp-json\/wp\/v2\/product\/226384","targetHints":{"allow":["GET"]}}],"collection":[{"href":"https:\/\/www.claret.cat\/es\/wp-json\/wp\/v2\/product"}],"about":[{"href":"https:\/\/www.claret.cat\/es\/wp-json\/wp\/v2\/types\/product"}],"wp:featuredmedia":[{"embeddable":true,"href":"https:\/\/www.claret.cat\/es\/wp-json\/wp\/v2\/media\/226385"}],"wp:attachment":[{"href":"https:\/\/www.claret.cat\/es\/wp-json\/wp\/v2\/media?parent=226384"}],"wp:term":[{"taxonomy":"product_brand","embeddable":true,"href":"https:\/\/www.claret.cat\/es\/wp-json\/wp\/v2\/product_brand?post=226384"},{"taxonomy":"product_cat","embeddable":true,"href":"https:\/\/www.claret.cat\/es\/wp-json\/wp\/v2\/product_cat?post=226384"},{"taxonomy":"product_tag","embeddable":true,"href":"https:\/\/www.claret.cat\/es\/wp-json\/wp\/v2\/product_tag?post=226384"}],"curies":[{"name":"wp","href":"https:\/\/api.w.org\/{rel}","templated":true}]}}

<p>Un matí d&#8221;hivern, Delphine de Vigan va entrar a l&#8221;apartament de la seva mare, Lucile, i se la va trobar morta estirada al llit. Arran d&#8221;aquesta mort sobtada en circumstàncies poc clares, l&#8221;escriptora va decidir emprendre una recerca detectivesca per mirar de reconstruir el trencaclosques que havia estat la vida de Lucile Poirier. Una dona fascinant, d&#8221;una bellesa terriblement dolça i salvatge, seductora i bohèmia, però amb l&#8221;ànima marcada per un dolor profund i misteriós.</p>

Rústica
