{"id":226783,"date":"2022-10-20T17:57:28","date_gmt":"2022-10-20T15:57:28","guid":{"rendered":"http:\/\/dev.claret.cat\/producte\/de-rodillas-monzon\/"},"modified":"2023-01-28T12:03:02","modified_gmt":"2023-01-28T11:03:02","slug":"de-rodillas-monzon-9788408154921","status":"publish","type":"product","link":"https:\/\/www.claret.cat\/es\/libro\/de-rodillas-monzon-9788408154921\/","title":{"rendered":"\u00a1DE RODILLAS, MONZ\u00d3N!"},"content":{"rendered":"<p>\u00abMi educaci\u00f3n sentimental, la del chico de la Prospe, est\u00e1 marcada por\u00a0Jimi Hendrix: americano, \u00e1crata, alucinado y negro. Pa que veas\u00bb.<br \/>Vuelve el Gran Wyoming a las librer\u00edas por la puerta grande. Hijo de\u00a0los cincuenta, ni\u00f1o de los sesenta, contestatario y hippy en los setenta,\u00a0el artista y original\u00edsimo personaje conocido como Gran Wyoming tuvo\u00a0una infancia que hoy considerar\u00edamos asilvestrada. Los chicos de entonces\u00a0se pasaban la vida a la intemperie, en la calle o en el prado, m\u00e1s que\u00a0nada porque en casa molestaban. El peque\u00f1o Monz\u00f3n fue abriendo los\u00a0ojos a la vida en un reseco pueblo manchego y en el barrio madrile\u00f1o de<br \/>Prosperidad, por entonces una especie de reino o rep\u00fablica independiente\u00a0del lejano centro de la capital.<br \/>Este libro nos recuerda con extraordinaria viveza y mucha pasi\u00f3n\u00a0c\u00f3mo era la vida en la larga recta final del franquismo. Una evocaci\u00f3n a\u00a0ratos cruda, a ratos desternillante, donde el autor no esquiva nada, ni siquiera\u00a0los defectos que, ya de peque\u00f1o, le adornaban a \u00e9l mismo.\u00a0Un desenfadado fresco de la Espa\u00f1a de entonces; cuando la gente\u00a0se santiguaba al pisar la calle, cuando en comisar\u00eda, en el cuartelillo o en<br \/>la parroquia te daban certificados de buena conducta, cuando de sol a\u00a0sol los campesinos se dejaban la vida en los secanos y los ni\u00f1os, llenos\u00a0de costras y magulladuras, hac\u00edan lo que les daba la gana hasta que volv\u00edan\u00a0a casa, incluso cochinadas que el peque\u00f1o Monz\u00f3n no entend\u00eda:<br \/>\u00abYo ven\u00eda de un sitio donde la picha no se ense\u00f1aba\u00bb. Del s\u00f3rdido colegio\u00a0de p\u00e1rvulos a la libertad del Ramiro, la reca\u00edda en los Agustinos. El\u00a0Opus, la OJE, la Facultad de Medicina y el antifranquismo. Y, m\u00e1s tarde,\u00a0el extranjero: \u00c1msterdam, Irlanda, Londres. Ciudades en las que el sexo\u00a0y la m\u00fasica eran casi una religi\u00f3n.<\/p>\n","protected":false},"excerpt":{"rendered":"<p>EL GRAN WYOMING<\/p>\n","protected":false},"featured_media":226784,"template":"","meta":{"_acf_changed":false,"om_disable_all_campaigns":false,"rs_blank_template":"","rs_page_bg_color":"","slide_template_v7":"","inline_featured_image":false,"_monsterinsights_skip_tracking":false,"_monsterinsights_sitenote_active":false,"_monsterinsights_sitenote_note":"","_monsterinsights_sitenote_category":0},"product_brand":[],"product_cat":[99],"product_tag":[],"class_list":{"0":"post-226783","1":"product","2":"type-product","3":"status-publish","4":"has-post-thumbnail","6":"product_cat-biografies","8":"first","9":"instock","10":"taxable","11":"shipping-taxable","12":"purchasable","13":"product-type-simple"},"acf":{"autor":"EL GRAN WYOMING","codart":"840815492","libros-coleccion":"","ediciones":"1","encuadernacion":"R\u00fastica","fecha_de_publicacion":"01\/10\/2016","novedad":"0","paginas":"349","subtitulo":"","orden":"999","portada":"0","idioma":"spa","editorial":[{"ID":6233,"post_author":"3","post_date":"2022-07-28 17:47:48","post_date_gmt":"2022-07-28 15:47:48","post_content":"","post_title":"EDITORIAL PLANETA","post_excerpt":"","post_status":"publish","comment_status":"closed","ping_status":"closed","post_password":"","post_name":"editorial-planeta","to_ping":"","pinged":"","post_modified":"2022-07-28 17:47:48","post_modified_gmt":"2022-07-28 15:47:48","post_content_filtered":"","post_parent":0,"guid":"http:\/\/dev.claret.cat\/editorial\/editorial-planeta\/","menu_order":0,"post_type":"editorial","post_mime_type":"","comment_count":"0","filter":"raw"}],"autores-libros":[{"ID":154676,"post_author":"3","post_date":"2022-10-14 15:06:43","post_date_gmt":"2022-10-14 13:06:43","post_content":"","post_title":"EL GRAN WYOMING","post_excerpt":"","post_status":"publish","comment_status":"closed","ping_status":"closed","post_password":"","post_name":"el-gran-wyoming","to_ping":"","pinged":"","post_modified":"2022-10-14 15:06:43","post_modified_gmt":"2022-10-14 13:06:43","post_content_filtered":"","post_parent":0,"guid":"http:\/\/dev.claret.cat\/autor\/el-gran-wyoming\/","menu_order":0,"post_type":"autor","post_mime_type":"","comment_count":"0","filter":"raw"}]},"aioseo_notices":[],"_links":{"self":[{"href":"https:\/\/www.claret.cat\/es\/wp-json\/wp\/v2\/product\/226783","targetHints":{"allow":["GET"]}}],"collection":[{"href":"https:\/\/www.claret.cat\/es\/wp-json\/wp\/v2\/product"}],"about":[{"href":"https:\/\/www.claret.cat\/es\/wp-json\/wp\/v2\/types\/product"}],"wp:featuredmedia":[{"embeddable":true,"href":"https:\/\/www.claret.cat\/es\/wp-json\/wp\/v2\/media\/226784"}],"wp:attachment":[{"href":"https:\/\/www.claret.cat\/es\/wp-json\/wp\/v2\/media?parent=226783"}],"wp:term":[{"taxonomy":"product_brand","embeddable":true,"href":"https:\/\/www.claret.cat\/es\/wp-json\/wp\/v2\/product_brand?post=226783"},{"taxonomy":"product_cat","embeddable":true,"href":"https:\/\/www.claret.cat\/es\/wp-json\/wp\/v2\/product_cat?post=226783"},{"taxonomy":"product_tag","embeddable":true,"href":"https:\/\/www.claret.cat\/es\/wp-json\/wp\/v2\/product_tag?post=226783"}],"curies":[{"name":"wp","href":"https:\/\/api.w.org\/{rel}","templated":true}]}}

¡DE RODILLAS, MONZÓN!

<p>«Mi educación sentimental, la del chico de la Prospe, está marcada por Jimi Hendrix: americano, ácrata, alucinado y negro. Pa que veas».<br />Vuelve el Gran Wyoming a las librerías por la puerta grande. Hijo de los cincuenta, niño de los sesenta, contestatario y hippy en los setenta, el artista y originalísimo personaje conocido como Gran Wyoming tuvo una infancia que hoy consideraríamos asilvestrada. Los chicos de entonces se pasaban la vida a la intemperie, en la calle o en el prado, más que nada porque en casa molestaban. El pequeño Monzón fue abriendo los ojos a la vida en un reseco pueblo manchego y en el barrio madrileño de<br />Prosperidad, por entonces una especie de reino o república independiente del lejano centro de la capital.<br />Este libro nos recuerda con extraordinaria viveza y mucha pasión cómo era la vida en la larga recta final del franquismo. Una evocación a ratos cruda, a ratos desternillante, donde el autor no esquiva nada, ni siquiera los defectos que, ya de pequeño, le adornaban a él mismo. Un desenfadado fresco de la España de entonces; cuando la gente se santiguaba al pisar la calle, cuando en comisaría, en el cuartelillo o en<br />la parroquia te daban certificados de buena conducta, cuando de sol a sol los campesinos se dejaban la vida en los secanos y los niños, llenos de costras y magulladuras, hacían lo que les daba la gana hasta que volvían a casa, incluso cochinadas que el pequeño Monzón no entendía:<br />«Yo venía de un sitio donde la picha no se enseñaba». Del sórdido colegio de párvulos a la libertad del Ramiro, la recaída en los Agustinos. El Opus, la OJE, la Facultad de Medicina y el antifranquismo. Y, más tarde, el extranjero: Ámsterdam, Irlanda, Londres. Ciudades en las que el sexo y la música eran casi una religión.</p>

Rústica
