{"id":226907,"date":"2022-10-20T18:00:25","date_gmt":"2022-10-20T16:00:25","guid":{"rendered":"http:\/\/dev.claret.cat\/producte\/la-luz-de-candela\/"},"modified":"2023-01-28T14:14:39","modified_gmt":"2023-01-28T13:14:39","slug":"la-luz-de-candela-9788408161837","status":"publish","type":"product","link":"https:\/\/www.claret.cat\/es\/libro\/la-luz-de-candela-9788408161837\/","title":{"rendered":"LA LUZ DE CANDELA"},"content":{"rendered":"<p>\u00bfQu\u00e9 ocurre cuando nos enamoramos de una persona que sabemos que nos va a hacer la vida dif\u00edcil?\u00a0Candela es una fot\u00f3grafa a la que un d\u00eda se le cruza el amor y la atropella, poni\u00e9ndolo todo patas arriba. Y ya nada ser\u00e1 como antes. El responsable de ese torbellino es Manuel, un joven modelo con el que vivir\u00e1 una historia de amor tan fascinante como adictiva. La emoci\u00f3n de los primeros besos, la complicidad, la pasi\u00f3n. Pero tambi\u00e9n\u00a0la angustia de quien no recibe todo lo que da. Y el apoyo\u00a0incondicional y m\u00e1gico de las amigas. La cara y la cruz\u00a0del amor. Porque la vida sigue, siempre sigue?<br \/>La luz de Candela es un hermoso canto a las emociones, una delicada novela llena de sensibilidad que\u00a0entusiasmar\u00e1 al lector.<\/p>\n","protected":false},"excerpt":{"rendered":"<p>CARRILLO, M\u00d3NICA<\/p>\n","protected":false},"featured_media":226908,"template":"","meta":{"_acf_changed":false,"om_disable_all_campaigns":false,"rs_blank_template":"","rs_page_bg_color":"","slide_template_v7":"","inline_featured_image":false,"_monsterinsights_skip_tracking":false,"_monsterinsights_sitenote_active":false,"_monsterinsights_sitenote_note":"","_monsterinsights_sitenote_category":0},"product_brand":[],"product_cat":[87],"product_tag":[],"class_list":{"0":"post-226907","1":"product","2":"type-product","3":"status-publish","4":"has-post-thumbnail","6":"product_cat-literatura","8":"first","9":"instock","10":"taxable","11":"shipping-taxable","12":"purchasable","13":"product-type-simple"},"acf":{"autor":"CARRILLO, M\u00d3NICA","codart":"840816183","libros-coleccion":"","ediciones":"1","encuadernacion":"Carton\u00e9","fecha_de_publicacion":"01\/10\/2016","novedad":"0","paginas":"314","subtitulo":"","orden":"999","portada":"0","idioma":"spa","editorial":[{"ID":6149,"post_author":"3","post_date":"2022-07-28 17:45:56","post_date_gmt":"2022-07-28 15:45:56","post_content":"","post_title":"BOOKET","post_excerpt":"","post_status":"publish","comment_status":"closed","ping_status":"closed","post_password":"","post_name":"booket","to_ping":"","pinged":"","post_modified":"2022-07-28 17:45:56","post_modified_gmt":"2022-07-28 15:45:56","post_content_filtered":"","post_parent":0,"guid":"http:\/\/dev.claret.cat\/editorial\/booket\/","menu_order":0,"post_type":"editorial","post_mime_type":"","comment_count":"0","filter":"raw"}],"autores-libros":[{"ID":165310,"post_author":"3","post_date":"2022-10-14 17:54:09","post_date_gmt":"2022-10-14 15:54:09","post_content":"","post_title":"M\u00d3NICA CARRILLO","post_excerpt":"","post_status":"publish","comment_status":"closed","ping_status":"closed","post_password":"","post_name":"monica-carrillo","to_ping":"","pinged":"","post_modified":"2022-10-14 17:54:09","post_modified_gmt":"2022-10-14 15:54:09","post_content_filtered":"","post_parent":0,"guid":"http:\/\/dev.claret.cat\/autor\/monica-carrillo\/","menu_order":0,"post_type":"autor","post_mime_type":"","comment_count":"0","filter":"raw"}]},"aioseo_notices":[],"_links":{"self":[{"href":"https:\/\/www.claret.cat\/es\/wp-json\/wp\/v2\/product\/226907","targetHints":{"allow":["GET"]}}],"collection":[{"href":"https:\/\/www.claret.cat\/es\/wp-json\/wp\/v2\/product"}],"about":[{"href":"https:\/\/www.claret.cat\/es\/wp-json\/wp\/v2\/types\/product"}],"wp:featuredmedia":[{"embeddable":true,"href":"https:\/\/www.claret.cat\/es\/wp-json\/wp\/v2\/media\/226908"}],"wp:attachment":[{"href":"https:\/\/www.claret.cat\/es\/wp-json\/wp\/v2\/media?parent=226907"}],"wp:term":[{"taxonomy":"product_brand","embeddable":true,"href":"https:\/\/www.claret.cat\/es\/wp-json\/wp\/v2\/product_brand?post=226907"},{"taxonomy":"product_cat","embeddable":true,"href":"https:\/\/www.claret.cat\/es\/wp-json\/wp\/v2\/product_cat?post=226907"},{"taxonomy":"product_tag","embeddable":true,"href":"https:\/\/www.claret.cat\/es\/wp-json\/wp\/v2\/product_tag?post=226907"}],"curies":[{"name":"wp","href":"https:\/\/api.w.org\/{rel}","templated":true}]}}

<p>¿Qué ocurre cuando nos enamoramos de una persona que sabemos que nos va a hacer la vida difícil? Candela es una fotógrafa a la que un día se le cruza el amor y la atropella, poniéndolo todo patas arriba. Y ya nada será como antes. El responsable de ese torbellino es Manuel, un joven modelo con el que vivirá una historia de amor tan fascinante como adictiva. La emoción de los primeros besos, la complicidad, la pasión. Pero también la angustia de quien no recibe todo lo que da. Y el apoyo incondicional y mágico de las amigas. La cara y la cruz del amor. Porque la vida sigue, siempre sigue?<br />La luz de Candela es un hermoso canto a las emociones, una delicada novela llena de sensibilidad que entusiasmará al lector.</p>

<p>CARRILLO, MÓNICA</p>

CARRILLO, MÓNICA

Cartoné

MÓNICA CARRILLO
