{"id":227057,"date":"2022-10-20T18:04:43","date_gmt":"2022-10-20T16:04:43","guid":{"rendered":"http:\/\/dev.claret.cat\/producte\/les-veus-de-laigua\/"},"modified":"2023-01-28T20:50:39","modified_gmt":"2023-01-28T19:50:39","slug":"les-veus-de-laigua-9788461743971","status":"publish","type":"product","link":"https:\/\/www.claret.cat\/es\/libro\/les-veus-de-laigua-9788461743971\/","title":{"rendered":"LES VEUS DE L&#8217;AIGUA"},"content":{"rendered":"<p>Les Veus de l\u2019Aigua \u00e9s una exposici\u00f3 del fot\u00f2graf Pepe Navarro despr\u00e9s del seu retorn a Burkina Faso, on ha retratat mitjan\u00e7ant la fotografia l\u2019impacte dels pous finan\u00e7ats per l\u2019associaci\u00f3 Aigua per al Sahel a diferents poblats<br \/>Aigua per al Sahel, ONG que va iniciar el seu treball l&#8217;any 1992,  des del 1994 dissenya principalment projectes per portar aigua als poblats de Burkina Faso. Sabem com \u00e9s d&#8217;important i b\u00e0sic disposar d&#8217;aigua potable i com la seva abs\u00e8ncia provoca malalties i morts, sobretot als infants d&#8217;entre un i cinc anys per diarrees, fins i tot lleus, per deshidrataci\u00f3. Sabem tamb\u00e9 de la fatiga de les dones i dels nens i nenes que les acompanyen a buscar l&#8217;aigua.<br \/>Tot i que la situaci\u00f3 ha millorat amb el compliment dels Objectius del Mil\u00b7lenni, encara avui, any 2016, 750 milions de persones al m\u00f3n no disposen d&#8217;aigua potable a prop (a un quil\u00f2metre, o a un quart d&#8217;hora de cam\u00ed), moltes a l&#8217;\u00c0frica Subsahariana.<br \/>Fins ara, Aigua per al Sahel ha constru\u00eft 150 pous d&#8217;aigua potable, dues-centes mil persoes tenen el punt d&#8217;aigua a prop de casa. <br \/>Gr\u00e0cies als qui ens heu ajudat.<\/p>\n","protected":false},"excerpt":{"rendered":"<p>NAVARRO, PEPE<\/p>\n","protected":false},"featured_media":227058,"template":"","meta":{"_acf_changed":false,"om_disable_all_campaigns":false,"rs_blank_template":"","rs_page_bg_color":"","slide_template_v7":"","inline_featured_image":false,"_monsterinsights_skip_tracking":false,"_monsterinsights_sitenote_active":false,"_monsterinsights_sitenote_note":"","_monsterinsights_sitenote_category":0},"product_brand":[],"product_cat":[16],"product_tag":[],"class_list":{"0":"post-227057","1":"product","2":"type-product","3":"status-publish","4":"has-post-thumbnail","6":"product_cat-sense-categoria","8":"first","9":"instock","10":"taxable","11":"shipping-taxable","12":"purchasable","13":"product-type-simple"},"acf":{"autor":"NAVARRO, PEPE","codart":"846174397","libros-coleccion":"","ediciones":"1","encuadernacion":"R\u00fastica","fecha_de_publicacion":"01\/10\/2016","novedad":"1","paginas":"235","subtitulo":"","orden":"0","portada":"0","idioma":"cat","editorial":[{"ID":147864,"post_author":"3","post_date":"2022-10-14 11:53:48","post_date_gmt":"2022-10-14 09:53:48","post_content":"","post_title":"Ediciones Vivir el Vino","post_excerpt":"","post_status":"publish","comment_status":"closed","ping_status":"closed","post_password":"","post_name":"ediciones-vivir-el-vino","to_ping":"","pinged":"","post_modified":"2022-10-14 11:53:48","post_modified_gmt":"2022-10-14 09:53:48","post_content_filtered":"","post_parent":0,"guid":"http:\/\/dev.claret.cat\/editorial\/ediciones-vivir-el-vino\/","menu_order":0,"post_type":"editorial","post_mime_type":"","comment_count":"0","filter":"raw"}]},"aioseo_notices":[],"_links":{"self":[{"href":"https:\/\/www.claret.cat\/es\/wp-json\/wp\/v2\/product\/227057","targetHints":{"allow":["GET"]}}],"collection":[{"href":"https:\/\/www.claret.cat\/es\/wp-json\/wp\/v2\/product"}],"about":[{"href":"https:\/\/www.claret.cat\/es\/wp-json\/wp\/v2\/types\/product"}],"wp:featuredmedia":[{"embeddable":true,"href":"https:\/\/www.claret.cat\/es\/wp-json\/wp\/v2\/media\/227058"}],"wp:attachment":[{"href":"https:\/\/www.claret.cat\/es\/wp-json\/wp\/v2\/media?parent=227057"}],"wp:term":[{"taxonomy":"product_brand","embeddable":true,"href":"https:\/\/www.claret.cat\/es\/wp-json\/wp\/v2\/product_brand?post=227057"},{"taxonomy":"product_cat","embeddable":true,"href":"https:\/\/www.claret.cat\/es\/wp-json\/wp\/v2\/product_cat?post=227057"},{"taxonomy":"product_tag","embeddable":true,"href":"https:\/\/www.claret.cat\/es\/wp-json\/wp\/v2\/product_tag?post=227057"}],"curies":[{"name":"wp","href":"https:\/\/api.w.org\/{rel}","templated":true}]}}

<p>Les Veus de l’Aigua és una exposició del fotògraf Pepe Navarro després del seu retorn a Burkina Faso, on ha retratat mitjançant la fotografia l’impacte dels pous finançats per l’associació Aigua per al Sahel a diferents poblats<br />Aigua per al Sahel, ONG que va iniciar el seu treball l&#8217;any 1992,  des del 1994 dissenya principalment projectes per portar aigua als poblats de Burkina Faso. Sabem com és d&#8217;important i bàsic disposar d&#8217;aigua potable i com la seva absència provoca malalties i morts, sobretot als infants d&#8217;entre un i cinc anys per diarrees, fins i tot lleus, per deshidratació. Sabem també de la fatiga de les dones i dels nens i nenes que les acompanyen a buscar l&#8217;aigua.<br />Tot i que la situació ha millorat amb el compliment dels Objectius del Mil·lenni, encara avui, any 2016, 750 milions de persones al món no disposen d&#8217;aigua potable a prop (a un quilòmetre, o a un quart d&#8217;hora de camí), moltes a l&#8217;Àfrica Subsahariana.<br />Fins ara, Aigua per al Sahel ha construït 150 pous d&#8217;aigua potable, dues-centes mil persoes tenen el punt d&#8217;aigua a prop de casa. <br />Gràcies als qui ens heu ajudat.</p>

Rústica
