{"id":22757,"date":"2022-10-02T09:53:29","date_gmt":"2022-10-02T07:53:29","guid":{"rendered":"http:\/\/dev.claret.cat\/producte\/deu-sense-deu\/"},"modified":"2026-04-13T18:36:24","modified_gmt":"2026-04-13T16:36:24","slug":"deu-sense-deu-9788415518167","status":"publish","type":"product","link":"https:\/\/www.claret.cat\/es\/libro\/deu-sense-deu-9788415518167\/","title":{"rendered":"D\u00c9U SENSE D\u00c9U"},"content":{"rendered":"<p>\u00bfD\u00e9u, avui, encara? \u00bfT\u00e9 sentit? \u00bf\u00c9s necessari? \u00bfPer qu\u00e8 reobrir un debat que la Modernitat sembla haver clausurat? \u00bfQuin \u00e9s el cam\u00ed que avui pot atansar els homes al fonament misteri\u00f3s de la realitat que alguns anomenen D\u00e9u? \u00bf\u00c9s possible experimentar D\u00e9u?<\/p>\n<p>Xavier Melloni respon aquestes preguntes des de la perspectiva de qui ent\u00e9n que les religions estan cridades a avan\u00e7ar juntes, per la via del silenci i el di\u00e0leg, vers una nova espiritualitat m\u00e9s enll\u00e0 dels estrets l\u00edmits de cada confessi\u00f3. Josep Cobo, el pensament del qual t\u00e9 com a interlocutor b\u00e0sic l&#8217;ateisme modern, refusa posar el cristianisme dins el que ell anomenaria el gran magma de la nova trans-religi\u00f3.<\/p>\n<p>Aquesta \u00abconfrontaci\u00f3\u00bb entre Melloni i Cobo s&#8217;estructura en dues parts. A la primera s&#8217;aborda la revelaci\u00f3, la cristologia, el mal i la vida en l&#8217;esperit. A la segona, es parla del silenci, la paraula i l&#8217;acci\u00f3<\/p>\n","protected":false},"excerpt":{"rendered":"<p>MELLONI, XAVIER; COBO, JOSEP<\/p>\n","protected":false},"featured_media":77010,"template":"","meta":{"_acf_changed":false,"om_disable_all_campaigns":false,"rs_blank_template":"","rs_page_bg_color":"","slide_template_v7":"","inline_featured_image":false,"_monsterinsights_skip_tracking":false,"_monsterinsights_sitenote_active":false,"_monsterinsights_sitenote_note":"","_monsterinsights_sitenote_category":0},"product_brand":[],"product_cat":[77,343,345,79],"product_tag":[],"class_list":{"0":"post-22757","1":"product","2":"type-product","3":"status-publish","4":"has-post-thumbnail","6":"product_cat-catequesi","7":"product_cat-catequesis","8":"product_cat-espiritualidad","9":"product_cat-espiritualitat","11":"first","12":"instock","13":"taxable","14":"shipping-taxable","15":"purchasable","16":"product-type-simple"},"acf":{"autor":"MELLONI, XAVIER; COBO, JOSEP","codart":"841551816","libros-coleccion":"","ediciones":"1","encuadernacion":"R\u00fastica","fecha_de_publicacion":"13\/01\/2016","novedad":"0","paginas":"168","subtitulo":"","orden":"23","portada":"0","idioma":"cat","editorial":[{"ID":6258,"post_author":"3","post_date":"2022-07-28 17:48:20","post_date_gmt":"2022-07-28 15:48:20","post_content":"","post_title":"FRAGMENTA EDITORIAL","post_excerpt":"","post_status":"publish","comment_status":"closed","ping_status":"closed","post_password":"","post_name":"fragmenta-editorial","to_ping":"","pinged":"","post_modified":"2022-07-28 17:48:20","post_modified_gmt":"2022-07-28 15:48:20","post_content_filtered":"","post_parent":0,"guid":"http:\/\/dev.claret.cat\/editorial\/fragmenta-editorial\/","menu_order":0,"post_type":"editorial","post_mime_type":"","comment_count":"0","filter":"raw"}],"autores-libros":[{"ID":171472,"post_author":"3","post_date":"2022-10-14 22:43:41","post_date_gmt":"2022-10-14 20:43:41","post_content":"","post_title":"XAVIER MELLONI","post_excerpt":"","post_status":"publish","comment_status":"closed","ping_status":"closed","post_password":"","post_name":"xavier-melloni","to_ping":"","pinged":"","post_modified":"2022-10-14 22:43:41","post_modified_gmt":"2022-10-14 20:43:41","post_content_filtered":"","post_parent":0,"guid":"http:\/\/dev.claret.cat\/autor\/xavier-melloni\/","menu_order":0,"post_type":"autor","post_mime_type":"","comment_count":"0","filter":"raw"},{"ID":160655,"post_author":"3","post_date":"2022-10-14 15:54:50","post_date_gmt":"2022-10-14 13:54:50","post_content":"","post_title":"JOSEP COBO","post_excerpt":"","post_status":"publish","comment_status":"closed","ping_status":"closed","post_password":"","post_name":"josep-cobo","to_ping":"","pinged":"","post_modified":"2022-10-14 15:54:50","post_modified_gmt":"2022-10-14 13:54:50","post_content_filtered":"","post_parent":0,"guid":"http:\/\/dev.claret.cat\/autor\/josep-cobo\/","menu_order":0,"post_type":"autor","post_mime_type":"","comment_count":"0","filter":"raw"}],"booktrailer":"","resenas":""},"aioseo_notices":[],"_links":{"self":[{"href":"https:\/\/www.claret.cat\/es\/wp-json\/wp\/v2\/product\/22757","targetHints":{"allow":["GET"]}}],"collection":[{"href":"https:\/\/www.claret.cat\/es\/wp-json\/wp\/v2\/product"}],"about":[{"href":"https:\/\/www.claret.cat\/es\/wp-json\/wp\/v2\/types\/product"}],"wp:featuredmedia":[{"embeddable":true,"href":"https:\/\/www.claret.cat\/es\/wp-json\/wp\/v2\/media\/77010"}],"wp:attachment":[{"href":"https:\/\/www.claret.cat\/es\/wp-json\/wp\/v2\/media?parent=22757"}],"wp:term":[{"taxonomy":"product_brand","embeddable":true,"href":"https:\/\/www.claret.cat\/es\/wp-json\/wp\/v2\/product_brand?post=22757"},{"taxonomy":"product_cat","embeddable":true,"href":"https:\/\/www.claret.cat\/es\/wp-json\/wp\/v2\/product_cat?post=22757"},{"taxonomy":"product_tag","embeddable":true,"href":"https:\/\/www.claret.cat\/es\/wp-json\/wp\/v2\/product_tag?post=22757"}],"curies":[{"name":"wp","href":"https:\/\/api.w.org\/{rel}","templated":true}]}}

DÉU SENSE DÉU

<p>¿Déu, avui, encara? ¿Té sentit? ¿És necessari? ¿Per què reobrir un debat que la Modernitat sembla haver clausurat? ¿Quin és el camí que avui pot atansar els homes al fonament misteriós de la realitat que alguns anomenen Déu? ¿És possible experimentar Déu?</p>
<p>Xavier Melloni respon aquestes preguntes des de la perspectiva de qui entén que les religions estan cridades a avançar juntes, per la via del silenci i el diàleg, vers una nova espiritualitat més enllà dels estrets límits de cada confessió. Josep Cobo, el pensament del qual té com a interlocutor bàsic l&#8217;ateisme modern, refusa posar el cristianisme dins el que ell anomenaria el gran magma de la nova trans-religió.</p>
<p>Aquesta «confrontació» entre Melloni i Cobo s&#8217;estructura en dues parts. A la primera s&#8217;aborda la revelació, la cristologia, el mal i la vida en l&#8217;esperit. A la segona, es parla del silenci, la paraula i l&#8217;acció</p>

Rústica
