{"id":227621,"date":"2022-10-20T18:18:03","date_gmt":"2022-10-20T16:18:03","guid":{"rendered":"http:\/\/dev.claret.cat\/producte\/rebelde-con-causa\/"},"modified":"2023-01-28T18:31:14","modified_gmt":"2023-01-28T17:31:14","slug":"rebelde-con-causa-9788497437400","status":"publish","type":"product","link":"https:\/\/www.claret.cat\/es\/libro\/rebelde-con-causa-9788497437400\/","title":{"rendered":"REBELDE CON CAUSA"},"content":{"rendered":"<p>En este libro se narra la experiencia sufrida por uno de los millones de j\u00f3venes espa\u00f1oles atrapados en las redes del franquismo, faltos de cualquier tipo de libertad y con un futuro totalmente gris, al igual que el resto de la poblaci\u00f3n. El protagonista, de catorce a\u00f1os, intenta alcanzar dentro del encorsetamiento de la dictadura y del trabajo fabril una m\u00ednima vivencia digna, procurando ara\u00f1ar algunos estudios despu\u00e9s de la jornada laboral. Los acontecimientos familiares empeoran y el joven se rebela contra el sistema ante tanta indefensi\u00f3n. La lucha le lleva a la c\u00e1rcel, previo paso por las temidas comisar\u00edas, con palizas y torturas por parte de la polic\u00eda social (Brigada Pol\u00edtico Social). Todos los avatares son almacenados en su memoria, jurando difundirlos una vez superada la dictadura. Sin rencores, pero sin olvido, el protagonista traza la negra historia sufrida, fiel a los acontecimientos hist\u00f3ricos y a la documentaci\u00f3n archiv\u00edstica correspondiente<\/p>\n","protected":false},"excerpt":{"rendered":"<p>TUNDIDOR DIAUS, F\u00c9LIX<\/p>\n","protected":false},"featured_media":227622,"template":"","meta":{"_acf_changed":false,"om_disable_all_campaigns":false,"rs_blank_template":"","rs_page_bg_color":"","slide_template_v7":"","inline_featured_image":false,"_monsterinsights_skip_tracking":false,"_monsterinsights_sitenote_active":false,"_monsterinsights_sitenote_note":"","_monsterinsights_sitenote_category":0},"product_brand":[],"product_cat":[85],"product_tag":[],"class_list":{"0":"post-227621","1":"product","2":"type-product","3":"status-publish","4":"has-post-thumbnail","6":"product_cat-historia","8":"first","9":"instock","10":"taxable","11":"shipping-taxable","12":"purchasable","13":"product-type-simple"},"acf":{"autor":"TUNDIDOR DIAUS, F\u00c9LIX","codart":"849743740","libros-coleccion":"","ediciones":"1","encuadernacion":"R\u00fastica","fecha_de_publicacion":"01\/09\/2016","novedad":"0","paginas":"318","subtitulo":"LA LUCHA ANTIFRANQUISTA, 1950-1968. UNA MIRADA CR\u00cdTICA Y ACUSADORA","orden":"999","portada":"0","idioma":"spa","editorial":[{"ID":148531,"post_author":"3","post_date":"2022-10-14 11:58:58","post_date_gmt":"2022-10-14 09:58:58","post_content":"","post_title":"Milenio Publicaciones","post_excerpt":"","post_status":"publish","comment_status":"closed","ping_status":"closed","post_password":"","post_name":"milenio-publicaciones","to_ping":"","pinged":"","post_modified":"2022-10-14 11:58:58","post_modified_gmt":"2022-10-14 09:58:58","post_content_filtered":"","post_parent":0,"guid":"http:\/\/dev.claret.cat\/editorial\/milenio-publicaciones\/","menu_order":0,"post_type":"editorial","post_mime_type":"","comment_count":"0","filter":"raw"}]},"aioseo_notices":[],"_links":{"self":[{"href":"https:\/\/www.claret.cat\/es\/wp-json\/wp\/v2\/product\/227621","targetHints":{"allow":["GET"]}}],"collection":[{"href":"https:\/\/www.claret.cat\/es\/wp-json\/wp\/v2\/product"}],"about":[{"href":"https:\/\/www.claret.cat\/es\/wp-json\/wp\/v2\/types\/product"}],"wp:featuredmedia":[{"embeddable":true,"href":"https:\/\/www.claret.cat\/es\/wp-json\/wp\/v2\/media\/227622"}],"wp:attachment":[{"href":"https:\/\/www.claret.cat\/es\/wp-json\/wp\/v2\/media?parent=227621"}],"wp:term":[{"taxonomy":"product_brand","embeddable":true,"href":"https:\/\/www.claret.cat\/es\/wp-json\/wp\/v2\/product_brand?post=227621"},{"taxonomy":"product_cat","embeddable":true,"href":"https:\/\/www.claret.cat\/es\/wp-json\/wp\/v2\/product_cat?post=227621"},{"taxonomy":"product_tag","embeddable":true,"href":"https:\/\/www.claret.cat\/es\/wp-json\/wp\/v2\/product_tag?post=227621"}],"curies":[{"name":"wp","href":"https:\/\/api.w.org\/{rel}","templated":true}]}}

<p>En este libro se narra la experiencia sufrida por uno de los millones de jóvenes españoles atrapados en las redes del franquismo, faltos de cualquier tipo de libertad y con un futuro totalmente gris, al igual que el resto de la población. El protagonista, de catorce años, intenta alcanzar dentro del encorsetamiento de la dictadura y del trabajo fabril una mínima vivencia digna, procurando arañar algunos estudios después de la jornada laboral. Los acontecimientos familiares empeoran y el joven se rebela contra el sistema ante tanta indefensión. La lucha le lleva a la cárcel, previo paso por las temidas comisarías, con palizas y torturas por parte de la policía social (Brigada Político Social). Todos los avatares son almacenados en su memoria, jurando difundirlos una vez superada la dictadura. Sin rencores, pero sin olvido, el protagonista traza la negra historia sufrida, fiel a los acontecimientos históricos y a la documentación archivística correspondiente</p>

<p>TUNDIDOR DIAUS, FÉLIX</p>

TUNDIDOR DIAUS, FÉLIX

Rústica

LA LUCHA ANTIFRANQUISTA, 1950-1968. UNA MIRADA CRÍTICA Y ACUSADORA
