{"id":227642,"date":"2022-10-20T18:18:33","date_gmt":"2022-10-20T16:18:33","guid":{"rendered":"http:\/\/dev.claret.cat\/producte\/el-camino-que-conduce-al-padre\/"},"modified":"2024-05-02T06:19:09","modified_gmt":"2024-05-02T04:19:09","slug":"el-camino-que-conduce-al-padre-9788428830416","status":"publish","type":"product","link":"https:\/\/www.claret.cat\/es\/libro\/el-camino-que-conduce-al-padre-9788428830416\/","title":{"rendered":"EL CAMINO QUE CONDUCE AL PADRE"},"content":{"rendered":"<p>Segundo volumen de la serie Camino, Verdad y Vida, realizada por los Secretariados de Catequesis de Galicia, que se compone de cuatro cuadernos del chico y sus correspondientes gu\u00edas del catequista.La finalidad de esta serie es ayudar a trabajar de manera provechosa y amena el catecismo &#8216;Testigos del Se\u00f1or&#8217;, que est\u00e1 dirigido a ni\u00f1os y ni\u00f1as de entre 10 y 14 a\u00f1os, como itinerario de conversi\u00f3n a Jes\u00fas. Este segundo cuaderno, titulado &#8216;El Camino que conduce al Padre&#8217;, plantea diversos recursos para trabajar 16 temas del catecismo, a lo largo de 22 encuentros. Se incluyen recursos digitales a los que se pueden acceder a trav\u00e9s de los QR que se incluyen, en cada encuentro, para ser trabajados en grupo, en casa y de manera personal.<\/p>\n","protected":false},"excerpt":{"rendered":"<p>SECRETARIADOS DE CATEQUESIS DE GALICIA,<\/p>\n","protected":false},"featured_media":337589,"template":"","meta":{"_acf_changed":false,"om_disable_all_campaigns":false,"rs_blank_template":"","rs_page_bg_color":"","slide_template_v7":"","inline_featured_image":false,"_monsterinsights_skip_tracking":false,"_monsterinsights_sitenote_active":false,"_monsterinsights_sitenote_note":"","_monsterinsights_sitenote_category":0},"product_brand":[],"product_cat":[82,348],"product_tag":[],"class_list":{"0":"post-227642","1":"product","2":"type-product","3":"status-publish","4":"has-post-thumbnail","6":"product_cat-pedagogia","7":"product_cat-pedagogia-2_humanidades","9":"first","10":"instock","11":"taxable","12":"shipping-taxable","13":"purchasable","14":"product-type-simple"},"acf":{"autor":"SECRETARIADOS DE CATEQUESIS DE GALICIA,","codart":"842883041","libros-coleccion":"","ediciones":"1","encuadernacion":"R\u00fastica","fecha_de_publicacion":"01\/09\/2016","novedad":"0","paginas":"136","subtitulo":"MATERIALES COMPLEMENTARIOS AL CATECISMO","orden":"999","portada":"0","idioma":"spa","editorial":[{"ID":148692,"post_author":"3","post_date":"2022-10-14 12:00:14","post_date_gmt":"2022-10-14 10:00:14","post_content":"","post_title":"PPC EDITORIAL","post_excerpt":"","post_status":"publish","comment_status":"closed","ping_status":"closed","post_password":"","post_name":"ppc-editorial","to_ping":"","pinged":"","post_modified":"2022-10-14 12:00:14","post_modified_gmt":"2022-10-14 10:00:14","post_content_filtered":"","post_parent":0,"guid":"http:\/\/dev.claret.cat\/editorial\/ppc-editorial\/","menu_order":0,"post_type":"editorial","post_mime_type":"","comment_count":"0","filter":"raw"}],"autores-libros":[{"ID":8438,"post_author":"3","post_date":"2022-09-30 09:48:35","post_date_gmt":"2022-09-30 07:48:35","post_content":"","post_title":"SECRETARIADOS DE CATEQUESIS DE GALICIA","post_excerpt":"","post_status":"publish","comment_status":"closed","ping_status":"closed","post_password":"","post_name":"secretariados-de-catequesis-de-galicia","to_ping":"","pinged":"","post_modified":"2022-09-30 09:48:35","post_modified_gmt":"2022-09-30 07:48:35","post_content_filtered":"","post_parent":0,"guid":"http:\/\/dev.claret.cat\/autor\/secretariados-de-catequesis-de-galicia\/","menu_order":0,"post_type":"autor","post_mime_type":"","comment_count":"0","filter":"raw"}]},"aioseo_notices":[],"_links":{"self":[{"href":"https:\/\/www.claret.cat\/es\/wp-json\/wp\/v2\/product\/227642","targetHints":{"allow":["GET"]}}],"collection":[{"href":"https:\/\/www.claret.cat\/es\/wp-json\/wp\/v2\/product"}],"about":[{"href":"https:\/\/www.claret.cat\/es\/wp-json\/wp\/v2\/types\/product"}],"wp:featuredmedia":[{"embeddable":true,"href":"https:\/\/www.claret.cat\/es\/wp-json\/wp\/v2\/media\/337589"}],"wp:attachment":[{"href":"https:\/\/www.claret.cat\/es\/wp-json\/wp\/v2\/media?parent=227642"}],"wp:term":[{"taxonomy":"product_brand","embeddable":true,"href":"https:\/\/www.claret.cat\/es\/wp-json\/wp\/v2\/product_brand?post=227642"},{"taxonomy":"product_cat","embeddable":true,"href":"https:\/\/www.claret.cat\/es\/wp-json\/wp\/v2\/product_cat?post=227642"},{"taxonomy":"product_tag","embeddable":true,"href":"https:\/\/www.claret.cat\/es\/wp-json\/wp\/v2\/product_tag?post=227642"}],"curies":[{"name":"wp","href":"https:\/\/api.w.org\/{rel}","templated":true}]}}

<p>Segundo volumen de la serie Camino, Verdad y Vida, realizada por los Secretariados de Catequesis de Galicia, que se compone de cuatro cuadernos del chico y sus correspondientes guías del catequista.La finalidad de esta serie es ayudar a trabajar de manera provechosa y amena el catecismo &#8216;Testigos del Señor&#8217;, que está dirigido a niños y niñas de entre 10 y 14 años, como itinerario de conversión a Jesús. Este segundo cuaderno, titulado &#8216;El Camino que conduce al Padre&#8217;, plantea diversos recursos para trabajar 16 temas del catecismo, a lo largo de 22 encuentros. Se incluyen recursos digitales a los que se pueden acceder a través de los QR que se incluyen, en cada encuentro, para ser trabajados en grupo, en casa y de manera personal.</p>

Rústica
