{"id":228078,"date":"2022-10-20T18:28:46","date_gmt":"2022-10-20T16:28:46","guid":{"rendered":"http:\/\/dev.claret.cat\/producte\/un-secreto-en-el-ampurdan\/"},"modified":"2023-01-28T12:20:41","modified_gmt":"2023-01-28T11:20:41","slug":"un-secreto-en-el-ampurdan-9788467048407","status":"publish","type":"product","link":"https:\/\/www.claret.cat\/es\/libro\/un-secreto-en-el-ampurdan-9788467048407\/","title":{"rendered":"UN SECRETO EN EL AMPURD\u00c1N"},"content":{"rendered":"<p>Agosto de 1935. Carretera de Albons a Viladamat. Un Rolls-Royce, conducido a velocidad de v\u00e9rtigo, se estrella. En \u00e9l viajan el pr\u00edncipe Mdivani y su amante, la baronesa Thyssen.<\/p>\n<p> Julio de 1992. Dos hombres que se acaban de conocer recuerdan el accidente y el secreto que oculta. En su conversaci\u00f3n salen a la luz la historia de los personajes que iban en el coche y su relaci\u00f3n con fi guras destacadas de la \u00e9poca, como Dal\u00ed y Sert, y tambi\u00e9n las dos guerras mundiales, la Guerra Civil espa\u00f1ola, el auge del nazismo, las viles acciones de la Gestapo, la vida desenfrenada de la aristocracia decadente y la miseria de los refugiados catalanes en los campos franceses. Y, en medio de ese caos, la dignidad de un pueblo del Ampurd\u00e1n que, desafi ando al enemigo, guarda un gran secreto. Esta novela, al igual que la tramuntana que sopla a menudo en Albons, envuelve al lector y lo invita a recorrer, en un relato vertiginoso que lo dejar\u00e1 sin aliento, los momentos cruciales de la Europa de entreguerras<\/p>\n","protected":false},"excerpt":{"rendered":"<p>TUBELLA CASADEVALL, IMMA<\/p>\n","protected":false},"featured_media":228079,"template":"","meta":{"_acf_changed":false,"om_disable_all_campaigns":false,"rs_blank_template":"","rs_page_bg_color":"","slide_template_v7":"","inline_featured_image":false,"_monsterinsights_skip_tracking":false,"_monsterinsights_sitenote_active":false,"_monsterinsights_sitenote_note":"","_monsterinsights_sitenote_category":0},"product_brand":[],"product_cat":[87],"product_tag":[],"class_list":{"0":"post-228078","1":"product","2":"type-product","3":"status-publish","4":"has-post-thumbnail","6":"product_cat-literatura","8":"first","9":"instock","10":"taxable","11":"shipping-taxable","12":"purchasable","13":"product-type-simple"},"acf":{"autor":"TUBELLA CASADEVALL, IMMA","codart":"846704840","libros-coleccion":"","ediciones":"1","encuadernacion":"R\u00fastica","fecha_de_publicacion":"01\/09\/2016","novedad":"0","paginas":"220","subtitulo":"","orden":"999","portada":"0","idioma":"spa","editorial":[{"ID":6247,"post_author":"3","post_date":"2022-07-28 17:48:06","post_date_gmt":"2022-07-28 15:48:06","post_content":"","post_title":"ESPASA, EDITORIAL","post_excerpt":"","post_status":"publish","comment_status":"closed","ping_status":"closed","post_password":"","post_name":"espasa-editorial","to_ping":"","pinged":"","post_modified":"2022-07-28 17:48:06","post_modified_gmt":"2022-07-28 15:48:06","post_content_filtered":"","post_parent":0,"guid":"http:\/\/dev.claret.cat\/editorial\/espasa-editorial\/","menu_order":0,"post_type":"editorial","post_mime_type":"","comment_count":"0","filter":"raw"}],"autores-libros":[{"ID":157863,"post_author":"3","post_date":"2022-10-14 15:32:14","post_date_gmt":"2022-10-14 13:32:14","post_content":"","post_title":"IMMA TUBELLA","post_excerpt":"","post_status":"publish","comment_status":"closed","ping_status":"closed","post_password":"","post_name":"imma-tubella","to_ping":"","pinged":"","post_modified":"2022-10-14 15:32:14","post_modified_gmt":"2022-10-14 13:32:14","post_content_filtered":"","post_parent":0,"guid":"http:\/\/dev.claret.cat\/autor\/imma-tubella\/","menu_order":0,"post_type":"autor","post_mime_type":"","comment_count":"0","filter":"raw"}]},"aioseo_notices":[],"_links":{"self":[{"href":"https:\/\/www.claret.cat\/es\/wp-json\/wp\/v2\/product\/228078","targetHints":{"allow":["GET"]}}],"collection":[{"href":"https:\/\/www.claret.cat\/es\/wp-json\/wp\/v2\/product"}],"about":[{"href":"https:\/\/www.claret.cat\/es\/wp-json\/wp\/v2\/types\/product"}],"wp:featuredmedia":[{"embeddable":true,"href":"https:\/\/www.claret.cat\/es\/wp-json\/wp\/v2\/media\/228079"}],"wp:attachment":[{"href":"https:\/\/www.claret.cat\/es\/wp-json\/wp\/v2\/media?parent=228078"}],"wp:term":[{"taxonomy":"product_brand","embeddable":true,"href":"https:\/\/www.claret.cat\/es\/wp-json\/wp\/v2\/product_brand?post=228078"},{"taxonomy":"product_cat","embeddable":true,"href":"https:\/\/www.claret.cat\/es\/wp-json\/wp\/v2\/product_cat?post=228078"},{"taxonomy":"product_tag","embeddable":true,"href":"https:\/\/www.claret.cat\/es\/wp-json\/wp\/v2\/product_tag?post=228078"}],"curies":[{"name":"wp","href":"https:\/\/api.w.org\/{rel}","templated":true}]}}

UN SECRETO EN EL AMPURDÁN

<p>Agosto de 1935. Carretera de Albons a Viladamat. Un Rolls-Royce, conducido a velocidad de vértigo, se estrella. En él viajan el príncipe Mdivani y su amante, la baronesa Thyssen.</p>
<p> Julio de 1992. Dos hombres que se acaban de conocer recuerdan el accidente y el secreto que oculta. En su conversación salen a la luz la historia de los personajes que iban en el coche y su relación con fi guras destacadas de la época, como Dalí y Sert, y también las dos guerras mundiales, la Guerra Civil española, el auge del nazismo, las viles acciones de la Gestapo, la vida desenfrenada de la aristocracia decadente y la miseria de los refugiados catalanes en los campos franceses. Y, en medio de ese caos, la dignidad de un pueblo del Ampurdán que, desafi ando al enemigo, guarda un gran secreto. Esta novela, al igual que la tramuntana que sopla a menudo en Albons, envuelve al lector y lo invita a recorrer, en un relato vertiginoso que lo dejará sin aliento, los momentos cruciales de la Europa de entreguerras</p>

Rústica
