{"id":228446,"date":"2022-10-20T18:37:44","date_gmt":"2022-10-20T16:37:44","guid":{"rendered":"http:\/\/dev.claret.cat\/producte\/un-secret-de-lemporda-2\/"},"modified":"2025-04-29T10:10:07","modified_gmt":"2025-04-29T08:10:07","slug":"un-secret-de-lemporda-9788466421003","status":"publish","type":"product","link":"https:\/\/www.claret.cat\/es\/libro\/un-secret-de-lemporda-9788466421003\/","title":{"rendered":"UN SECRET DE L&#8217;EMPORD\u00c0"},"content":{"rendered":"<p>Agost de 1935. Carretera d&#8217;Albons a Viladamat. Un Rolls-Royce\u00a0avan\u00e7a a tota velocitat i s&#8217;estavella. Al seu interior hi viatgen el pr\u00edncep\u00a0Mdivani i la seva amant, la baronessa Thyssen.<\/p>\n<p>Juliol de 1992. Dos homes que s&#8217;acaben de con\u00e8ixer rememoren\u00a0l&#8217;accident i el secret que s&#8217;hi amaga. La conversa desplega la hist\u00f2ria\u00a0dels ocupants del cotxe i les seves relacions amb personatges del\u00a0moment, com Sert o Dal\u00ed, i tamb\u00e9 les dues guerres mundials, la Guerra\u00a0Civil espanyola, l&#8217;auge del nazisme, les vils accions de la Gestapo, la\u00a0vida desenfrenada dels arist\u00f2crates decadents i la mis\u00e8ria dels refugiats\u00a0catalans als camps francesos. I, enmig del caos, la dignitat d&#8217;un\u00a0poblet que, desafiant l&#8217;enemic, preserva el seu gran secret.\u00a0L&#8217;espiral de la novel\u00b7la, com la tramuntana que sovint bufa a\u00a0Albons, s&#8217;emporta el lector a rec\u00f3rrer, en un relat vertigin\u00f3s que el\u00a0deixar\u00e0 sense al\u00e8, els moments cabdals de l&#8217;Europa d&#8217;entreguerres.<\/p>\n<p>\u00abNom\u00e9s puc pensar en tu. Nom\u00e9s vull pensar en tu. S\u00ed, tens\u00a0ra\u00f3, aprofitem aquests darrers moments i no els tenyim\u00a0de tristor per un futur que no sabem si podrem controlar.\u00a0Quina meravella! No hi ha res com l&#8217;Empord\u00e0!\u00a0Aquest \u00e9s el lloc on m&#8217;agradaria viure.\u00a0M&#8217;hi sento tan b\u00e9! La seva olor i els seus\u00a0colors em produeixen una serenitat\u00a0dif\u00edcil d&#8217;explicar. I ara amb tu&#8230;\u00bb.<\/p>\n","protected":false},"excerpt":{"rendered":"<p>TUBELLA CASADEVALL, IMMA<\/p>\n","protected":false},"featured_media":228447,"template":"","meta":{"_acf_changed":false,"om_disable_all_campaigns":false,"rs_blank_template":"","rs_page_bg_color":"","slide_template_v7":"","inline_featured_image":false,"_monsterinsights_skip_tracking":false,"_monsterinsights_sitenote_active":false,"_monsterinsights_sitenote_note":"","_monsterinsights_sitenote_category":0},"product_brand":[],"product_cat":[87,353],"product_tag":[],"class_list":{"0":"post-228446","1":"product","2":"type-product","3":"status-publish","4":"has-post-thumbnail","6":"product_cat-literatura","7":"product_cat-literatura-2_humanidades","9":"first","10":"instock","11":"taxable","12":"shipping-taxable","13":"purchasable","14":"product-type-simple"},"acf":{"autor":"TUBELLA CASADEVALL, IMMA","codart":"846642100","libros-coleccion":"","ediciones":"1","encuadernacion":"R\u00fastica","fecha_de_publicacion":"01\/09\/2016","novedad":"0","paginas":"208","subtitulo":"","orden":"999","portada":"0","idioma":"cat","editorial":[{"ID":147644,"post_author":"3","post_date":"2022-10-14 11:52:09","post_date_gmt":"2022-10-14 09:52:09","post_content":"","post_title":"COLUMNA EDICIONS","post_excerpt":"","post_status":"publish","comment_status":"closed","ping_status":"closed","post_password":"","post_name":"columna-edicions","to_ping":"","pinged":"","post_modified":"2022-10-14 11:52:09","post_modified_gmt":"2022-10-14 09:52:09","post_content_filtered":"","post_parent":0,"guid":"http:\/\/dev.claret.cat\/editorial\/columna-edicions\/","menu_order":0,"post_type":"editorial","post_mime_type":"","comment_count":"0","filter":"raw"}],"autores-libros":[{"ID":157863,"post_author":"3","post_date":"2022-10-14 15:32:14","post_date_gmt":"2022-10-14 13:32:14","post_content":"","post_title":"IMMA TUBELLA","post_excerpt":"","post_status":"publish","comment_status":"closed","ping_status":"closed","post_password":"","post_name":"imma-tubella","to_ping":"","pinged":"","post_modified":"2022-10-14 15:32:14","post_modified_gmt":"2022-10-14 13:32:14","post_content_filtered":"","post_parent":0,"guid":"http:\/\/dev.claret.cat\/autor\/imma-tubella\/","menu_order":0,"post_type":"autor","post_mime_type":"","comment_count":"0","filter":"raw"}],"booktrailer":"","resenas":""},"aioseo_notices":[],"_links":{"self":[{"href":"https:\/\/www.claret.cat\/es\/wp-json\/wp\/v2\/product\/228446","targetHints":{"allow":["GET"]}}],"collection":[{"href":"https:\/\/www.claret.cat\/es\/wp-json\/wp\/v2\/product"}],"about":[{"href":"https:\/\/www.claret.cat\/es\/wp-json\/wp\/v2\/types\/product"}],"wp:featuredmedia":[{"embeddable":true,"href":"https:\/\/www.claret.cat\/es\/wp-json\/wp\/v2\/media\/228447"}],"wp:attachment":[{"href":"https:\/\/www.claret.cat\/es\/wp-json\/wp\/v2\/media?parent=228446"}],"wp:term":[{"taxonomy":"product_brand","embeddable":true,"href":"https:\/\/www.claret.cat\/es\/wp-json\/wp\/v2\/product_brand?post=228446"},{"taxonomy":"product_cat","embeddable":true,"href":"https:\/\/www.claret.cat\/es\/wp-json\/wp\/v2\/product_cat?post=228446"},{"taxonomy":"product_tag","embeddable":true,"href":"https:\/\/www.claret.cat\/es\/wp-json\/wp\/v2\/product_tag?post=228446"}],"curies":[{"name":"wp","href":"https:\/\/api.w.org\/{rel}","templated":true}]}}

UN SECRET DE L&#8217;EMPORDÀ

<p>Agost de 1935. Carretera d&#8217;Albons a Viladamat. Un Rolls-Royce avança a tota velocitat i s&#8217;estavella. Al seu interior hi viatgen el príncep Mdivani i la seva amant, la baronessa Thyssen.</p>
<p>Juliol de 1992. Dos homes que s&#8217;acaben de conèixer rememoren l&#8217;accident i el secret que s&#8217;hi amaga. La conversa desplega la història dels ocupants del cotxe i les seves relacions amb personatges del moment, com Sert o Dalí, i també les dues guerres mundials, la Guerra Civil espanyola, l&#8217;auge del nazisme, les vils accions de la Gestapo, la vida desenfrenada dels aristòcrates decadents i la misèria dels refugiats catalans als camps francesos. I, enmig del caos, la dignitat d&#8217;un poblet que, desafiant l&#8217;enemic, preserva el seu gran secret. L&#8217;espiral de la novel·la, com la tramuntana que sovint bufa a Albons, s&#8217;emporta el lector a recórrer, en un relat vertiginós que el deixarà sense alè, els moments cabdals de l&#8217;Europa d&#8217;entreguerres.</p>
<p>«Només puc pensar en tu. Només vull pensar en tu. Sí, tens raó, aprofitem aquests darrers moments i no els tenyim de tristor per un futur que no sabem si podrem controlar. Quina meravella! No hi ha res com l&#8217;Empordà! Aquest és el lloc on m&#8217;agradaria viure. M&#8217;hi sento tan bé! La seva olor i els seus colors em produeixen una serenitat difícil d&#8217;explicar. I ara amb tu&#8230;».</p>

Rústica
