{"id":230444,"date":"2022-10-20T19:24:55","date_gmt":"2022-10-20T17:24:55","guid":{"rendered":"http:\/\/dev.claret.cat\/producte\/el-reloj-de-la-familia\/"},"modified":"2026-04-01T04:24:50","modified_gmt":"2026-04-01T02:24:50","slug":"el-reloj-de-la-familia-9788427139121","status":"publish","type":"product","link":"https:\/\/www.claret.cat\/es\/libro\/el-reloj-de-la-familia-9788427139121\/","title":{"rendered":"EL RELOJ DE LA FAMILIA"},"content":{"rendered":"<p>El reloj de la familia es un m\u00e9todo pr\u00e1ctico inspirado en la espiritualidad ignaciana y desarrollado por muchas parejas que han optado por recrear, reavivar o restaurar su proyecto de vida. La primera edici\u00f3n de 2015 contiene todo el m\u00e9todo y ahora, comprobada su eficacia, la nueva edici\u00f3n es abreviada y apunta a los aspectos pr\u00e1cticos.<\/p>\n","protected":false},"excerpt":{"rendered":"<p>El reloj de la familia es un m\u00e9todo pr\u00e1ctico inspirado en la espiritualidad ignaciana y desarrollado por muchas parejas que han optado por recrear, reavivar o restaurar su proyecto de vida. La primera edici\u00f3n de 2015 contiene todo el m\u00e9todo y ahora, comprobada su eficacia, la nueva edici\u00f3n es abreviada y apunta a los aspectos [&hellip;]<\/p>\n","protected":false},"featured_media":1082309,"template":"","meta":{"_acf_changed":false,"om_disable_all_campaigns":false,"rs_blank_template":"","rs_page_bg_color":"","slide_template_v7":"","inline_featured_image":false,"_monsterinsights_skip_tracking":false,"_monsterinsights_sitenote_active":false,"_monsterinsights_sitenote_note":"","_monsterinsights_sitenote_category":0},"product_brand":[],"product_cat":[90,540],"product_tag":[],"class_list":{"0":"post-230444","1":"product","2":"type-product","3":"status-publish","4":"has-post-thumbnail","6":"product_cat-altres","7":"product_cat-otros","9":"first","10":"instock","11":"taxable","12":"shipping-taxable","13":"purchasable","14":"product-type-simple"},"acf":{"autor":"VIDAL, FERNANDO","codart":"842713912","libros-coleccion":"","ediciones":"1","encuadernacion":"R\u00fastica","fecha_de_publicacion":"01\/08\/2016","novedad":"0","paginas":"250","subtitulo":"GU\u00cdA PR\u00c1CTICA PARA PROYECTOS DE FAMILIAS","orden":"999","portada":"0","idioma":"spa","editorial":[{"ID":8258,"post_author":"3","post_date":"2022-09-30 09:21:32","post_date_gmt":"2022-09-30 07:21:32","post_content":"","post_title":"MENSAJERO","post_excerpt":"","post_status":"publish","comment_status":"closed","ping_status":"closed","post_password":"","post_name":"mensajero","to_ping":"","pinged":"","post_modified":"2022-09-30 09:21:32","post_modified_gmt":"2022-09-30 07:21:32","post_content_filtered":"","post_parent":0,"guid":"http:\/\/dev.claret.cat\/editorial\/mensajero\/","menu_order":0,"post_type":"editorial","post_mime_type":"","comment_count":"0","filter":"raw"}],"autores-libros":[{"ID":155879,"post_author":"3","post_date":"2022-10-14 15:16:21","post_date_gmt":"2022-10-14 13:16:21","post_content":"","post_title":"FERNANDO VIDAL","post_excerpt":"","post_status":"publish","comment_status":"closed","ping_status":"closed","post_password":"","post_name":"fernando-vidal","to_ping":"","pinged":"","post_modified":"2022-10-14 15:16:21","post_modified_gmt":"2022-10-14 13:16:21","post_content_filtered":"","post_parent":0,"guid":"http:\/\/dev.claret.cat\/autor\/fernando-vidal\/","menu_order":0,"post_type":"autor","post_mime_type":"","comment_count":"0","filter":"raw"}],"booktrailer":"","resenas":""},"aioseo_notices":[],"_links":{"self":[{"href":"https:\/\/www.claret.cat\/es\/wp-json\/wp\/v2\/product\/230444","targetHints":{"allow":["GET"]}}],"collection":[{"href":"https:\/\/www.claret.cat\/es\/wp-json\/wp\/v2\/product"}],"about":[{"href":"https:\/\/www.claret.cat\/es\/wp-json\/wp\/v2\/types\/product"}],"wp:featuredmedia":[{"embeddable":true,"href":"https:\/\/www.claret.cat\/es\/wp-json\/wp\/v2\/media\/1082309"}],"wp:attachment":[{"href":"https:\/\/www.claret.cat\/es\/wp-json\/wp\/v2\/media?parent=230444"}],"wp:term":[{"taxonomy":"product_brand","embeddable":true,"href":"https:\/\/www.claret.cat\/es\/wp-json\/wp\/v2\/product_brand?post=230444"},{"taxonomy":"product_cat","embeddable":true,"href":"https:\/\/www.claret.cat\/es\/wp-json\/wp\/v2\/product_cat?post=230444"},{"taxonomy":"product_tag","embeddable":true,"href":"https:\/\/www.claret.cat\/es\/wp-json\/wp\/v2\/product_tag?post=230444"}],"curies":[{"name":"wp","href":"https:\/\/api.w.org\/{rel}","templated":true}]}}

<p>El reloj de la familia es un método práctico inspirado en la espiritualidad ignaciana y desarrollado por muchas parejas que han optado por recrear, reavivar o restaurar su proyecto de vida. La primera edición de 2015 contiene todo el método y ahora, comprobada su eficacia, la nueva edición es abreviada y apunta a los aspectos prácticos.</p>

<p>El reloj de la familia es un método práctico inspirado en la espiritualidad ignaciana y desarrollado por muchas parejas que han optado por recrear, reavivar o restaurar su proyecto de vida. La primera edición de 2015 contiene todo el método y ahora, comprobada su eficacia, la nueva edición es abreviada y apunta a los aspectos [&hellip;]</p>

Rústica

GUÍA PRÁCTICA PARA PROYECTOS DE FAMILIAS
