{"id":230555,"date":"2022-10-20T19:27:29","date_gmt":"2022-10-20T17:27:29","guid":{"rendered":"http:\/\/dev.claret.cat\/producte\/obediencia-autoridad-en-la-historia-ii-ignaciana-y-adsis\/"},"modified":"2026-04-07T13:50:19","modified_gmt":"2026-04-07T11:50:19","slug":"obedienciaautoridad-en-la-historia-ii-ignaciana-y-adsis-9782108006931","status":"publish","type":"product","link":"https:\/\/www.claret.cat\/es\/libro\/obedienciaautoridad-en-la-historia-ii-ignaciana-y-adsis-9782108006931\/","title":{"rendered":"OBEDIENCIA-AUTORIDAD EN LA HISTORIA II: IGNACIANA Y ADSIS"},"content":{"rendered":"","protected":false},"excerpt":{"rendered":"<p>ROY\u00d3S, EL\u00cdAS; P\u00c9REZ, JOS\u00c9 LUIS<\/p>\n","protected":false},"featured_media":1091634,"template":"","meta":{"_acf_changed":false,"om_disable_all_campaigns":false,"rs_blank_template":"","rs_page_bg_color":"","slide_template_v7":"","inline_featured_image":false,"_monsterinsights_skip_tracking":false,"_monsterinsights_sitenote_active":false,"_monsterinsights_sitenote_note":"","_monsterinsights_sitenote_category":0},"product_brand":[],"product_cat":[78,344],"product_tag":[],"class_list":{"0":"post-230555","1":"product","2":"type-product","3":"status-publish","4":"has-post-thumbnail","6":"product_cat-pastoral","7":"product_cat-pastoral-1_espiritualidad","9":"first","10":"instock","11":"taxable","12":"shipping-taxable","13":"purchasable","14":"product-type-simple"},"acf":{"autor":"ROY\u00d3S, EL\u00cdAS; P\u00c9REZ, JOS\u00c9 LUIS","codart":"210800693","libros-coleccion":"","ediciones":"1","encuadernacion":"R\u00fastica","fecha_de_publicacion":"19\/07\/2016","novedad":"0","paginas":"119","subtitulo":"","orden":"999","portada":"0","idioma":"spa","editorial":[{"ID":148299,"post_author":"3","post_date":"2022-10-14 11:57:10","post_date_gmt":"2022-10-14 09:57:10","post_content":"","post_title":"INSTITUTO TEOL. VIDA RELIGIOSA","post_excerpt":"","post_status":"publish","comment_status":"closed","ping_status":"closed","post_password":"","post_name":"instituto-teol-vida-religiosa","to_ping":"","pinged":"","post_modified":"2022-10-14 11:57:10","post_modified_gmt":"2022-10-14 09:57:10","post_content_filtered":"","post_parent":0,"guid":"http:\/\/dev.claret.cat\/editorial\/instituto-teol-vida-religiosa\/","menu_order":0,"post_type":"editorial","post_mime_type":"","comment_count":"0","filter":"raw"}],"autores-libros":[{"ID":422150,"post_author":"3","post_date":"2023-05-16 07:12:57","post_date_gmt":"2023-05-16 05:12:57","post_content":"","post_title":"EL\u00cdAS ROY\u00d3S","post_excerpt":"","post_status":"publish","comment_status":"closed","ping_status":"closed","post_password":"","post_name":"elias-royos","to_ping":"","pinged":"","post_modified":"2023-05-16 07:12:57","post_modified_gmt":"2023-05-16 05:12:57","post_content_filtered":"","post_parent":0,"guid":"https:\/\/www.claret.cat\/autor\/elias-royos\/","menu_order":0,"post_type":"autor","post_mime_type":"","comment_count":"0","filter":"raw"},{"ID":160358,"post_author":"3","post_date":"2022-10-14 15:52:25","post_date_gmt":"2022-10-14 13:52:25","post_content":"","post_title":"JOSE LUIS PEREZ","post_excerpt":"","post_status":"publish","comment_status":"closed","ping_status":"closed","post_password":"","post_name":"jose-luis-perez","to_ping":"","pinged":"","post_modified":"2022-10-14 15:52:25","post_modified_gmt":"2022-10-14 13:52:25","post_content_filtered":"","post_parent":0,"guid":"http:\/\/dev.claret.cat\/autor\/jose-luis-perez\/","menu_order":0,"post_type":"autor","post_mime_type":"","comment_count":"0","filter":"raw"}],"booktrailer":"","resenas":""},"aioseo_notices":[],"_links":{"self":[{"href":"https:\/\/www.claret.cat\/es\/wp-json\/wp\/v2\/product\/230555","targetHints":{"allow":["GET"]}}],"collection":[{"href":"https:\/\/www.claret.cat\/es\/wp-json\/wp\/v2\/product"}],"about":[{"href":"https:\/\/www.claret.cat\/es\/wp-json\/wp\/v2\/types\/product"}],"wp:featuredmedia":[{"embeddable":true,"href":"https:\/\/www.claret.cat\/es\/wp-json\/wp\/v2\/media\/1091634"}],"wp:attachment":[{"href":"https:\/\/www.claret.cat\/es\/wp-json\/wp\/v2\/media?parent=230555"}],"wp:term":[{"taxonomy":"product_brand","embeddable":true,"href":"https:\/\/www.claret.cat\/es\/wp-json\/wp\/v2\/product_brand?post=230555"},{"taxonomy":"product_cat","embeddable":true,"href":"https:\/\/www.claret.cat\/es\/wp-json\/wp\/v2\/product_cat?post=230555"},{"taxonomy":"product_tag","embeddable":true,"href":"https:\/\/www.claret.cat\/es\/wp-json\/wp\/v2\/product_tag?post=230555"}],"curies":[{"name":"wp","href":"https:\/\/api.w.org\/{rel}","templated":true}]}}

<p>ROYÓS, ELÍAS; PÉREZ, JOSÉ LUIS</p>

ROYÓS, ELÍAS; PÉREZ, JOSÉ LUIS

Rústica

ELÍAS ROYÓS
