{"id":23151,"date":"2022-10-02T09:59:31","date_gmt":"2022-10-02T07:59:31","guid":{"rendered":"http:\/\/dev.claret.cat\/producte\/cartas-desde-los-margenes\/"},"modified":"2024-05-02T06:46:32","modified_gmt":"2024-05-02T04:46:32","slug":"cartas-desde-los-margenes-9788428824620","status":"publish","type":"product","link":"https:\/\/www.claret.cat\/es\/libro\/cartas-desde-los-margenes-9788428824620\/","title":{"rendered":"CARTAS DESDE LOS M\u00c1RGENES"},"content":{"rendered":"<p>\u00bfAcaso somos unos aguafiestas? \u00bfA qu\u00e9 viene un libro que relata historias de dolor y de sufrimiento? Ciertamente, vivir en tiempos sombr\u00edos constituye una invitaci\u00f3n a relajarnos y a dar la espalda a quienes peor lo pasan. El lema \u00abs\u00e1lvese quien pueda\u00bb recorre los caminos vitales que transitamos cotidianamente. Pero no es esa la mejor actitud para afrontar este momento. Sin duda estamos atrapados por una crisis global, con numerosas ramificaciones, pero que arranca de la descomposici\u00f3n de un sistema econ\u00f3mico b\u00e1sicamente injusto e inhumano y que arroja fuera de su estructura a cientos de miles de personas. La exclusi\u00f3n social en Espa\u00f1a se ha duplicado en poco tiempo, y la desigualdad entre Norte y Sur de nuestro planeta, lejos de disminuir, crece cada d\u00eda m\u00e1s. Bien es cierto que estas cosas, expresadas de este modo, pueden sonar a discurso ret\u00f3rico.<br \/>Las cartas que constituyen la espina dorsal de este libro se convierten en cartas que las personas excluidas nos dirigen a cada cual, all\u00ed donde estamos y vivimos. Sin duda, quienes se adentran en el fango de la exclusi\u00f3n social y en los lugares del sufrimiento necesitan cultivar el necesario pensamiento en la acci\u00f3n que d\u00e9 sentido y raz\u00f3n a ese quehacer. Pero no podemos engordar la cabeza y pasar de largo ante el p\u00e1lpito acelerado de un coraz\u00f3n compasivo.<br \/>\u00bfA qu\u00e9 viene este libro que cuenta historias de dolor y de sufrimiento? Viene a despertarnos para sensibilizarnos; viene a animarnos para seguir en la brecha; viene a acompa\u00f1arnos en la necesaria traves\u00eda en la que tratamos de humanizar nuestro mundo.<\/p>\n","protected":false},"excerpt":{"rendered":"<p>BELDA, ROSA MAR\u00cdA; BERMEJO, JOS\u00c9 CARLOS<\/p>\n","protected":false},"featured_media":337297,"template":"","meta":{"_acf_changed":false,"om_disable_all_campaigns":false,"rs_blank_template":"","rs_page_bg_color":"","slide_template_v7":"","inline_featured_image":false,"_monsterinsights_skip_tracking":false,"_monsterinsights_sitenote_active":false,"_monsterinsights_sitenote_note":"","_monsterinsights_sitenote_category":0},"product_brand":[],"product_cat":[90,540],"product_tag":[],"class_list":{"0":"post-23151","1":"product","2":"type-product","3":"status-publish","4":"has-post-thumbnail","6":"product_cat-altres","7":"product_cat-otros","9":"first","10":"instock","11":"taxable","12":"shipping-taxable","13":"purchasable","14":"product-type-simple"},"acf":{"autor":"BELDA, ROSA MAR\u00cdA; BERMEJO, JOS\u00c9 CARLOS","codart":"842882462","libros-coleccion":"","ediciones":"1","encuadernacion":"R\u00fastica","fecha_de_publicacion":"21\/11\/2012","novedad":"0","paginas":"194","subtitulo":"","orden":"999","portada":"0","idioma":"spa","editorial":[{"ID":6335,"post_author":"3","post_date":"2022-07-28 17:49:59","post_date_gmt":"2022-07-28 15:49:59","post_content":"","post_title":"PPC altres","post_excerpt":"","post_status":"publish","comment_status":"closed","ping_status":"closed","post_password":"","post_name":"ppc-altres","to_ping":"","pinged":"","post_modified":"2022-07-28 17:49:59","post_modified_gmt":"2022-07-28 15:49:59","post_content_filtered":"","post_parent":0,"guid":"http:\/\/dev.claret.cat\/editorial\/ppc-altres\/","menu_order":0,"post_type":"editorial","post_mime_type":"","comment_count":"0","filter":"raw"}],"autores-libros":[{"ID":5637,"post_author":"3","post_date":"2022-07-28 17:28:16","post_date_gmt":"2022-07-28 15:28:16","post_content":"","post_title":"JOS\u00c9 CARLOS BERMEJO","post_excerpt":"","post_status":"publish","comment_status":"closed","ping_status":"closed","post_password":"","post_name":"jose-carlos-bermejo","to_ping":"","pinged":"","post_modified":"2022-07-28 17:28:16","post_modified_gmt":"2022-07-28 15:28:16","post_content_filtered":"","post_parent":0,"guid":"http:\/\/dev.claret.cat\/autor\/jose-carlos-bermejo\/","menu_order":0,"post_type":"autor","post_mime_type":"","comment_count":"0","filter":"raw"},{"ID":168502,"post_author":"3","post_date":"2022-10-14 22:19:38","post_date_gmt":"2022-10-14 20:19:38","post_content":"","post_title":"ROSA MAR\u00cdA BELDA","post_excerpt":"","post_status":"publish","comment_status":"closed","ping_status":"closed","post_password":"","post_name":"rosa-maria-belda","to_ping":"","pinged":"","post_modified":"2022-10-14 22:19:38","post_modified_gmt":"2022-10-14 20:19:38","post_content_filtered":"","post_parent":0,"guid":"http:\/\/dev.claret.cat\/autor\/rosa-maria-belda\/","menu_order":0,"post_type":"autor","post_mime_type":"","comment_count":"0","filter":"raw"}]},"aioseo_notices":[],"_links":{"self":[{"href":"https:\/\/www.claret.cat\/es\/wp-json\/wp\/v2\/product\/23151","targetHints":{"allow":["GET"]}}],"collection":[{"href":"https:\/\/www.claret.cat\/es\/wp-json\/wp\/v2\/product"}],"about":[{"href":"https:\/\/www.claret.cat\/es\/wp-json\/wp\/v2\/types\/product"}],"wp:featuredmedia":[{"embeddable":true,"href":"https:\/\/www.claret.cat\/es\/wp-json\/wp\/v2\/media\/337297"}],"wp:attachment":[{"href":"https:\/\/www.claret.cat\/es\/wp-json\/wp\/v2\/media?parent=23151"}],"wp:term":[{"taxonomy":"product_brand","embeddable":true,"href":"https:\/\/www.claret.cat\/es\/wp-json\/wp\/v2\/product_brand?post=23151"},{"taxonomy":"product_cat","embeddable":true,"href":"https:\/\/www.claret.cat\/es\/wp-json\/wp\/v2\/product_cat?post=23151"},{"taxonomy":"product_tag","embeddable":true,"href":"https:\/\/www.claret.cat\/es\/wp-json\/wp\/v2\/product_tag?post=23151"}],"curies":[{"name":"wp","href":"https:\/\/api.w.org\/{rel}","templated":true}]}}

CARTAS DESDE LOS MÁRGENES

<p>¿Acaso somos unos aguafiestas? ¿A qué viene un libro que relata historias de dolor y de sufrimiento? Ciertamente, vivir en tiempos sombríos constituye una invitación a relajarnos y a dar la espalda a quienes peor lo pasan. El lema «sálvese quien pueda» recorre los caminos vitales que transitamos cotidianamente. Pero no es esa la mejor actitud para afrontar este momento. Sin duda estamos atrapados por una crisis global, con numerosas ramificaciones, pero que arranca de la descomposición de un sistema económico básicamente injusto e inhumano y que arroja fuera de su estructura a cientos de miles de personas. La exclusión social en España se ha duplicado en poco tiempo, y la desigualdad entre Norte y Sur de nuestro planeta, lejos de disminuir, crece cada día más. Bien es cierto que estas cosas, expresadas de este modo, pueden sonar a discurso retórico.<br />Las cartas que constituyen la espina dorsal de este libro se convierten en cartas que las personas excluidas nos dirigen a cada cual, allí donde estamos y vivimos. Sin duda, quienes se adentran en el fango de la exclusión social y en los lugares del sufrimiento necesitan cultivar el necesario pensamiento en la acción que dé sentido y razón a ese quehacer. Pero no podemos engordar la cabeza y pasar de largo ante el pálpito acelerado de un corazón compasivo.<br />¿A qué viene este libro que cuenta historias de dolor y de sufrimiento? Viene a despertarnos para sensibilizarnos; viene a animarnos para seguir en la brecha; viene a acompañarnos en la necesaria travesía en la que tratamos de humanizar nuestro mundo.</p>

<p>BELDA, ROSA MARÍA; BERMEJO, JOSÉ CARLOS</p>

BELDA, ROSA MARÍA; BERMEJO, JOSÉ CARLOS

Rústica

JOSÉ CARLOS BERMEJO

ROSA MARÍA BELDA
