{"id":232708,"date":"2022-10-20T20:18:25","date_gmt":"2022-10-20T18:18:25","guid":{"rendered":"http:\/\/dev.claret.cat\/producte\/revitalizate\/"},"modified":"2025-02-04T18:26:27","modified_gmt":"2025-02-04T17:26:27","slug":"revitalizate-9788491180487","status":"publish","type":"product","link":"https:\/\/www.claret.cat\/es\/libro\/revitalizate-9788491180487\/","title":{"rendered":"\u00a1REVITAL\u00cdZATE!"},"content":{"rendered":"<p>Migra\u00f1as, tristeza, mala circulaci\u00f3n, falta de concentraci\u00f3n, somnolencia o apat\u00eda: todo puede ser tratado<br \/> en la cocina. Como ejemplo pr\u00e1ctico de todo esto, \u00a1Revital\u00edzate! nos ofrece adem\u00e1s un completo recetario de f\u00e1cil<br \/> manejo, profusamente ilustrado, para ayudarnos a elegir cada d\u00eda el plato m\u00e1s conveniente seg\u00fan nuestras necesidades.<br \/> En definitiva, una completa y clara gu\u00eda de consulta que nos har\u00e1 comprender la importancia y el poder que residen en<br \/> el arte de la buena alimentaci\u00f3n.<\/p>\n","protected":false},"excerpt":{"rendered":"<p>P\u00c9REZ-CALVO , JORGE<\/p>\n","protected":false},"featured_media":232709,"template":"","meta":{"_acf_changed":false,"om_disable_all_campaigns":false,"rs_blank_template":"","rs_page_bg_color":"","slide_template_v7":"","inline_featured_image":false,"_monsterinsights_skip_tracking":false,"_monsterinsights_sitenote_active":false,"_monsterinsights_sitenote_note":"","_monsterinsights_sitenote_category":0},"product_brand":[],"product_cat":[553,103],"product_tag":[],"class_list":{"0":"post-232708","1":"product","2":"type-product","3":"status-publish","4":"has-post-thumbnail","6":"product_cat-cocina","7":"product_cat-cuina","9":"first","10":"instock","11":"taxable","12":"shipping-taxable","13":"purchasable","14":"product-type-simple"},"acf":{"autor":"P\u00c9REZ-CALVO , JORGE","codart":"849118048","libros-coleccion":"","ediciones":"1","encuadernacion":"R\u00fastica","fecha_de_publicacion":"01\/06\/2016","novedad":"0","paginas":"249","subtitulo":"","orden":"999","portada":"0","idioma":"spa","editorial":[{"ID":8268,"post_author":"3","post_date":"2022-09-30 09:21:37","post_date_gmt":"2022-09-30 07:21:37","post_content":"","post_title":"RBA LIBROS SA.","post_excerpt":"","post_status":"publish","comment_status":"closed","ping_status":"closed","post_password":"","post_name":"rba-libros-sa","to_ping":"","pinged":"","post_modified":"2022-09-30 09:21:37","post_modified_gmt":"2022-09-30 07:21:37","post_content_filtered":"","post_parent":0,"guid":"http:\/\/dev.claret.cat\/editorial\/rba-libros-sa\/","menu_order":0,"post_type":"editorial","post_mime_type":"","comment_count":"0","filter":"raw"}],"autores-libros":[{"ID":424455,"post_author":"3","post_date":"2023-05-16 08:00:51","post_date_gmt":"2023-05-16 06:00:51","post_content":"","post_title":"JORGE P\u00c9REZ-CALVO","post_excerpt":"","post_status":"publish","comment_status":"closed","ping_status":"closed","post_password":"","post_name":"jorge-perez-calvo","to_ping":"","pinged":"","post_modified":"2023-05-16 08:00:51","post_modified_gmt":"2023-05-16 06:00:51","post_content_filtered":"","post_parent":0,"guid":"https:\/\/www.claret.cat\/autor\/jorge-perez-calvo\/","menu_order":0,"post_type":"autor","post_mime_type":"","comment_count":"0","filter":"raw"}]},"aioseo_notices":[],"_links":{"self":[{"href":"https:\/\/www.claret.cat\/es\/wp-json\/wp\/v2\/product\/232708","targetHints":{"allow":["GET"]}}],"collection":[{"href":"https:\/\/www.claret.cat\/es\/wp-json\/wp\/v2\/product"}],"about":[{"href":"https:\/\/www.claret.cat\/es\/wp-json\/wp\/v2\/types\/product"}],"wp:featuredmedia":[{"embeddable":true,"href":"https:\/\/www.claret.cat\/es\/wp-json\/wp\/v2\/media\/232709"}],"wp:attachment":[{"href":"https:\/\/www.claret.cat\/es\/wp-json\/wp\/v2\/media?parent=232708"}],"wp:term":[{"taxonomy":"product_brand","embeddable":true,"href":"https:\/\/www.claret.cat\/es\/wp-json\/wp\/v2\/product_brand?post=232708"},{"taxonomy":"product_cat","embeddable":true,"href":"https:\/\/www.claret.cat\/es\/wp-json\/wp\/v2\/product_cat?post=232708"},{"taxonomy":"product_tag","embeddable":true,"href":"https:\/\/www.claret.cat\/es\/wp-json\/wp\/v2\/product_tag?post=232708"}],"curies":[{"name":"wp","href":"https:\/\/api.w.org\/{rel}","templated":true}]}}

¡REVITALÍZATE!

<p>Migrañas, tristeza, mala circulación, falta de concentración, somnolencia o apatía: todo puede ser tratado<br /> en la cocina. Como ejemplo práctico de todo esto, ¡Revitalízate! nos ofrece además un completo recetario de fácil<br /> manejo, profusamente ilustrado, para ayudarnos a elegir cada día el plato más conveniente según nuestras necesidades.<br /> En definitiva, una completa y clara guía de consulta que nos hará comprender la importancia y el poder que residen en<br /> el arte de la buena alimentación.</p>

<p>PÉREZ-CALVO , JORGE</p>

PÉREZ-CALVO , JORGE

Rústica

JORGE PÉREZ-CALVO
