{"id":233308,"date":"2022-10-20T20:49:26","date_gmt":"2022-10-20T18:49:26","guid":{"rendered":"http:\/\/dev.claret.cat\/producte\/ha-muerto-mama\/"},"modified":"2023-10-06T07:50:51","modified_gmt":"2023-10-06T05:50:51","slug":"ha-muerto-mama-9788419320278","status":"publish","type":"product","link":"https:\/\/www.claret.cat\/es\/libro\/ha-muerto-mama-9788419320278\/","title":{"rendered":"\u00bfHA MUERTO MAM\u00c1?"},"content":{"rendered":"<p>\u00abAl igual que Knausg\u00e5rd, Hjorth escribe contra la represi\u00f3n, contra el tab\u00fa de contar las cosas como realmente son\u00bb.<br \/> Lauren Collins, The New Yorker<\/p>\n<p> Con esta obra vuelve Vigdis Hjorth, la autora de la c\u00e9lebre La herencia.<\/p>\n<p> Johanna es artista y ha pasado las \u00faltimas tres d\u00e9cadas viviendo en Estados Unidos con su esposo y su hijo. Tras la muerte de su marido, Johanna regresa a su Noruega natal. Una galer\u00eda la ha invitado a una exposici\u00f3n retrospectiva, con una nueva obra suya como pieza central.<\/p>\n<p> Johanna alquila un apartamento junto al fiordo y una peque\u00f1a caba\u00f1a en el bosque a las afueras de la ciudad. A medida que atraviesa la ciudad, de un lado a otro entre los dos lugares, busca dar sentido a su vida en el trabajo que tiene por delante y un descubrimiento que une su pasado con el presente.<\/p>\n","protected":false},"excerpt":{"rendered":"<p>HJORTH, VIGDIS<\/p>\n","protected":false},"featured_media":233309,"template":"","meta":{"_acf_changed":false,"om_disable_all_campaigns":false,"rs_blank_template":"","rs_page_bg_color":"","slide_template_v7":"","inline_featured_image":false,"_monsterinsights_skip_tracking":false,"_monsterinsights_sitenote_active":false,"_monsterinsights_sitenote_note":"","_monsterinsights_sitenote_category":0},"product_brand":[],"product_cat":[357],"product_tag":[],"class_list":{"0":"post-233308","1":"product","2":"type-product","3":"status-publish","4":"has-post-thumbnail","6":"product_cat-novela-contemporanea","8":"first","9":"instock","10":"taxable","11":"shipping-taxable","12":"purchasable","13":"product-type-simple"},"acf":{"autor":"HJORTH, VIGDIS","codart":"841932027","libros-coleccion":"FORA DE COL.LECCI\u00d3","ediciones":"1","encuadernacion":"R\u00fastica","fecha_de_publicacion":"01\/10\/2022","novedad":"1","paginas":"342","subtitulo":"","orden":"0","portada":"0","idioma":"spa","editorial":[{"ID":6314,"post_author":"3","post_date":"2022-07-28 17:49:31","post_date_gmt":"2022-07-28 15:49:31","post_content":"","post_title":"N\u00f3rdica","post_excerpt":"","post_status":"publish","comment_status":"closed","ping_status":"closed","post_password":"","post_name":"nordica","to_ping":"","pinged":"","post_modified":"2022-07-28 17:49:31","post_modified_gmt":"2022-07-28 15:49:31","post_content_filtered":"","post_parent":0,"guid":"http:\/\/dev.claret.cat\/editorial\/nordica\/","menu_order":0,"post_type":"editorial","post_mime_type":"","comment_count":"0","filter":"raw"}],"autores-libros":[{"ID":171099,"post_author":"3","post_date":"2022-10-14 22:40:40","post_date_gmt":"2022-10-14 20:40:40","post_content":"","post_title":"VIGDIS HJORTH","post_excerpt":"","post_status":"publish","comment_status":"closed","ping_status":"closed","post_password":"","post_name":"vigdis-hjorth","to_ping":"","pinged":"","post_modified":"2022-10-14 22:40:40","post_modified_gmt":"2022-10-14 20:40:40","post_content_filtered":"","post_parent":0,"guid":"http:\/\/dev.claret.cat\/autor\/vigdis-hjorth\/","menu_order":0,"post_type":"autor","post_mime_type":"","comment_count":"0","filter":"raw"}]},"aioseo_notices":[],"_links":{"self":[{"href":"https:\/\/www.claret.cat\/es\/wp-json\/wp\/v2\/product\/233308","targetHints":{"allow":["GET"]}}],"collection":[{"href":"https:\/\/www.claret.cat\/es\/wp-json\/wp\/v2\/product"}],"about":[{"href":"https:\/\/www.claret.cat\/es\/wp-json\/wp\/v2\/types\/product"}],"wp:featuredmedia":[{"embeddable":true,"href":"https:\/\/www.claret.cat\/es\/wp-json\/wp\/v2\/media\/233309"}],"wp:attachment":[{"href":"https:\/\/www.claret.cat\/es\/wp-json\/wp\/v2\/media?parent=233308"}],"wp:term":[{"taxonomy":"product_brand","embeddable":true,"href":"https:\/\/www.claret.cat\/es\/wp-json\/wp\/v2\/product_brand?post=233308"},{"taxonomy":"product_cat","embeddable":true,"href":"https:\/\/www.claret.cat\/es\/wp-json\/wp\/v2\/product_cat?post=233308"},{"taxonomy":"product_tag","embeddable":true,"href":"https:\/\/www.claret.cat\/es\/wp-json\/wp\/v2\/product_tag?post=233308"}],"curies":[{"name":"wp","href":"https:\/\/api.w.org\/{rel}","templated":true}]}}

¿HA MUERTO MAMÁ?

<p>«Al igual que Knausgård, Hjorth escribe contra la represión, contra el tabú de contar las cosas como realmente son».<br /> Lauren Collins, The New Yorker</p>
<p> Con esta obra vuelve Vigdis Hjorth, la autora de la célebre La herencia.</p>
<p> Johanna es artista y ha pasado las últimas tres décadas viviendo en Estados Unidos con su esposo y su hijo. Tras la muerte de su marido, Johanna regresa a su Noruega natal. Una galería la ha invitado a una exposición retrospectiva, con una nueva obra suya como pieza central.</p>
<p> Johanna alquila un apartamento junto al fiordo y una pequeña cabaña en el bosque a las afueras de la ciudad. A medida que atraviesa la ciudad, de un lado a otro entre los dos lugares, busca dar sentido a su vida en el trabajo que tiene por delante y un descubrimiento que une su pasado con el presente.</p>

FORA DE COL.LECCIÓ

Rústica

Nórdica
