{"id":23416,"date":"2022-10-02T10:02:27","date_gmt":"2022-10-02T08:02:27","guid":{"rendered":"http:\/\/dev.claret.cat\/producte\/introduccion-a-la-sociologia\/"},"modified":"2024-05-23T17:12:09","modified_gmt":"2024-05-23T15:12:09","slug":"introduccion-a-la-sociologia-9788474325669","status":"publish","type":"product","link":"https:\/\/www.claret.cat\/es\/libro\/introduccion-a-la-sociologia-9788474325669\/","title":{"rendered":"INTRODUCCION A LA SOCIOLOGIA"},"content":{"rendered":"<p>Las quince lecciones reunidas en el presente volumen, dictadas entre abril y julio de 1968 en la Universidad de Frankfurt, constituyen el \u00faltimo curso acad\u00e9mico impartido por Adorno y un testimonio especialmente vivo de las tensiones entre la pol\u00edtica real y los planteamientos te\u00f3ricos de la sociolog\u00eda.<br \/>Las clases coincidieron con los acontecimientos en torno al mayo del 68 y en ellas Adorno responde a muchas preguntas de las nuevas generaciones, \u00e1vidas de cambios y decepcionadas de los discursos demasiado abstractos. Ante este p\u00fablico, Adorno defiende la teor\u00eda frente a la pura pragm\u00e1tica, ya que s\u00f3lo la teor\u00eda garantiza una posici\u00f3n cr\u00edtica ante los hechos.<br \/>\u00abSi me preguntan qu\u00e9 es realmente la sociolog\u00eda, yo dir\u00eda que debe ser la comprensi\u00f3n penetrante de la sociedad (&#8230;), pero en el sentido de que esta comprensi\u00f3n sea cr\u00edtica y sepa medir lo que socialmente &#8216;es el caso&#8217; (&#8230;) con respecto a lo que la sociedad misma aspira a ser; as\u00ed se detectar\u00e1 la contradicci\u00f3n y en ella al mismo tiempo el potencial de un cambio de la constituci\u00f3n global de la sociedad.\u00bb<br \/>En estas lecciones, Adorno muestra con gran madurez c\u00f3mo hacerse cargo del l\u00edmite entre la mera descripci\u00f3n de lo dado y la posibilidad de orientar el rumbo de situaciones futuras sin caer en la utop\u00eda.<\/p>\n","protected":false},"excerpt":{"rendered":"<p>ADORNO, THEODOR W.<\/p>\n","protected":false},"featured_media":351707,"template":"","meta":{"_acf_changed":false,"om_disable_all_campaigns":false,"rs_blank_template":"","rs_page_bg_color":"","slide_template_v7":"","inline_featured_image":false,"_monsterinsights_skip_tracking":false,"_monsterinsights_sitenote_active":false,"_monsterinsights_sitenote_note":"","_monsterinsights_sitenote_category":0},"product_brand":[],"product_cat":[90,540],"product_tag":[],"class_list":{"0":"post-23416","1":"product","2":"type-product","3":"status-publish","4":"has-post-thumbnail","6":"product_cat-altres","7":"product_cat-otros","9":"first","10":"instock","11":"taxable","12":"shipping-taxable","13":"purchasable","14":"product-type-simple"},"acf":{"autor":"ADORNO, THEODOR W.","codart":"847432566","libros-coleccion":"FORA DE COL.LECCI\u00d3","ediciones":"1","encuadernacion":"[Vac\u00edo]","fecha_de_publicacion":"01\/05\/1996","novedad":"0","paginas":"260","subtitulo":"","orden":"999","portada":"0","idioma":"spa","editorial":[{"ID":8243,"post_author":"3","post_date":"2022-09-30 09:21:25","post_date_gmt":"2022-09-30 07:21:25","post_content":"","post_title":"GEDISA, EDITORIAL","post_excerpt":"","post_status":"publish","comment_status":"closed","ping_status":"closed","post_password":"","post_name":"gedisa-editorial","to_ping":"","pinged":"","post_modified":"2022-09-30 09:21:25","post_modified_gmt":"2022-09-30 07:21:25","post_content_filtered":"","post_parent":0,"guid":"http:\/\/dev.claret.cat\/editorial\/gedisa-editorial\/","menu_order":0,"post_type":"editorial","post_mime_type":"","comment_count":"0","filter":"raw"}],"autores-libros":[{"ID":170302,"post_author":"3","post_date":"2022-10-14 22:34:13","post_date_gmt":"2022-10-14 20:34:13","post_content":"","post_title":"THEODOR W. ADORNO","post_excerpt":"","post_status":"publish","comment_status":"closed","ping_status":"closed","post_password":"","post_name":"theodor-w-adorno","to_ping":"","pinged":"","post_modified":"2022-10-14 22:34:13","post_modified_gmt":"2022-10-14 20:34:13","post_content_filtered":"","post_parent":0,"guid":"http:\/\/dev.claret.cat\/autor\/theodor-w-adorno\/","menu_order":0,"post_type":"autor","post_mime_type":"","comment_count":"0","filter":"raw"}]},"aioseo_notices":[],"_links":{"self":[{"href":"https:\/\/www.claret.cat\/es\/wp-json\/wp\/v2\/product\/23416","targetHints":{"allow":["GET"]}}],"collection":[{"href":"https:\/\/www.claret.cat\/es\/wp-json\/wp\/v2\/product"}],"about":[{"href":"https:\/\/www.claret.cat\/es\/wp-json\/wp\/v2\/types\/product"}],"wp:featuredmedia":[{"embeddable":true,"href":"https:\/\/www.claret.cat\/es\/wp-json\/wp\/v2\/media\/351707"}],"wp:attachment":[{"href":"https:\/\/www.claret.cat\/es\/wp-json\/wp\/v2\/media?parent=23416"}],"wp:term":[{"taxonomy":"product_brand","embeddable":true,"href":"https:\/\/www.claret.cat\/es\/wp-json\/wp\/v2\/product_brand?post=23416"},{"taxonomy":"product_cat","embeddable":true,"href":"https:\/\/www.claret.cat\/es\/wp-json\/wp\/v2\/product_cat?post=23416"},{"taxonomy":"product_tag","embeddable":true,"href":"https:\/\/www.claret.cat\/es\/wp-json\/wp\/v2\/product_tag?post=23416"}],"curies":[{"name":"wp","href":"https:\/\/api.w.org\/{rel}","templated":true}]}}

<p>Las quince lecciones reunidas en el presente volumen, dictadas entre abril y julio de 1968 en la Universidad de Frankfurt, constituyen el último curso académico impartido por Adorno y un testimonio especialmente vivo de las tensiones entre la política real y los planteamientos teóricos de la sociología.<br />Las clases coincidieron con los acontecimientos en torno al mayo del 68 y en ellas Adorno responde a muchas preguntas de las nuevas generaciones, ávidas de cambios y decepcionadas de los discursos demasiado abstractos. Ante este público, Adorno defiende la teoría frente a la pura pragmática, ya que sólo la teoría garantiza una posición crítica ante los hechos.<br />«Si me preguntan qué es realmente la sociología, yo diría que debe ser la comprensión penetrante de la sociedad (&#8230;), pero en el sentido de que esta comprensión sea crítica y sepa medir lo que socialmente &#8216;es el caso&#8217; (&#8230;) con respecto a lo que la sociedad misma aspira a ser; así se detectará la contradicción y en ella al mismo tiempo el potencial de un cambio de la constitución global de la sociedad.»<br />En estas lecciones, Adorno muestra con gran madurez cómo hacerse cargo del límite entre la mera descripción de lo dado y la posibilidad de orientar el rumbo de situaciones futuras sin caer en la utopía.</p>

FORA DE COL.LECCIÓ

[Vacío]
