{"id":234757,"date":"2022-10-20T21:25:47","date_gmt":"2022-10-20T19:25:47","guid":{"rendered":"http:\/\/dev.claret.cat\/producte\/adolescents-joves-religions-i-tecnologia-el-cas-catala\/"},"modified":"2023-01-28T15:43:39","modified_gmt":"2023-01-28T14:43:39","slug":"adolescents-joves-religions-i-tecnologia-el-cas-catala-9788494476440","status":"publish","type":"product","link":"https:\/\/www.claret.cat\/es\/libro\/adolescents-joves-religions-i-tecnologia-el-cas-catala-9788494476440\/","title":{"rendered":"ADOLESCENTS, JOVES, RELIGIONS I TECNOLOGIA. EL CAS CATAL\u00c0"},"content":{"rendered":"<p>Dos ter\u00e7os dels joves catalans asseguren que creuen en alguna de les 13 religions presents al territori. El 93% t\u00e9 tel\u00e8fon m\u00f2bil; 8 de cada 10 s\u00f3n propietaris d&#8217;un ordinador, i la meitat, d&#8217;una tauleta t\u00e0ctil. No obstant, el seu di\u00e0leg interreligi\u00f3s digital \u00e9s pr\u00e0cticament inexitent. En l&#8217;obra, basada en gaireb\u00e9 2.000 enquestes a adolescents i entrevistes complement\u00e0ries, es constata que les comunitats virtuals de naturalesa religiosa estan estretament vinculades a l&#8217;activitat f\u00edsica i tangible que es desenvolupa en les entitats a les quals pertanyen els joves.<\/p>\n","protected":false},"excerpt":{"rendered":"<p>MIC\u00d3, JOSEP LLU\u00cdS Y D\u00cdEZ BOSCH, MIRIAM<\/p>\n","protected":false},"featured_media":234758,"template":"","meta":{"_acf_changed":false,"om_disable_all_campaigns":false,"rs_blank_template":"","rs_page_bg_color":"","slide_template_v7":"","inline_featured_image":false,"_monsterinsights_skip_tracking":false,"_monsterinsights_sitenote_active":false,"_monsterinsights_sitenote_note":"","_monsterinsights_sitenote_category":0},"product_brand":[],"product_cat":[94,84,76],"product_tag":[],"class_list":{"0":"post-234757","1":"product","2":"type-product","3":"status-publish","4":"has-post-thumbnail","6":"product_cat-religions","7":"product_cat-sociologia","8":"product_cat-teologia","10":"first","11":"instock","12":"taxable","13":"shipping-taxable","14":"purchasable","15":"product-type-simple"},"acf":{"autor":"MIC\u00d3, JOSEP LLU\u00cdS Y D\u00cdEZ BOSCH, MIRIAM","codart":"849447644","libros-coleccion":"","ediciones":"1","encuadernacion":"R\u00fastica","fecha_de_publicacion":"01\/05\/2016","novedad":"1","paginas":"119","subtitulo":"","orden":"0","portada":"0","idioma":"cat"},"aioseo_notices":[],"_links":{"self":[{"href":"https:\/\/www.claret.cat\/es\/wp-json\/wp\/v2\/product\/234757","targetHints":{"allow":["GET"]}}],"collection":[{"href":"https:\/\/www.claret.cat\/es\/wp-json\/wp\/v2\/product"}],"about":[{"href":"https:\/\/www.claret.cat\/es\/wp-json\/wp\/v2\/types\/product"}],"wp:featuredmedia":[{"embeddable":true,"href":"https:\/\/www.claret.cat\/es\/wp-json\/wp\/v2\/media\/234758"}],"wp:attachment":[{"href":"https:\/\/www.claret.cat\/es\/wp-json\/wp\/v2\/media?parent=234757"}],"wp:term":[{"taxonomy":"product_brand","embeddable":true,"href":"https:\/\/www.claret.cat\/es\/wp-json\/wp\/v2\/product_brand?post=234757"},{"taxonomy":"product_cat","embeddable":true,"href":"https:\/\/www.claret.cat\/es\/wp-json\/wp\/v2\/product_cat?post=234757"},{"taxonomy":"product_tag","embeddable":true,"href":"https:\/\/www.claret.cat\/es\/wp-json\/wp\/v2\/product_tag?post=234757"}],"curies":[{"name":"wp","href":"https:\/\/api.w.org\/{rel}","templated":true}]}}

ADOLESCENTS, JOVES, RELIGIONS I TECNOLOGIA. EL CAS CATALÀ

<p>Dos terços dels joves catalans asseguren que creuen en alguna de les 13 religions presents al territori. El 93% té telèfon mòbil; 8 de cada 10 són propietaris d&#8217;un ordinador, i la meitat, d&#8217;una tauleta tàctil. No obstant, el seu diàleg interreligiós digital és pràcticament inexitent. En l&#8217;obra, basada en gairebé 2.000 enquestes a adolescents i entrevistes complementàries, es constata que les comunitats virtuals de naturalesa religiosa estan estretament vinculades a l&#8217;activitat física i tangible que es desenvolupa en les entitats a les quals pertanyen els joves.</p>

<p>MICÓ, JOSEP LLUÍS Y DÍEZ BOSCH, MIRIAM</p>

MICÓ, JOSEP LLUÍS Y DÍEZ BOSCH, MIRIAM

Rústica
