{"id":234763,"date":"2022-10-20T21:25:56","date_gmt":"2022-10-20T19:25:56","guid":{"rendered":"http:\/\/dev.claret.cat\/producte\/exodo-por-que-acoger-a-los-refugiados\/"},"modified":"2024-05-23T14:30:15","modified_gmt":"2024-05-23T12:30:15","slug":"exodo-por-que-acoger-a-los-refugiados-9788479665562","status":"publish","type":"product","link":"https:\/\/www.claret.cat\/es\/libro\/exodo-por-que-acoger-a-los-refugiados-9788479665562\/","title":{"rendered":"\u00c9XODO, \u00bfPOR QU\u00c9 ACOGER A LOS REFUGIADOS?"},"content":{"rendered":"<p>El drama de los refugiados que llaman a las puertas de Europa es, tal vez, uno de los dramas humanos m\u00e1s importantes que est\u00e1 teniendo lugar en estos momentos. Es un tema actual, sin duda. Un tema &#8216;caliente&#8217; que est\u00e1 dando mucho que pensar y que hablar. El papa Francisco ha dicho que estamos ante la crisis humanitaria m\u00e1s importante acontecida en la historia despu\u00e9s de la Segunda Guerra Mundial.<\/p>\n<p>El Cardenal Tagle, presidente de Caritas Internationalis, ofrece en este libro la perspectiva de la iglesia cat\u00f3lica y de la fe cristiana ante esta cuesti\u00f3n. Para los cat\u00f3licos, la Iglesia ha de mostrar su rostro de misericordia para con los emigrantes y los refugiados y ha de ser la Madre que acoge a los heridos de la vida.<\/p>\n<p>El libro tiene dos partes, una vibrante y profunda reflexi\u00f3n-meditaci\u00f3n del Cardenal sobre la cuesti\u00f3n y, por otra parte, una entrevista en hondura sobre el particular realizada por el director de Publicaciones Claretianas que resulta muy ilustrativa sobre esta cuesti\u00f3n. Sin duda, este libro es una verdadera &#8216;provocaci\u00f3n&#8217; y una llamada de atenci\u00f3n para nuestra sociedad y nuestro mundo.<\/p>\n","protected":false},"excerpt":{"rendered":"<p>CARDENAL TAGLE<\/p>\n","protected":false},"featured_media":353147,"template":"","meta":{"_acf_changed":false,"om_disable_all_campaigns":false,"rs_blank_template":"","rs_page_bg_color":"","slide_template_v7":"","inline_featured_image":false,"_monsterinsights_skip_tracking":false,"_monsterinsights_sitenote_active":false,"_monsterinsights_sitenote_note":"","_monsterinsights_sitenote_category":0},"product_brand":[],"product_cat":[344,78,350,84],"product_tag":[],"class_list":{"0":"post-234763","1":"product","2":"type-product","3":"status-publish","4":"has-post-thumbnail","6":"product_cat-pastoral-1_espiritualidad","7":"product_cat-pastoral","8":"product_cat-sociologia-2_humanidades","9":"product_cat-sociologia","11":"first","12":"instock","13":"taxable","14":"shipping-taxable","15":"purchasable","16":"product-type-simple"},"acf":{"autor":"CARDENAL TAGLE","codart":"847966556","libros-coleccion":"","ediciones":"1","encuadernacion":"R\u00fastica","fecha_de_publicacion":"01\/05\/2016","novedad":"0","paginas":"60","subtitulo":"","orden":"999","portada":"0","idioma":"spa","editorial":[{"ID":6337,"post_author":"3","post_date":"2022-07-28 17:50:01","post_date_gmt":"2022-07-28 15:50:01","post_content":"","post_title":"Publicaciones Claretianas","post_excerpt":"","post_status":"publish","comment_status":"closed","ping_status":"closed","post_password":"","post_name":"publicaciones-claretianas","to_ping":"","pinged":"","post_modified":"2022-07-28 17:50:01","post_modified_gmt":"2022-07-28 15:50:01","post_content_filtered":"","post_parent":0,"guid":"http:\/\/dev.claret.cat\/editorial\/publicaciones-claretianas\/","menu_order":0,"post_type":"editorial","post_mime_type":"","comment_count":"0","filter":"raw"}],"autores-libros":[{"ID":353017,"post_author":"3","post_date":"2023-01-14 13:57:03","post_date_gmt":"2023-01-14 12:57:03","post_content":"","post_title":"CARDENAL TAGLE","post_excerpt":"","post_status":"publish","comment_status":"closed","ping_status":"closed","post_password":"","post_name":"cardenal-tagle","to_ping":"","pinged":"","post_modified":"2023-01-14 13:57:03","post_modified_gmt":"2023-01-14 12:57:03","post_content_filtered":"","post_parent":0,"guid":"https:\/\/www.claret.cat\/autor\/cardenal-tagle\/","menu_order":0,"post_type":"autor","post_mime_type":"","comment_count":"0","filter":"raw"}]},"aioseo_notices":[],"_links":{"self":[{"href":"https:\/\/www.claret.cat\/es\/wp-json\/wp\/v2\/product\/234763","targetHints":{"allow":["GET"]}}],"collection":[{"href":"https:\/\/www.claret.cat\/es\/wp-json\/wp\/v2\/product"}],"about":[{"href":"https:\/\/www.claret.cat\/es\/wp-json\/wp\/v2\/types\/product"}],"wp:featuredmedia":[{"embeddable":true,"href":"https:\/\/www.claret.cat\/es\/wp-json\/wp\/v2\/media\/353147"}],"wp:attachment":[{"href":"https:\/\/www.claret.cat\/es\/wp-json\/wp\/v2\/media?parent=234763"}],"wp:term":[{"taxonomy":"product_brand","embeddable":true,"href":"https:\/\/www.claret.cat\/es\/wp-json\/wp\/v2\/product_brand?post=234763"},{"taxonomy":"product_cat","embeddable":true,"href":"https:\/\/www.claret.cat\/es\/wp-json\/wp\/v2\/product_cat?post=234763"},{"taxonomy":"product_tag","embeddable":true,"href":"https:\/\/www.claret.cat\/es\/wp-json\/wp\/v2\/product_tag?post=234763"}],"curies":[{"name":"wp","href":"https:\/\/api.w.org\/{rel}","templated":true}]}}

ÉXODO, ¿POR QUÉ ACOGER A LOS REFUGIADOS?

<p>El drama de los refugiados que llaman a las puertas de Europa es, tal vez, uno de los dramas humanos más importantes que está teniendo lugar en estos momentos. Es un tema actual, sin duda. Un tema &#8216;caliente&#8217; que está dando mucho que pensar y que hablar. El papa Francisco ha dicho que estamos ante la crisis humanitaria más importante acontecida en la historia después de la Segunda Guerra Mundial.</p>
<p>El Cardenal Tagle, presidente de Caritas Internationalis, ofrece en este libro la perspectiva de la iglesia católica y de la fe cristiana ante esta cuestión. Para los católicos, la Iglesia ha de mostrar su rostro de misericordia para con los emigrantes y los refugiados y ha de ser la Madre que acoge a los heridos de la vida.</p>
<p>El libro tiene dos partes, una vibrante y profunda reflexión-meditación del Cardenal sobre la cuestión y, por otra parte, una entrevista en hondura sobre el particular realizada por el director de Publicaciones Claretianas que resulta muy ilustrativa sobre esta cuestión. Sin duda, este libro es una verdadera &#8216;provocación&#8217; y una llamada de atención para nuestra sociedad y nuestro mundo.</p>

Rústica
