{"id":235162,"date":"2022-10-20T21:35:50","date_gmt":"2022-10-20T19:35:50","guid":{"rendered":"http:\/\/dev.claret.cat\/producte\/elogio-de-la-duda\/"},"modified":"2023-01-28T01:53:33","modified_gmt":"2023-01-28T00:53:33","slug":"elogio-de-la-duda-9788416601103","status":"publish","type":"product","link":"https:\/\/www.claret.cat\/es\/libro\/elogio-de-la-duda-9788416601103\/","title":{"rendered":"ELOGIO DE LA DUDA"},"content":{"rendered":"<p>Esta obra recorre las vicisitudes de la duda a lo largo y ancho de la historia del pensamiento -desde sus p\u00e1ginas nos hablar\u00e1n Plat\u00f3n, Arist\u00f3teles, Descartes, Spinoza, Hume, Montaigne, Nietzsche y un largo etc\u00e9tera de hombres que decidieron dudar- y lo h<\/p>\n","protected":false},"excerpt":{"rendered":"<p>CAMPS, VICTORIA<\/p>\n","protected":false},"featured_media":235163,"template":"","meta":{"_acf_changed":false,"om_disable_all_campaigns":false,"rs_blank_template":"","rs_page_bg_color":"","slide_template_v7":"","inline_featured_image":false,"_monsterinsights_skip_tracking":false,"_monsterinsights_sitenote_active":false,"_monsterinsights_sitenote_note":"","_monsterinsights_sitenote_category":0},"product_brand":[],"product_cat":[83],"product_tag":[],"class_list":{"0":"post-235162","1":"product","2":"type-product","3":"status-publish","4":"has-post-thumbnail","6":"product_cat-filosofia","8":"first","9":"instock","10":"taxable","11":"shipping-taxable","12":"purchasable","13":"product-type-simple"},"acf":{"autor":"CAMPS, VICTORIA","codart":"841660110","libros-coleccion":"","ediciones":"1","encuadernacion":"R\u00fastica","fecha_de_publicacion":"01\/05\/2016","novedad":"0","paginas":"173","subtitulo":"","orden":"999","portada":"0","idioma":"spa","editorial":[{"ID":6127,"post_author":"3","post_date":"2022-07-28 17:45:28","post_date_gmt":"2022-07-28 15:45:28","post_content":"","post_title":"ARPA EDITORES","post_excerpt":"","post_status":"publish","comment_status":"closed","ping_status":"closed","post_password":"","post_name":"arpa-editores","to_ping":"","pinged":"","post_modified":"2022-07-28 17:45:28","post_modified_gmt":"2022-07-28 15:45:28","post_content_filtered":"","post_parent":0,"guid":"http:\/\/dev.claret.cat\/editorial\/arpa-editores\/","menu_order":0,"post_type":"editorial","post_mime_type":"","comment_count":"0","filter":"raw"}],"autores-libros":[{"ID":171072,"post_author":"3","post_date":"2022-10-14 22:40:27","post_date_gmt":"2022-10-14 20:40:27","post_content":"","post_title":"VICTORIA CAMPS","post_excerpt":"","post_status":"publish","comment_status":"closed","ping_status":"closed","post_password":"","post_name":"victoria-camps","to_ping":"","pinged":"","post_modified":"2022-10-14 22:40:27","post_modified_gmt":"2022-10-14 20:40:27","post_content_filtered":"","post_parent":0,"guid":"http:\/\/dev.claret.cat\/autor\/victoria-camps\/","menu_order":0,"post_type":"autor","post_mime_type":"","comment_count":"0","filter":"raw"}]},"aioseo_notices":[],"_links":{"self":[{"href":"https:\/\/www.claret.cat\/es\/wp-json\/wp\/v2\/product\/235162","targetHints":{"allow":["GET"]}}],"collection":[{"href":"https:\/\/www.claret.cat\/es\/wp-json\/wp\/v2\/product"}],"about":[{"href":"https:\/\/www.claret.cat\/es\/wp-json\/wp\/v2\/types\/product"}],"wp:featuredmedia":[{"embeddable":true,"href":"https:\/\/www.claret.cat\/es\/wp-json\/wp\/v2\/media\/235163"}],"wp:attachment":[{"href":"https:\/\/www.claret.cat\/es\/wp-json\/wp\/v2\/media?parent=235162"}],"wp:term":[{"taxonomy":"product_brand","embeddable":true,"href":"https:\/\/www.claret.cat\/es\/wp-json\/wp\/v2\/product_brand?post=235162"},{"taxonomy":"product_cat","embeddable":true,"href":"https:\/\/www.claret.cat\/es\/wp-json\/wp\/v2\/product_cat?post=235162"},{"taxonomy":"product_tag","embeddable":true,"href":"https:\/\/www.claret.cat\/es\/wp-json\/wp\/v2\/product_tag?post=235162"}],"curies":[{"name":"wp","href":"https:\/\/api.w.org\/{rel}","templated":true}]}}

<p>Esta obra recorre las vicisitudes de la duda a lo largo y ancho de la historia del pensamiento -desde sus páginas nos hablarán Platón, Aristóteles, Descartes, Spinoza, Hume, Montaigne, Nietzsche y un largo etcétera de hombres que decidieron dudar- y lo h</p>

Rústica
