{"id":235189,"date":"2022-10-20T21:36:31","date_gmt":"2022-10-20T19:36:31","guid":{"rendered":"http:\/\/dev.claret.cat\/producte\/ronda-de-boires\/"},"modified":"2025-02-28T14:05:14","modified_gmt":"2025-02-28T13:05:14","slug":"ronda-de-boires-9788499757537","status":"publish","type":"product","link":"https:\/\/www.claret.cat\/es\/libro\/ronda-de-boires-9788499757537\/","title":{"rendered":"RONDA DE BOIRES"},"content":{"rendered":"<p>Tres grans parts: l&#8221;amor, la mort i altres circumst\u00e0ncies. Un llibre dens de significats i d&#8221;accents, que palesa les hores de lectura de l&#8221;autor, lectures profitoses a recer dels nostres cl\u00e0ssics. En quantes d&#8221;aquestes poesies no hi ha un ress\u00f2 del Sagarra m\u00e9s popular i inspirat, per exemple! N&#8221;hi ha que ens recorden Verdaguer, i altres que m\u00e9s aviat semblen retirar a la manera de fer, vull dir d&#8221;escriure, de Manent o fins de Salvat-Papasseit. Ronda de boires, per\u00f2, \u00e9s, per damunt de tot, un viatge cap a la llum. Fins i tot en aquells poemes que parlen de la mort, de la desaparici\u00f3.<\/p>\n","protected":false},"excerpt":{"rendered":"<p>VALLVERD\u00da  I AIXAL\u00c0, JOSEP<\/p>\n","protected":false},"featured_media":235190,"template":"","meta":{"_acf_changed":false,"om_disable_all_campaigns":false,"rs_blank_template":"","rs_page_bg_color":"","slide_template_v7":"","inline_featured_image":false,"_monsterinsights_skip_tracking":false,"_monsterinsights_sitenote_active":false,"_monsterinsights_sitenote_note":"","_monsterinsights_sitenote_category":0},"product_brand":[],"product_cat":[87,353],"product_tag":[],"class_list":{"0":"post-235189","1":"product","2":"type-product","3":"status-publish","4":"has-post-thumbnail","6":"product_cat-literatura","7":"product_cat-literatura-2_humanidades","9":"first","10":"instock","11":"taxable","12":"shipping-taxable","13":"purchasable","14":"product-type-simple"},"acf":{"autor":"VALLVERD\u00da  I AIXAL\u00c0, JOSEP","codart":"849975753","libros-coleccion":"","ediciones":"1","encuadernacion":"R\u00fastica","fecha_de_publicacion":"01\/05\/2016","novedad":"0","paginas":"111","subtitulo":"","orden":"999","portada":"0","idioma":"cat","editorial":[{"ID":6322,"post_author":"3","post_date":"2022-07-28 17:49:42","post_date_gmt":"2022-07-28 15:49:42","post_content":"","post_title":"PAG\u00c8S EDITORS","post_excerpt":"","post_status":"publish","comment_status":"closed","ping_status":"closed","post_password":"","post_name":"pages-editors","to_ping":"","pinged":"","post_modified":"2022-07-28 17:49:42","post_modified_gmt":"2022-07-28 15:49:42","post_content_filtered":"","post_parent":0,"guid":"http:\/\/dev.claret.cat\/editorial\/pages-editors\/","menu_order":0,"post_type":"editorial","post_mime_type":"","comment_count":"0","filter":"raw"}],"autores-libros":[{"ID":424749,"post_author":"3","post_date":"2023-05-16 08:07:07","post_date_gmt":"2023-05-16 06:07:07","post_content":"","post_title":"JOSEP VALLVERD\u00da  I AIXAL\u00c0","post_excerpt":"","post_status":"publish","comment_status":"closed","ping_status":"closed","post_password":"","post_name":"josep-vallverdu-i-aixala-2","to_ping":"","pinged":"","post_modified":"2023-05-16 08:07:07","post_modified_gmt":"2023-05-16 06:07:07","post_content_filtered":"","post_parent":0,"guid":"https:\/\/www.claret.cat\/autor\/josep-vallverdu-i-aixala-2\/","menu_order":0,"post_type":"autor","post_mime_type":"","comment_count":"0","filter":"raw"}]},"aioseo_notices":[],"_links":{"self":[{"href":"https:\/\/www.claret.cat\/es\/wp-json\/wp\/v2\/product\/235189","targetHints":{"allow":["GET"]}}],"collection":[{"href":"https:\/\/www.claret.cat\/es\/wp-json\/wp\/v2\/product"}],"about":[{"href":"https:\/\/www.claret.cat\/es\/wp-json\/wp\/v2\/types\/product"}],"wp:featuredmedia":[{"embeddable":true,"href":"https:\/\/www.claret.cat\/es\/wp-json\/wp\/v2\/media\/235190"}],"wp:attachment":[{"href":"https:\/\/www.claret.cat\/es\/wp-json\/wp\/v2\/media?parent=235189"}],"wp:term":[{"taxonomy":"product_brand","embeddable":true,"href":"https:\/\/www.claret.cat\/es\/wp-json\/wp\/v2\/product_brand?post=235189"},{"taxonomy":"product_cat","embeddable":true,"href":"https:\/\/www.claret.cat\/es\/wp-json\/wp\/v2\/product_cat?post=235189"},{"taxonomy":"product_tag","embeddable":true,"href":"https:\/\/www.claret.cat\/es\/wp-json\/wp\/v2\/product_tag?post=235189"}],"curies":[{"name":"wp","href":"https:\/\/api.w.org\/{rel}","templated":true}]}}

<p>Tres grans parts: l&#8221;amor, la mort i altres circumstàncies. Un llibre dens de significats i d&#8221;accents, que palesa les hores de lectura de l&#8221;autor, lectures profitoses a recer dels nostres clàssics. En quantes d&#8221;aquestes poesies no hi ha un ressò del Sagarra més popular i inspirat, per exemple! N&#8221;hi ha que ens recorden Verdaguer, i altres que més aviat semblen retirar a la manera de fer, vull dir d&#8221;escriure, de Manent o fins de Salvat-Papasseit. Ronda de boires, però, és, per damunt de tot, un viatge cap a la llum. Fins i tot en aquells poemes que parlen de la mort, de la desaparició.</p>

<p>VALLVERDÚ  I AIXALÀ, JOSEP</p>

VALLVERDÚ  I AIXALÀ, JOSEP

Rústica

PAGÈS EDITORS

JOSEP VALLVERDÚ  I AIXALÀ
