{"id":235529,"date":"2022-10-20T21:45:04","date_gmt":"2022-10-20T19:45:04","guid":{"rendered":"http:\/\/dev.claret.cat\/producte\/ha-nevat-sobre-yesterday\/"},"modified":"2024-01-31T21:09:09","modified_gmt":"2024-01-31T20:09:09","slug":"ha-nevat-sobre-yesterday-9788475886176","status":"publish","type":"product","link":"https:\/\/www.claret.cat\/es\/libro\/ha-nevat-sobre-yesterday-9788475886176\/","title":{"rendered":"HA NEVAT SOBRE YESTERDAY"},"content":{"rendered":"<p>Gabriel Janer Manila, el novel\u00b7lista que va sacsejar la literatura balear durant els anys setanta i vuitanta, torna a la primera l\u00ednia amb unes mem\u00f2ries riques i liter\u00e0riament poderoses. A trav\u00e9s de la vida i la feina de la seva fam\u00edlia, venedors de roba en fi res pels pobles mallorquins, fa un retrat de la vida a l&#8217;illa. Evoca la seva infantesa al poble d&#8217;Algaida, en contacte amb la natura, amb el pes de la guerra encara molt present, en un entorn on tothom es coneix. L&#8217;educaci\u00f3 religiosa i les monges dibuixen un ambient que avui apareix pintoresc i impactant. L&#8217;autor s&#8217;apassiona per la cultura popular de l&#8217;illa: certa imatgeria folkl\u00f2rica, la bruixeria, les llegendes populars, les can\u00e7ons er\u00f2tiques. Resisteix les pressions perqu\u00e8 es fes capell\u00e0. Descobreix la passi\u00f3 per aprendre i ensenyar i tamb\u00e9 l&#8217;activisme cultural de certs cenacles. I malgrat l&#8217;ombra de Franco, l&#8217;entrada als anys seixanta porta, com una ventada, les can\u00e7ons del Beatles, la llibertat, la revolta.<\/p>\n","protected":false},"excerpt":{"rendered":"<p>JANER MANILA, GABRIEL<\/p>\n","protected":false},"featured_media":235530,"template":"","meta":{"_acf_changed":false,"om_disable_all_campaigns":false,"rs_blank_template":"","rs_page_bg_color":"","slide_template_v7":"","inline_featured_image":false,"_monsterinsights_skip_tracking":false,"_monsterinsights_sitenote_active":false,"_monsterinsights_sitenote_note":"","_monsterinsights_sitenote_category":0},"product_brand":[],"product_cat":[90,540],"product_tag":[],"class_list":{"0":"post-235529","1":"product","2":"type-product","3":"status-publish","4":"has-post-thumbnail","6":"product_cat-altres","7":"product_cat-otros","9":"first","10":"instock","11":"taxable","12":"shipping-taxable","13":"purchasable","14":"product-type-simple"},"acf":{"autor":"JANER MANILA, GABRIEL","codart":"847588617","libros-coleccion":"","ediciones":"1","encuadernacion":"Carton\u00e9","fecha_de_publicacion":"01\/05\/2016","novedad":"0","paginas":"392","subtitulo":"","orden":"999","portada":"0","idioma":"cat","editorial":[{"ID":148696,"post_author":"3","post_date":"2022-10-14 12:00:16","post_date_gmt":"2022-10-14 10:00:16","post_content":"","post_title":"PROA, S.A. EDICIONS","post_excerpt":"","post_status":"publish","comment_status":"closed","ping_status":"closed","post_password":"","post_name":"proa-s-a-edicions","to_ping":"","pinged":"","post_modified":"2022-10-14 12:00:16","post_modified_gmt":"2022-10-14 10:00:16","post_content_filtered":"","post_parent":0,"guid":"http:\/\/dev.claret.cat\/editorial\/proa-s-a-edicions\/","menu_order":0,"post_type":"editorial","post_mime_type":"","comment_count":"0","filter":"raw"}],"autores-libros":[{"ID":156526,"post_author":"3","post_date":"2022-10-14 15:21:31","post_date_gmt":"2022-10-14 13:21:31","post_content":"","post_title":"GABRIEL JANER MANILA","post_excerpt":"","post_status":"publish","comment_status":"closed","ping_status":"closed","post_password":"","post_name":"gabriel-janer-manila","to_ping":"","pinged":"","post_modified":"2022-10-14 15:21:31","post_modified_gmt":"2022-10-14 13:21:31","post_content_filtered":"","post_parent":0,"guid":"http:\/\/dev.claret.cat\/autor\/gabriel-janer-manila\/","menu_order":0,"post_type":"autor","post_mime_type":"","comment_count":"0","filter":"raw"}]},"aioseo_notices":[],"_links":{"self":[{"href":"https:\/\/www.claret.cat\/es\/wp-json\/wp\/v2\/product\/235529","targetHints":{"allow":["GET"]}}],"collection":[{"href":"https:\/\/www.claret.cat\/es\/wp-json\/wp\/v2\/product"}],"about":[{"href":"https:\/\/www.claret.cat\/es\/wp-json\/wp\/v2\/types\/product"}],"wp:featuredmedia":[{"embeddable":true,"href":"https:\/\/www.claret.cat\/es\/wp-json\/wp\/v2\/media\/235530"}],"wp:attachment":[{"href":"https:\/\/www.claret.cat\/es\/wp-json\/wp\/v2\/media?parent=235529"}],"wp:term":[{"taxonomy":"product_brand","embeddable":true,"href":"https:\/\/www.claret.cat\/es\/wp-json\/wp\/v2\/product_brand?post=235529"},{"taxonomy":"product_cat","embeddable":true,"href":"https:\/\/www.claret.cat\/es\/wp-json\/wp\/v2\/product_cat?post=235529"},{"taxonomy":"product_tag","embeddable":true,"href":"https:\/\/www.claret.cat\/es\/wp-json\/wp\/v2\/product_tag?post=235529"}],"curies":[{"name":"wp","href":"https:\/\/api.w.org\/{rel}","templated":true}]}}

<p>Gabriel Janer Manila, el novel·lista que va sacsejar la literatura balear durant els anys setanta i vuitanta, torna a la primera línia amb unes memòries riques i literàriament poderoses. A través de la vida i la feina de la seva família, venedors de roba en fi res pels pobles mallorquins, fa un retrat de la vida a l&#8217;illa. Evoca la seva infantesa al poble d&#8217;Algaida, en contacte amb la natura, amb el pes de la guerra encara molt present, en un entorn on tothom es coneix. L&#8217;educació religiosa i les monges dibuixen un ambient que avui apareix pintoresc i impactant. L&#8217;autor s&#8217;apassiona per la cultura popular de l&#8217;illa: certa imatgeria folklòrica, la bruixeria, les llegendes populars, les cançons eròtiques. Resisteix les pressions perquè es fes capellà. Descobreix la passió per aprendre i ensenyar i també l&#8217;activisme cultural de certs cenacles. I malgrat l&#8217;ombra de Franco, l&#8217;entrada als anys seixanta porta, com una ventada, les cançons del Beatles, la llibertat, la revolta.</p>

Cartoné
