{"id":236153,"date":"2022-10-20T22:00:35","date_gmt":"2022-10-20T20:00:35","guid":{"rendered":"http:\/\/dev.claret.cat\/producte\/traducciones-arameas-de-la-biblia\/"},"modified":"2026-02-17T17:42:08","modified_gmt":"2026-02-17T16:42:08","slug":"traducciones-arameas-de-la-biblia-9788490732298","status":"publish","type":"product","link":"https:\/\/www.claret.cat\/es\/libro\/traducciones-arameas-de-la-biblia-9788490732298\/","title":{"rendered":"TRADUCCIONES ARAMEAS DE LA BIBLIA"},"content":{"rendered":"<p>El t\u00e9rmino Targum, \u00abtraducci\u00f3n\u00bb, hace referencia, entre los estudiosos de la Sagrada Escritura, a las traducciones arameas de la Biblia. La traducci\u00f3n aramea del texto b\u00edblico lleg\u00f3 a formar parte de la liturgia sinagogal: el lector le\u00eda el texto y el traductor traduc\u00eda sin soporte escrito. Las traducciones que han llegado a nosotros son, pues, una versi\u00f3n escrita, que se diversificar\u00eda en otras versiones.<\/p>\n","protected":false},"excerpt":{"rendered":"<p>P\u00c9REZ FERN\u00c1NDEZ, MIGUEL<\/p>\n","protected":false},"featured_media":372683,"template":"","meta":{"_acf_changed":false,"om_disable_all_campaigns":false,"rs_blank_template":"","rs_page_bg_color":"","slide_template_v7":"","inline_featured_image":false,"_monsterinsights_skip_tracking":false,"_monsterinsights_sitenote_active":false,"_monsterinsights_sitenote_note":"","_monsterinsights_sitenote_category":0},"product_brand":[],"product_cat":[75,341],"product_tag":[],"class_list":{"0":"post-236153","1":"product","2":"type-product","3":"status-publish","4":"has-post-thumbnail","6":"product_cat-biblia","7":"product_cat-biblia-es","9":"first","10":"instock","11":"taxable","12":"shipping-taxable","13":"purchasable","14":"product-type-simple"},"acf":{"autor":"P\u00c9REZ FERN\u00c1NDEZ, MIGUEL","codart":"849073229","libros-coleccion":"","ediciones":"1","encuadernacion":"R\u00fastica","fecha_de_publicacion":"18\/04\/2016","novedad":"0","paginas":"380","subtitulo":"LOS TARGUMIN DEL PENTATEUCO. IV. N\u00daMEROS","orden":"999","portada":"0","idioma":"spa","editorial":[{"ID":6390,"post_author":"3","post_date":"2022-07-28 17:51:08","post_date_gmt":"2022-07-28 15:51:08","post_content":"","post_title":"VERBO DIVINO","post_excerpt":"","post_status":"publish","comment_status":"closed","ping_status":"closed","post_password":"","post_name":"verbo-divino","to_ping":"","pinged":"","post_modified":"2022-07-28 17:51:08","post_modified_gmt":"2022-07-28 15:51:08","post_content_filtered":"","post_parent":0,"guid":"http:\/\/dev.claret.cat\/editorial\/verbo-divino\/","menu_order":0,"post_type":"editorial","post_mime_type":"","comment_count":"0","filter":"raw"}],"autores-libros":[{"ID":165017,"post_author":"3","post_date":"2022-10-14 17:51:43","post_date_gmt":"2022-10-14 15:51:43","post_content":"","post_title":"MIGUEL PEREZ FERNANDEZ","post_excerpt":"","post_status":"publish","comment_status":"closed","ping_status":"closed","post_password":"","post_name":"miguel-perez-fernandez","to_ping":"","pinged":"","post_modified":"2022-10-14 17:51:43","post_modified_gmt":"2022-10-14 15:51:43","post_content_filtered":"","post_parent":0,"guid":"http:\/\/dev.claret.cat\/autor\/miguel-perez-fernandez\/","menu_order":0,"post_type":"autor","post_mime_type":"","comment_count":"0","filter":"raw"}],"booktrailer":"","resenas":""},"aioseo_notices":[],"_links":{"self":[{"href":"https:\/\/www.claret.cat\/es\/wp-json\/wp\/v2\/product\/236153","targetHints":{"allow":["GET"]}}],"collection":[{"href":"https:\/\/www.claret.cat\/es\/wp-json\/wp\/v2\/product"}],"about":[{"href":"https:\/\/www.claret.cat\/es\/wp-json\/wp\/v2\/types\/product"}],"wp:featuredmedia":[{"embeddable":true,"href":"https:\/\/www.claret.cat\/es\/wp-json\/wp\/v2\/media\/372683"}],"wp:attachment":[{"href":"https:\/\/www.claret.cat\/es\/wp-json\/wp\/v2\/media?parent=236153"}],"wp:term":[{"taxonomy":"product_brand","embeddable":true,"href":"https:\/\/www.claret.cat\/es\/wp-json\/wp\/v2\/product_brand?post=236153"},{"taxonomy":"product_cat","embeddable":true,"href":"https:\/\/www.claret.cat\/es\/wp-json\/wp\/v2\/product_cat?post=236153"},{"taxonomy":"product_tag","embeddable":true,"href":"https:\/\/www.claret.cat\/es\/wp-json\/wp\/v2\/product_tag?post=236153"}],"curies":[{"name":"wp","href":"https:\/\/api.w.org\/{rel}","templated":true}]}}

<p>El término Targum, «traducción», hace referencia, entre los estudiosos de la Sagrada Escritura, a las traducciones arameas de la Biblia. La traducción aramea del texto bíblico llegó a formar parte de la liturgia sinagogal: el lector leía el texto y el traductor traducía sin soporte escrito. Las traducciones que han llegado a nosotros son, pues, una versión escrita, que se diversificaría en otras versiones.</p>

<p>PÉREZ FERNÁNDEZ, MIGUEL</p>

PÉREZ FERNÁNDEZ, MIGUEL

Rústica

LOS TARGUMIN DEL PENTATEUCO. IV. NÚMEROS
