{"id":23714,"date":"2022-10-02T10:06:11","date_gmt":"2022-10-02T08:06:11","guid":{"rendered":"http:\/\/dev.claret.cat\/producte\/experiencia-integral\/"},"modified":"2023-01-28T01:38:01","modified_gmt":"2023-01-28T00:38:01","slug":"experiencia-integral-9788490613092","status":"publish","type":"product","link":"https:\/\/www.claret.cat\/es\/libro\/experiencia-integral-9788490613092\/","title":{"rendered":"EXPERIENCIA INTEGRAL"},"content":{"rendered":"<p>Este libro propone un nuevo modo de hacer filosof\u00eda o, m\u00e1s concretamente, un nuevo modo de explicar c\u00f3mo se origina el pensamiento humano. Frente a visiones reductivas o abstractas, apuesta por asumir, desde el inicio, lo objetivo y lo subjetivo, lo personal y lo interpersonal, lo sensible y lo intelectual. Apuesta, en otros t\u00e9rminos, por una experiencia integral origen de todo saber: com\u00fan, cient\u00edfico y filos\u00f3fico. El autor parte de las brillantes intuiciones de Karol Wojtyla, las compara con la fenomenolog\u00eda y la gnoseolog\u00eda cl\u00e1sica y, sobre estos elementos, construye, por primera vez, un m\u00e9todo espec\u00edficamente personalista. Juan Manuel Burgos es un conocido fil\u00f3sofo con reconocimiento internacional. Entre sus obras se pueden destacar: Introducci\u00f3n al personalismo; Antropolog\u00eda: una gu\u00eda para la existencia (5\u00aa ed.) y Reconstruir la persona. Sus escritos se han traducido al ingles, polaco y portugu\u00e9s.<\/p>\n","protected":false},"excerpt":{"rendered":"<p>BURGOS, JOSE MANUEL<\/p>\n","protected":false},"featured_media":76378,"template":"","meta":{"_acf_changed":false,"om_disable_all_campaigns":false,"rs_blank_template":"","rs_page_bg_color":"","slide_template_v7":"","inline_featured_image":false,"_monsterinsights_skip_tracking":false,"_monsterinsights_sitenote_active":false,"_monsterinsights_sitenote_note":"","_monsterinsights_sitenote_category":0},"product_brand":[],"product_cat":[16],"product_tag":[],"class_list":{"0":"post-23714","1":"product","2":"type-product","3":"status-publish","4":"has-post-thumbnail","6":"product_cat-sense-categoria","8":"first","9":"instock","10":"taxable","11":"shipping-taxable","12":"purchasable","13":"product-type-simple"},"acf":{"autor":"BURGOS, JOSE MANUEL","codart":"849061309","libros-coleccion":"","ediciones":"1","encuadernacion":"R\u00fastica","fecha_de_publicacion":"01\/11\/2015","novedad":"0","paginas":"364","subtitulo":"","orden":"999","portada":"0","idioma":"spa","editorial":[{"ID":6324,"post_author":"3","post_date":"2022-07-28 17:49:44","post_date_gmt":"2022-07-28 15:49:44","post_content":"","post_title":"PALABRA, EDICIONES S. A.","post_excerpt":"","post_status":"publish","comment_status":"closed","ping_status":"closed","post_password":"","post_name":"palabra-ediciones-s-a","to_ping":"","pinged":"","post_modified":"2022-07-28 17:49:44","post_modified_gmt":"2022-07-28 15:49:44","post_content_filtered":"","post_parent":0,"guid":"http:\/\/dev.claret.cat\/editorial\/palabra-ediciones-s-a\/","menu_order":0,"post_type":"editorial","post_mime_type":"","comment_count":"0","filter":"raw"}],"autores-libros":[{"ID":160395,"post_author":"3","post_date":"2022-10-14 15:52:43","post_date_gmt":"2022-10-14 13:52:43","post_content":"","post_title":"JOSE MANUEL BURGOS","post_excerpt":"","post_status":"publish","comment_status":"closed","ping_status":"closed","post_password":"","post_name":"jose-manuel-burgos","to_ping":"","pinged":"","post_modified":"2022-10-14 15:52:43","post_modified_gmt":"2022-10-14 13:52:43","post_content_filtered":"","post_parent":0,"guid":"http:\/\/dev.claret.cat\/autor\/jose-manuel-burgos\/","menu_order":0,"post_type":"autor","post_mime_type":"","comment_count":"0","filter":"raw"}]},"aioseo_notices":[],"_links":{"self":[{"href":"https:\/\/www.claret.cat\/es\/wp-json\/wp\/v2\/product\/23714","targetHints":{"allow":["GET"]}}],"collection":[{"href":"https:\/\/www.claret.cat\/es\/wp-json\/wp\/v2\/product"}],"about":[{"href":"https:\/\/www.claret.cat\/es\/wp-json\/wp\/v2\/types\/product"}],"wp:featuredmedia":[{"embeddable":true,"href":"https:\/\/www.claret.cat\/es\/wp-json\/wp\/v2\/media\/76378"}],"wp:attachment":[{"href":"https:\/\/www.claret.cat\/es\/wp-json\/wp\/v2\/media?parent=23714"}],"wp:term":[{"taxonomy":"product_brand","embeddable":true,"href":"https:\/\/www.claret.cat\/es\/wp-json\/wp\/v2\/product_brand?post=23714"},{"taxonomy":"product_cat","embeddable":true,"href":"https:\/\/www.claret.cat\/es\/wp-json\/wp\/v2\/product_cat?post=23714"},{"taxonomy":"product_tag","embeddable":true,"href":"https:\/\/www.claret.cat\/es\/wp-json\/wp\/v2\/product_tag?post=23714"}],"curies":[{"name":"wp","href":"https:\/\/api.w.org\/{rel}","templated":true}]}}

<p>Este libro propone un nuevo modo de hacer filosofía o, más concretamente, un nuevo modo de explicar cómo se origina el pensamiento humano. Frente a visiones reductivas o abstractas, apuesta por asumir, desde el inicio, lo objetivo y lo subjetivo, lo personal y lo interpersonal, lo sensible y lo intelectual. Apuesta, en otros términos, por una experiencia integral origen de todo saber: común, científico y filosófico. El autor parte de las brillantes intuiciones de Karol Wojtyla, las compara con la fenomenología y la gnoseología clásica y, sobre estos elementos, construye, por primera vez, un método específicamente personalista. Juan Manuel Burgos es un conocido filósofo con reconocimiento internacional. Entre sus obras se pueden destacar: Introducción al personalismo; Antropología: una guía para la existencia (5ª ed.) y Reconstruir la persona. Sus escritos se han traducido al ingles, polaco y portugués.</p>

Rústica
