{"id":237504,"date":"2022-10-20T22:33:14","date_gmt":"2022-10-20T20:33:14","guid":{"rendered":"http:\/\/dev.claret.cat\/producte\/banu-qasi-la-guerra-de-al-andalus\/"},"modified":"2023-01-28T05:54:30","modified_gmt":"2023-01-28T04:54:30","slug":"banu-qasi-la-guerra-de-al-andalus-9788490702130","status":"publish","type":"product","link":"https:\/\/www.claret.cat\/es\/libro\/banu-qasi-la-guerra-de-al-andalus-9788490702130\/","title":{"rendered":"BANU QASI. LA GUERRA DE AL ANDALUS"},"content":{"rendered":"<p>Segundo t\u00edtulo de la trilog\u00eda de los Banu Qasi, de Carlos Aurensanz, el consagrado autor de novela hist\u00f3rica nominado en dos ocasiones al premio Hislibris en la categor\u00eda de Mejor Novela Hist\u00f3rica de Autor Espa\u00f1ol.<br \/> La Frontera Superior del Ebro cede parte de su protagonismo a la C\u00f3rdoba del emirato, al naciente reino de Pamplona, al pujante rey Alfonso III en su nueva corte de Le\u00f3n y a Bobastro, refugio en la sierra malague\u00f1a del rebelde Umar ibn Hafs\u00fan.<br \/> Carlos Aurensanz public\u00f3 Banu Qasi. Los hijos de Casio en 2009, a la que le sigui\u00f3 la presente Banu Qasi. La guerra de Al \u00c1ndalus. Con Banu Qasi. La hora del califa, concluye esta apasionante saga.<\/p>\n","protected":false},"excerpt":{"rendered":"<p>AURENSANZ, CARLOS<\/p>\n","protected":false},"featured_media":237505,"template":"","meta":{"_acf_changed":false,"om_disable_all_campaigns":false,"rs_blank_template":"","rs_page_bg_color":"","slide_template_v7":"","inline_featured_image":false,"_monsterinsights_skip_tracking":false,"_monsterinsights_sitenote_active":false,"_monsterinsights_sitenote_note":"","_monsterinsights_sitenote_category":0},"product_brand":[],"product_cat":[87],"product_tag":[],"class_list":{"0":"post-237504","1":"product","2":"type-product","3":"status-publish","4":"has-post-thumbnail","6":"product_cat-literatura","8":"first","9":"instock","10":"taxable","11":"shipping-taxable","12":"purchasable","13":"product-type-simple"},"acf":{"autor":"AURENSANZ, CARLOS","codart":"849070213","libros-coleccion":"","ediciones":"1","encuadernacion":"R\u00fastica","fecha_de_publicacion":"01\/04\/2016","novedad":"0","paginas":"704","subtitulo":"SAGA BANU QASI","orden":"999","portada":"0","idioma":"spa","editorial":[{"ID":147506,"post_author":"3","post_date":"2022-10-14 11:51:06","post_date_gmt":"2022-10-14 09:51:06","post_content":"","post_title":"B EDICIONES","post_excerpt":"","post_status":"publish","comment_status":"closed","ping_status":"closed","post_password":"","post_name":"b-ediciones","to_ping":"","pinged":"","post_modified":"2022-10-14 11:51:06","post_modified_gmt":"2022-10-14 09:51:06","post_content_filtered":"","post_parent":0,"guid":"http:\/\/dev.claret.cat\/editorial\/b-ediciones\/","menu_order":0,"post_type":"editorial","post_mime_type":"","comment_count":"0","filter":"raw"}],"autores-libros":[{"ID":152213,"post_author":"3","post_date":"2022-10-14 14:46:59","post_date_gmt":"2022-10-14 12:46:59","post_content":"","post_title":"CARLOS AURENSANZ","post_excerpt":"","post_status":"publish","comment_status":"closed","ping_status":"closed","post_password":"","post_name":"carlos-aurensanz","to_ping":"","pinged":"","post_modified":"2022-10-14 14:46:59","post_modified_gmt":"2022-10-14 12:46:59","post_content_filtered":"","post_parent":0,"guid":"http:\/\/dev.claret.cat\/autor\/carlos-aurensanz\/","menu_order":0,"post_type":"autor","post_mime_type":"","comment_count":"0","filter":"raw"}]},"aioseo_notices":[],"_links":{"self":[{"href":"https:\/\/www.claret.cat\/es\/wp-json\/wp\/v2\/product\/237504","targetHints":{"allow":["GET"]}}],"collection":[{"href":"https:\/\/www.claret.cat\/es\/wp-json\/wp\/v2\/product"}],"about":[{"href":"https:\/\/www.claret.cat\/es\/wp-json\/wp\/v2\/types\/product"}],"wp:featuredmedia":[{"embeddable":true,"href":"https:\/\/www.claret.cat\/es\/wp-json\/wp\/v2\/media\/237505"}],"wp:attachment":[{"href":"https:\/\/www.claret.cat\/es\/wp-json\/wp\/v2\/media?parent=237504"}],"wp:term":[{"taxonomy":"product_brand","embeddable":true,"href":"https:\/\/www.claret.cat\/es\/wp-json\/wp\/v2\/product_brand?post=237504"},{"taxonomy":"product_cat","embeddable":true,"href":"https:\/\/www.claret.cat\/es\/wp-json\/wp\/v2\/product_cat?post=237504"},{"taxonomy":"product_tag","embeddable":true,"href":"https:\/\/www.claret.cat\/es\/wp-json\/wp\/v2\/product_tag?post=237504"}],"curies":[{"name":"wp","href":"https:\/\/api.w.org\/{rel}","templated":true}]}}

<p>Segundo título de la trilogía de los Banu Qasi, de Carlos Aurensanz, el consagrado autor de novela histórica nominado en dos ocasiones al premio Hislibris en la categoría de Mejor Novela Histórica de Autor Español.<br /> La Frontera Superior del Ebro cede parte de su protagonismo a la Córdoba del emirato, al naciente reino de Pamplona, al pujante rey Alfonso III en su nueva corte de León y a Bobastro, refugio en la sierra malagueña del rebelde Umar ibn Hafsún.<br /> Carlos Aurensanz publicó Banu Qasi. Los hijos de Casio en 2009, a la que le siguió la presente Banu Qasi. La guerra de Al Ándalus. Con Banu Qasi. La hora del califa, concluye esta apasionante saga.</p>

Rústica
