{"id":23751,"date":"2022-10-02T10:06:38","date_gmt":"2022-10-02T08:06:38","guid":{"rendered":"http:\/\/dev.claret.cat\/producte\/el-mendigo-alegre\/"},"modified":"2026-03-27T19:45:14","modified_gmt":"2026-03-27T18:45:14","slug":"el-mendigo-alegre-9788490613535","status":"publish","type":"product","link":"https:\/\/www.claret.cat\/es\/libro\/el-mendigo-alegre-9788490613535\/","title":{"rendered":"EL MENDIGO ALEGRE"},"content":{"rendered":"<p>Louis de Wohl nos muestra uno de los santos m\u00e1s conocidos, admirados y queridos de toda la historia. El escenario de la acci\u00f3n nos lleva desde As\u00eds a Roma, a Sicilia, a las arenas de Egipto.<br \/>As\u00eds y Perugia est\u00e1n en guerra. Entre los mandos de las tropas de As\u00eds hay un joven desenfadado y jovial llamado Francisco Bernardone. La ciudad de As\u00eds pierde la batalla, pero en realidad, en medio de la disputa, tiene lugar una enorme victoria para la humanidad: otro oficial joven, Roger, Conde de Vandria, logra salvar la vida de Francisco. Desde la movida juventud de Francisco hasta la fant\u00e1stica escena de su fallecimiento, todo este relato est\u00e1 llevado con el contrapunto de la historia de Roger de Vandria, esc\u00e9ptico y materialista, que se percata tal vez demasiado tarde de que todas sus haza\u00f1as, a lo largo de una lealtad de a\u00f1os hacia su rey y se\u00f1or, no significan esencialmente nada comparadas con el acto heroico que evit\u00f3 la muerte a su amigo Francisco.<br \/>Es una historia que hierve de acci\u00f3n y de caracteres finamente ilustrados: santa Clara, de belleza delicada; el rey de Sicilia y Emperador del Sacro Imperio, Federico; el sult\u00e1n Al-Kamil; el papa Inocencio III&#8230; El escenario de la acci\u00f3n nos traslada desde As\u00eds a Roma, a Sicilia, a las arenas de Egipto.<br \/>Otravez m\u00e1s, Louis de Wohl nos deleita con su conocida habilidad, de la misma manera que lo hace con otros libros suyos: La luz apacible, El \u00e1rbol viviente, El Oriente en llamas, La lanza, etc.<\/p>\n","protected":false},"excerpt":{"rendered":"<p>WOHL, LOUIS DE<\/p>\n","protected":false},"featured_media":945813,"template":"","meta":{"_acf_changed":false,"om_disable_all_campaigns":false,"rs_blank_template":"","rs_page_bg_color":"","slide_template_v7":"","inline_featured_image":false,"_monsterinsights_skip_tracking":false,"_monsterinsights_sitenote_active":false,"_monsterinsights_sitenote_note":"","_monsterinsights_sitenote_category":0},"product_brand":[],"product_cat":[549,99,345,79,545,95],"product_tag":[],"class_list":{"0":"post-23751","1":"product","2":"type-product","3":"status-publish","4":"has-post-thumbnail","6":"product_cat-biografias","7":"product_cat-biografies","8":"product_cat-espiritualidad","9":"product_cat-espiritualitat","10":"product_cat-santoral-1_espiritualidad-spa","11":"product_cat-santoral","13":"first","14":"instock","15":"taxable","16":"shipping-taxable","17":"purchasable","18":"product-type-simple"},"acf":{"autor":"WOHL, LOUIS DE","codart":"849061353","libros-coleccion":"Arcaduz","ediciones":"1","encuadernacion":"R\u00fastica","fecha_de_publicacion":"01\/12\/2015","novedad":"1","paginas":"376","subtitulo":"HISTORIA DE SAN FRANCISCO DE AS\u00cdS","orden":"0","portada":"0","idioma":"spa","editorial":[{"ID":148621,"post_author":"3","post_date":"2022-10-14 11:59:41","post_date_gmt":"2022-10-14 09:59:41","post_content":"","post_title":"PALABRA","post_excerpt":"","post_status":"publish","comment_status":"closed","ping_status":"closed","post_password":"","post_name":"palabra","to_ping":"","pinged":"","post_modified":"2022-10-14 11:59:41","post_modified_gmt":"2022-10-14 09:59:41","post_content_filtered":"","post_parent":0,"guid":"http:\/\/dev.claret.cat\/editorial\/palabra\/","menu_order":0,"post_type":"editorial","post_mime_type":"","comment_count":"0","filter":"raw"}],"autores-libros":[{"ID":162521,"post_author":"3","post_date":"2022-10-14 17:31:41","post_date_gmt":"2022-10-14 15:31:41","post_content":"","post_title":"LOUIS DE WOHL","post_excerpt":"","post_status":"publish","comment_status":"closed","ping_status":"closed","post_password":"","post_name":"louis-de-wohl","to_ping":"","pinged":"","post_modified":"2022-10-14 17:31:41","post_modified_gmt":"2022-10-14 15:31:41","post_content_filtered":"","post_parent":0,"guid":"http:\/\/dev.claret.cat\/autor\/louis-de-wohl\/","menu_order":0,"post_type":"autor","post_mime_type":"","comment_count":"0","filter":"raw"}],"booktrailer":"","resenas":""},"aioseo_notices":[],"_links":{"self":[{"href":"https:\/\/www.claret.cat\/es\/wp-json\/wp\/v2\/product\/23751","targetHints":{"allow":["GET"]}}],"collection":[{"href":"https:\/\/www.claret.cat\/es\/wp-json\/wp\/v2\/product"}],"about":[{"href":"https:\/\/www.claret.cat\/es\/wp-json\/wp\/v2\/types\/product"}],"wp:featuredmedia":[{"embeddable":true,"href":"https:\/\/www.claret.cat\/es\/wp-json\/wp\/v2\/media\/945813"}],"wp:attachment":[{"href":"https:\/\/www.claret.cat\/es\/wp-json\/wp\/v2\/media?parent=23751"}],"wp:term":[{"taxonomy":"product_brand","embeddable":true,"href":"https:\/\/www.claret.cat\/es\/wp-json\/wp\/v2\/product_brand?post=23751"},{"taxonomy":"product_cat","embeddable":true,"href":"https:\/\/www.claret.cat\/es\/wp-json\/wp\/v2\/product_cat?post=23751"},{"taxonomy":"product_tag","embeddable":true,"href":"https:\/\/www.claret.cat\/es\/wp-json\/wp\/v2\/product_tag?post=23751"}],"curies":[{"name":"wp","href":"https:\/\/api.w.org\/{rel}","templated":true}]}}

<p>Louis de Wohl nos muestra uno de los santos más conocidos, admirados y queridos de toda la historia. El escenario de la acción nos lleva desde Asís a Roma, a Sicilia, a las arenas de Egipto.<br />Asís y Perugia están en guerra. Entre los mandos de las tropas de Asís hay un joven desenfadado y jovial llamado Francisco Bernardone. La ciudad de Asís pierde la batalla, pero en realidad, en medio de la disputa, tiene lugar una enorme victoria para la humanidad: otro oficial joven, Roger, Conde de Vandria, logra salvar la vida de Francisco. Desde la movida juventud de Francisco hasta la fantástica escena de su fallecimiento, todo este relato está llevado con el contrapunto de la historia de Roger de Vandria, escéptico y materialista, que se percata tal vez demasiado tarde de que todas sus hazañas, a lo largo de una lealtad de años hacia su rey y señor, no significan esencialmente nada comparadas con el acto heroico que evitó la muerte a su amigo Francisco.<br />Es una historia que hierve de acción y de caracteres finamente ilustrados: santa Clara, de belleza delicada; el rey de Sicilia y Emperador del Sacro Imperio, Federico; el sultán Al-Kamil; el papa Inocencio III&#8230; El escenario de la acción nos traslada desde Asís a Roma, a Sicilia, a las arenas de Egipto.<br />Otravez más, Louis de Wohl nos deleita con su conocida habilidad, de la misma manera que lo hace con otros libros suyos: La luz apacible, El árbol viviente, El Oriente en llamas, La lanza, etc.</p>

Rústica

HISTORIA DE SAN FRANCISCO DE ASÍS
