{"id":23781,"date":"2022-10-02T10:07:03","date_gmt":"2022-10-02T08:07:03","guid":{"rendered":"http:\/\/dev.claret.cat\/producte\/que-te-falta-para-ser-feliz\/"},"modified":"2023-01-28T06:24:00","modified_gmt":"2023-01-28T05:24:00","slug":"que-te-falta-para-ser-feliz-9788490613788","status":"publish","type":"product","link":"https:\/\/www.claret.cat\/es\/libro\/que-te-falta-para-ser-feliz-9788490613788\/","title":{"rendered":"\u00bfQU\u00c9 TE FALTA PARA SER FELIZ?"},"content":{"rendered":"<p>&#8216;\u00bfPor qu\u00e9 nos fijamos siempre en lo que nos falta en vez de en lo que tenemos? A menudo, los l\u00edmites no son reales, los l\u00edmites se encuentran solo en los ojos de quienes nos miran.<\/p>\n","protected":false},"excerpt":{"rendered":"<p>ATZORI, SIMONA<\/p>\n","protected":false},"featured_media":74896,"template":"","meta":{"_acf_changed":false,"om_disable_all_campaigns":false,"rs_blank_template":"","rs_page_bg_color":"","slide_template_v7":"","inline_featured_image":false,"_monsterinsights_skip_tracking":false,"_monsterinsights_sitenote_active":false,"_monsterinsights_sitenote_note":"","_monsterinsights_sitenote_category":0},"product_brand":[],"product_cat":[99],"product_tag":[],"class_list":{"0":"post-23781","1":"product","2":"type-product","3":"status-publish","4":"has-post-thumbnail","6":"product_cat-biografies","8":"first","9":"instock","10":"taxable","11":"shipping-taxable","12":"purchasable","13":"product-type-simple"},"acf":{"autor":"ATZORI, SIMONA","codart":"849061378","libros-coleccion":"","ediciones":"1","encuadernacion":"R\u00fastica","fecha_de_publicacion":"22\/06\/2016","novedad":"0","paginas":"208","subtitulo":"","orden":"999","portada":"0","idioma":"spa","editorial":[{"ID":6324,"post_author":"3","post_date":"2022-07-28 17:49:44","post_date_gmt":"2022-07-28 15:49:44","post_content":"","post_title":"PALABRA, EDICIONES S. A.","post_excerpt":"","post_status":"publish","comment_status":"closed","ping_status":"closed","post_password":"","post_name":"palabra-ediciones-s-a","to_ping":"","pinged":"","post_modified":"2022-07-28 17:49:44","post_modified_gmt":"2022-07-28 15:49:44","post_content_filtered":"","post_parent":0,"guid":"http:\/\/dev.claret.cat\/editorial\/palabra-ediciones-s-a\/","menu_order":0,"post_type":"editorial","post_mime_type":"","comment_count":"0","filter":"raw"}],"autores-libros":[{"ID":169564,"post_author":"3","post_date":"2022-10-14 22:28:14","post_date_gmt":"2022-10-14 20:28:14","post_content":"","post_title":"SIMONA ATZORI","post_excerpt":"","post_status":"publish","comment_status":"closed","ping_status":"closed","post_password":"","post_name":"simona-atzori","to_ping":"","pinged":"","post_modified":"2022-10-14 22:28:14","post_modified_gmt":"2022-10-14 20:28:14","post_content_filtered":"","post_parent":0,"guid":"http:\/\/dev.claret.cat\/autor\/simona-atzori\/","menu_order":0,"post_type":"autor","post_mime_type":"","comment_count":"0","filter":"raw"}]},"aioseo_notices":[],"_links":{"self":[{"href":"https:\/\/www.claret.cat\/es\/wp-json\/wp\/v2\/product\/23781","targetHints":{"allow":["GET"]}}],"collection":[{"href":"https:\/\/www.claret.cat\/es\/wp-json\/wp\/v2\/product"}],"about":[{"href":"https:\/\/www.claret.cat\/es\/wp-json\/wp\/v2\/types\/product"}],"wp:featuredmedia":[{"embeddable":true,"href":"https:\/\/www.claret.cat\/es\/wp-json\/wp\/v2\/media\/74896"}],"wp:attachment":[{"href":"https:\/\/www.claret.cat\/es\/wp-json\/wp\/v2\/media?parent=23781"}],"wp:term":[{"taxonomy":"product_brand","embeddable":true,"href":"https:\/\/www.claret.cat\/es\/wp-json\/wp\/v2\/product_brand?post=23781"},{"taxonomy":"product_cat","embeddable":true,"href":"https:\/\/www.claret.cat\/es\/wp-json\/wp\/v2\/product_cat?post=23781"},{"taxonomy":"product_tag","embeddable":true,"href":"https:\/\/www.claret.cat\/es\/wp-json\/wp\/v2\/product_tag?post=23781"}],"curies":[{"name":"wp","href":"https:\/\/api.w.org\/{rel}","templated":true}]}}

¿QUÉ TE FALTA PARA SER FELIZ?

<p>&#8216;¿Por qué nos fijamos siempre en lo que nos falta en vez de en lo que tenemos? A menudo, los límites no son reales, los límites se encuentran solo en los ojos de quienes nos miran.</p>

Rústica
