{"id":239679,"date":"2022-10-20T23:25:34","date_gmt":"2022-10-20T21:25:34","guid":{"rendered":"http:\/\/dev.claret.cat\/producte\/gramatica-de-la-fantasia\/"},"modified":"2024-01-31T19:14:33","modified_gmt":"2024-01-31T18:14:33","slug":"gramatica-de-la-fantasia-9788416334988","status":"publish","type":"product","link":"https:\/\/www.claret.cat\/es\/libro\/gramatica-de-la-fantasia-9788416334988\/","title":{"rendered":"GRAM\u00c0TICA DE LA FANTASIA"},"content":{"rendered":"<p>\u00abAll\u00f2 que estic fent \u00e9s cercar les constants dels mecanismes fant\u00e0stics, les lleis que no han estat encara aprofundides, per fer-les accessibles a tothom\u00bb. D&#8217;aquesta cerca, que Gianni Rodari va fer durant molts anys, ha nascut aquesta Gram\u00e0tica de la fantasia, una proposta concreta que reivindica la fantasia i l&#8217;espai que mereix en la vida de tot individu. A trav\u00e9s de les m\u00e9s variades t\u00e8cniques de la invenci\u00f3, Rodari ofereix amb aquest llibre un instrument efica\u00e7i \u00fatil per a qui creu en la necessitat que la imaginaci\u00f3 tingui el seu paper en l&#8217;educaci\u00f3, per a qui t\u00e9fe en la creativitat infantil, per a qui sap quin \u00e9s el valor d&#8217;alliberaci\u00f3 que pot tenir la paraula.\u00abSi dispos\u00e9ssim d&#8217;una Fant\u00e0stica, com disposem d&#8217;una L\u00f2gica, s&#8217;hauria descobert l&#8217;art d&#8217;inventar\u00bb.<\/p>\n","protected":false},"excerpt":{"rendered":"<p>RODARI, GIANNI<\/p>\n","protected":false},"featured_media":239680,"template":"","meta":{"_acf_changed":false,"om_disable_all_campaigns":false,"rs_blank_template":"","rs_page_bg_color":"","slide_template_v7":"","inline_featured_image":false,"_monsterinsights_skip_tracking":false,"_monsterinsights_sitenote_active":false,"_monsterinsights_sitenote_note":"","_monsterinsights_sitenote_category":0},"product_brand":[],"product_cat":[100,550],"product_tag":[],"class_list":{"0":"post-239679","1":"product","2":"type-product","3":"status-publish","4":"has-post-thumbnail","6":"product_cat-escola-de-pares","7":"product_cat-escuela-de-padres-3_infantil-juvenil-spa-spa","9":"first","10":"instock","11":"taxable","12":"shipping-taxable","13":"purchasable","14":"product-type-simple"},"acf":{"autor":"RODARI, GIANNI","codart":"841633498","libros-coleccion":"","ediciones":"1","encuadernacion":"R\u00fastica","fecha_de_publicacion":"17\/03\/2016","novedad":"0","paginas":"224","subtitulo":"","orden":"999","portada":"0","idioma":"cat","editorial":[{"ID":6281,"post_author":"3","post_date":"2022-07-28 17:48:50","post_date_gmt":"2022-07-28 15:48:50","post_content":"","post_title":"LABUTXACA","post_excerpt":"","post_status":"publish","comment_status":"closed","ping_status":"closed","post_password":"","post_name":"labutxaca","to_ping":"","pinged":"","post_modified":"2022-07-28 17:48:50","post_modified_gmt":"2022-07-28 15:48:50","post_content_filtered":"","post_parent":0,"guid":"http:\/\/dev.claret.cat\/editorial\/labutxaca\/","menu_order":0,"post_type":"editorial","post_mime_type":"","comment_count":"0","filter":"raw"}],"autores-libros":[{"ID":156866,"post_author":"3","post_date":"2022-10-14 15:24:14","post_date_gmt":"2022-10-14 13:24:14","post_content":"","post_title":"GIANNI RODARI","post_excerpt":"","post_status":"publish","comment_status":"closed","ping_status":"closed","post_password":"","post_name":"gianni-rodari","to_ping":"","pinged":"","post_modified":"2022-10-14 15:24:14","post_modified_gmt":"2022-10-14 13:24:14","post_content_filtered":"","post_parent":0,"guid":"http:\/\/dev.claret.cat\/autor\/gianni-rodari\/","menu_order":0,"post_type":"autor","post_mime_type":"","comment_count":"0","filter":"raw"}]},"aioseo_notices":[],"_links":{"self":[{"href":"https:\/\/www.claret.cat\/es\/wp-json\/wp\/v2\/product\/239679","targetHints":{"allow":["GET"]}}],"collection":[{"href":"https:\/\/www.claret.cat\/es\/wp-json\/wp\/v2\/product"}],"about":[{"href":"https:\/\/www.claret.cat\/es\/wp-json\/wp\/v2\/types\/product"}],"wp:featuredmedia":[{"embeddable":true,"href":"https:\/\/www.claret.cat\/es\/wp-json\/wp\/v2\/media\/239680"}],"wp:attachment":[{"href":"https:\/\/www.claret.cat\/es\/wp-json\/wp\/v2\/media?parent=239679"}],"wp:term":[{"taxonomy":"product_brand","embeddable":true,"href":"https:\/\/www.claret.cat\/es\/wp-json\/wp\/v2\/product_brand?post=239679"},{"taxonomy":"product_cat","embeddable":true,"href":"https:\/\/www.claret.cat\/es\/wp-json\/wp\/v2\/product_cat?post=239679"},{"taxonomy":"product_tag","embeddable":true,"href":"https:\/\/www.claret.cat\/es\/wp-json\/wp\/v2\/product_tag?post=239679"}],"curies":[{"name":"wp","href":"https:\/\/api.w.org\/{rel}","templated":true}]}}

GRAMÀTICA DE LA FANTASIA

<p>«Allò que estic fent és cercar les constants dels mecanismes fantàstics, les lleis que no han estat encara aprofundides, per fer-les accessibles a tothom». D&#8217;aquesta cerca, que Gianni Rodari va fer durant molts anys, ha nascut aquesta Gramàtica de la fantasia, una proposta concreta que reivindica la fantasia i l&#8217;espai que mereix en la vida de tot individu. A través de les més variades tècniques de la invenció, Rodari ofereix amb aquest llibre un instrument eficaçi útil per a qui creu en la necessitat que la imaginació tingui el seu paper en l&#8217;educació, per a qui téfe en la creativitat infantil, per a qui sap quin és el valor d&#8217;alliberació que pot tenir la paraula.«Si disposéssim d&#8217;una Fantàstica, com disposem d&#8217;una Lògica, s&#8217;hauria descobert l&#8217;art d&#8217;inventar».</p>

Rústica
