{"id":240001,"date":"2022-10-20T23:55:04","date_gmt":"2022-10-20T21:55:04","guid":{"rendered":"http:\/\/dev.claret.cat\/producte\/un-mal-poema-ensucia-el-mundo-i\/"},"modified":"2023-01-28T05:56:56","modified_gmt":"2023-01-28T04:56:56","slug":"un-mal-poema-ensucia-el-mundo-i-9788416601028","status":"publish","type":"product","link":"https:\/\/www.claret.cat\/es\/libro\/un-mal-poema-ensucia-el-mundo-i-9788416601028\/","title":{"rendered":"UN MAL POEMA ENSUCIA EL MUNDO I"},"content":{"rendered":"<p>Joan Margarit reflexiona sobre la poes\u00eda y sobre la vida, con una prosa madura, l\u00facida, bella, impregnada de esa honesta intensidad con que el poeta ha construido toda su obra y su pensamiento.<br \/>Los poemarios de Joan Margarit han venido a menudo acompa\u00f1ados de breves ensayos en los que el poeta reflexiona con profundidad acerca de su obra, de la relaci\u00f3n de la poes\u00eda con la literatura y con las ciencias, de su relaci\u00f3n con el mundo, de la forma de enfrentarse a sus poemas y de las circunstancias personales que a menudo los motivaron.<br \/>Es as\u00ed como, a base de ep\u00edlogos, anotaciones y textos dispersos, Margarit ha creado una obra en prosa paralela a su poes\u00eda, una prosa susceptible de ser considerada y le\u00edda aut\u00f3nomamente, cargada de intenci\u00f3n y gracia, que en este libro, de la mano de Jordi Gracia, hemos recopilado y completado con otros textos del autor.<br \/>Como se dice en el Pr\u00f3logo, \u00abcon el poeta iba creciendo tambi\u00e9n el ensayista: la plenitud de uno era hermana de la plenitud del otro. Revelaban ambas rutas la conquista de la libertad de hablar de literatura, de la poes\u00eda y de la vida con nuevas certezas y nuevas armas\u00bb.<br \/>El resultado es un libro que cautivar\u00e1 la sensibilidad y la atenci\u00f3n del lector, no solo del amante de la poes\u00eda de Margarit, o de la poes\u00eda en general, sino tambi\u00e9n de todos aquellos interesados por el universo del creador y por el proceso de la creaci\u00f3n.<br \/>Un mal poema ensucia el mundo abre las puertas al pensamiento y al recorrido vital del autor. El ensayo como literatura, en estado puro.<\/p>\n","protected":false},"excerpt":{"rendered":"<p>MARGARIT, JOAN<\/p>\n","protected":false},"featured_media":240002,"template":"","meta":{"_acf_changed":false,"om_disable_all_campaigns":false,"rs_blank_template":"","rs_page_bg_color":"","slide_template_v7":"","inline_featured_image":false,"_monsterinsights_skip_tracking":false,"_monsterinsights_sitenote_active":false,"_monsterinsights_sitenote_note":"","_monsterinsights_sitenote_category":0},"product_brand":[],"product_cat":[87],"product_tag":[],"class_list":{"0":"post-240001","1":"product","2":"type-product","3":"status-publish","4":"has-post-thumbnail","6":"product_cat-literatura","8":"first","9":"instock","10":"taxable","11":"shipping-taxable","12":"purchasable","13":"product-type-simple"},"acf":{"autor":"MARGARIT, JOAN","codart":"841660102","libros-coleccion":"SUSHI BOOKS","ediciones":"1","encuadernacion":"R\u00fastica","fecha_de_publicacion":"01\/02\/2016","novedad":"1","paginas":"220","subtitulo":"ENSAYOS SOBRE POES\u00cdA 1988-2014","orden":"0","portada":"0","idioma":"spa","editorial":[{"ID":6127,"post_author":"3","post_date":"2022-07-28 17:45:28","post_date_gmt":"2022-07-28 15:45:28","post_content":"","post_title":"ARPA EDITORES","post_excerpt":"","post_status":"publish","comment_status":"closed","ping_status":"closed","post_password":"","post_name":"arpa-editores","to_ping":"","pinged":"","post_modified":"2022-07-28 17:45:28","post_modified_gmt":"2022-07-28 15:45:28","post_content_filtered":"","post_parent":0,"guid":"http:\/\/dev.claret.cat\/editorial\/arpa-editores\/","menu_order":0,"post_type":"editorial","post_mime_type":"","comment_count":"0","filter":"raw"}],"autores-libros":[{"ID":159357,"post_author":"3","post_date":"2022-10-14 15:44:11","post_date_gmt":"2022-10-14 13:44:11","post_content":"","post_title":"JOAN MARGARIT","post_excerpt":"","post_status":"publish","comment_status":"closed","ping_status":"closed","post_password":"","post_name":"joan-margarit","to_ping":"","pinged":"","post_modified":"2022-10-14 15:44:11","post_modified_gmt":"2022-10-14 13:44:11","post_content_filtered":"","post_parent":0,"guid":"http:\/\/dev.claret.cat\/autor\/joan-margarit\/","menu_order":0,"post_type":"autor","post_mime_type":"","comment_count":"0","filter":"raw"}]},"aioseo_notices":[],"_links":{"self":[{"href":"https:\/\/www.claret.cat\/es\/wp-json\/wp\/v2\/product\/240001","targetHints":{"allow":["GET"]}}],"collection":[{"href":"https:\/\/www.claret.cat\/es\/wp-json\/wp\/v2\/product"}],"about":[{"href":"https:\/\/www.claret.cat\/es\/wp-json\/wp\/v2\/types\/product"}],"wp:featuredmedia":[{"embeddable":true,"href":"https:\/\/www.claret.cat\/es\/wp-json\/wp\/v2\/media\/240002"}],"wp:attachment":[{"href":"https:\/\/www.claret.cat\/es\/wp-json\/wp\/v2\/media?parent=240001"}],"wp:term":[{"taxonomy":"product_brand","embeddable":true,"href":"https:\/\/www.claret.cat\/es\/wp-json\/wp\/v2\/product_brand?post=240001"},{"taxonomy":"product_cat","embeddable":true,"href":"https:\/\/www.claret.cat\/es\/wp-json\/wp\/v2\/product_cat?post=240001"},{"taxonomy":"product_tag","embeddable":true,"href":"https:\/\/www.claret.cat\/es\/wp-json\/wp\/v2\/product_tag?post=240001"}],"curies":[{"name":"wp","href":"https:\/\/api.w.org\/{rel}","templated":true}]}}

<p>Joan Margarit reflexiona sobre la poesía y sobre la vida, con una prosa madura, lúcida, bella, impregnada de esa honesta intensidad con que el poeta ha construido toda su obra y su pensamiento.<br />Los poemarios de Joan Margarit han venido a menudo acompañados de breves ensayos en los que el poeta reflexiona con profundidad acerca de su obra, de la relación de la poesía con la literatura y con las ciencias, de su relación con el mundo, de la forma de enfrentarse a sus poemas y de las circunstancias personales que a menudo los motivaron.<br />Es así como, a base de epílogos, anotaciones y textos dispersos, Margarit ha creado una obra en prosa paralela a su poesía, una prosa susceptible de ser considerada y leída autónomamente, cargada de intención y gracia, que en este libro, de la mano de Jordi Gracia, hemos recopilado y completado con otros textos del autor.<br />Como se dice en el Prólogo, «con el poeta iba creciendo también el ensayista: la plenitud de uno era hermana de la plenitud del otro. Revelaban ambas rutas la conquista de la libertad de hablar de literatura, de la poesía y de la vida con nuevas certezas y nuevas armas».<br />El resultado es un libro que cautivará la sensibilidad y la atención del lector, no solo del amante de la poesía de Margarit, o de la poesía en general, sino también de todos aquellos interesados por el universo del creador y por el proceso de la creación.<br />Un mal poema ensucia el mundo abre las puertas al pensamiento y al recorrido vital del autor. El ensayo como literatura, en estado puro.</p>

Rústica

ENSAYOS SOBRE POESÍA 1988-2014
