{"id":241086,"date":"2022-10-21T00:22:04","date_gmt":"2022-10-20T22:22:04","guid":{"rendered":"http:\/\/dev.claret.cat\/producte\/mallorca-2\/"},"modified":"2023-01-28T07:58:27","modified_gmt":"2023-01-28T06:58:27","slug":"mallorca-9788499358376","status":"publish","type":"product","link":"https:\/\/www.claret.cat\/es\/libro\/mallorca-9788499358376\/","title":{"rendered":"MALLORCA"},"content":{"rendered":"<p>Una gu\u00eda pr\u00e1ctica y totalmente actualizada, ideal para realizar un corto viaje a la isla de Mallorca.<br \/> La gu\u00eda est\u00e1 dividida en cuatro apartados.<br \/> En el primero, titulado Diez Indispensables, se propone una selecci\u00f3n de los lugares, curiosidades y tradiciones de la zona que no hay que perderse: Monta\u00f1as que detienen el viento, El Pla secular, El Raiguer, De los talaiots al Gran Hotel&#8230;<br \/> El segundo apartado, Visita a Palma, consta de dos itinerarios a seguir por la capital de la isla, el itinerario b\u00e1sico y el complementario, donde se proporciona informaci\u00f3n detallada de los lugares de mayor inter\u00e9s. Tambi\u00e9n incluye un plano de la ciudad con los monumentos m\u00e1s importantes destacados.<br \/> El siguiente apartado, Visita a la isla, propone nueve excursiones de un d\u00eda por Mallorca: Velldemossa-S\u00f3ller, Palma-Formentor, Manacor-Las cuevas del Drach, Lluc-Torrent de Pareis, Alcudia-Son Real&#8230; Un \u00fatil mapa de carreteras de la isla facilita la planificaci\u00f3n de los desplazamientos.<br \/> Finalmente, se incluye una amplia selecci\u00f3n de restaurantes, alojamientos, direcciones de museos y monumentos, as\u00ed como una exhaustiva informaci\u00f3n pr\u00e1ctica para moverse por la zona.<\/p>\n","protected":false},"excerpt":{"rendered":"<p>RAY\u00d3 FERRER, MIQUEL \/ JANER MANILA, GABRIEL \/ FERR\u00c1, MIQUEL<\/p>\n","protected":false},"featured_media":241087,"template":"","meta":{"_acf_changed":false,"om_disable_all_campaigns":false,"rs_blank_template":"","rs_page_bg_color":"","slide_template_v7":"","inline_featured_image":false,"_monsterinsights_skip_tracking":false,"_monsterinsights_sitenote_active":false,"_monsterinsights_sitenote_note":"","_monsterinsights_sitenote_category":0},"product_brand":[],"product_cat":[107],"product_tag":[],"class_list":{"0":"post-241086","1":"product","2":"type-product","3":"status-publish","4":"has-post-thumbnail","6":"product_cat-guies-de-viatge","8":"first","9":"instock","10":"taxable","11":"shipping-taxable","12":"purchasable","13":"product-type-simple"},"acf":{"autor":"RAY\u00d3 FERRER, MIQUEL \/ JANER MANILA, GABRIEL \/ FERR\u00c1, MIQUEL","codart":"849935837","libros-coleccion":"SUSHI BOOKS","ediciones":"1","encuadernacion":"R\u00fastica","fecha_de_publicacion":"01\/01\/2016","novedad":"1","paginas":"144","subtitulo":"","orden":"0","portada":"0","idioma":"spa","editorial":[{"ID":147435,"post_author":"3","post_date":"2022-10-14 11:50:33","post_date_gmt":"2022-10-14 09:50:33","post_content":"","post_title":"Anaya Touring","post_excerpt":"","post_status":"publish","comment_status":"closed","ping_status":"closed","post_password":"","post_name":"anaya-touring","to_ping":"","pinged":"","post_modified":"2022-10-14 11:50:33","post_modified_gmt":"2022-10-14 09:50:33","post_content_filtered":"","post_parent":0,"guid":"http:\/\/dev.claret.cat\/editorial\/anaya-touring\/","menu_order":0,"post_type":"editorial","post_mime_type":"","comment_count":"0","filter":"raw"}],"autores-libros":[{"ID":165173,"post_author":"3","post_date":"2022-10-14 17:53:00","post_date_gmt":"2022-10-14 15:53:00","post_content":"","post_title":"MIQUEL RAYO FERRER","post_excerpt":"","post_status":"publish","comment_status":"closed","ping_status":"closed","post_password":"","post_name":"miquel-rayo-ferrer","to_ping":"","pinged":"","post_modified":"2022-10-14 17:53:00","post_modified_gmt":"2022-10-14 15:53:00","post_content_filtered":"","post_parent":0,"guid":"http:\/\/dev.claret.cat\/autor\/miquel-rayo-ferrer\/","menu_order":0,"post_type":"autor","post_mime_type":"","comment_count":"0","filter":"raw"},{"ID":156526,"post_author":"3","post_date":"2022-10-14 15:21:31","post_date_gmt":"2022-10-14 13:21:31","post_content":"","post_title":"GABRIEL JANER MANILA","post_excerpt":"","post_status":"publish","comment_status":"closed","ping_status":"closed","post_password":"","post_name":"gabriel-janer-manila","to_ping":"","pinged":"","post_modified":"2022-10-14 15:21:31","post_modified_gmt":"2022-10-14 13:21:31","post_content_filtered":"","post_parent":0,"guid":"http:\/\/dev.claret.cat\/autor\/gabriel-janer-manila\/","menu_order":0,"post_type":"autor","post_mime_type":"","comment_count":"0","filter":"raw"},{"ID":165153,"post_author":"3","post_date":"2022-10-14 17:52:50","post_date_gmt":"2022-10-14 15:52:50","post_content":"","post_title":"MIQUEL FERRA","post_excerpt":"","post_status":"publish","comment_status":"closed","ping_status":"closed","post_password":"","post_name":"miquel-ferra","to_ping":"","pinged":"","post_modified":"2022-10-14 17:52:50","post_modified_gmt":"2022-10-14 15:52:50","post_content_filtered":"","post_parent":0,"guid":"http:\/\/dev.claret.cat\/autor\/miquel-ferra\/","menu_order":0,"post_type":"autor","post_mime_type":"","comment_count":"0","filter":"raw"}]},"aioseo_notices":[],"_links":{"self":[{"href":"https:\/\/www.claret.cat\/es\/wp-json\/wp\/v2\/product\/241086","targetHints":{"allow":["GET"]}}],"collection":[{"href":"https:\/\/www.claret.cat\/es\/wp-json\/wp\/v2\/product"}],"about":[{"href":"https:\/\/www.claret.cat\/es\/wp-json\/wp\/v2\/types\/product"}],"wp:featuredmedia":[{"embeddable":true,"href":"https:\/\/www.claret.cat\/es\/wp-json\/wp\/v2\/media\/241087"}],"wp:attachment":[{"href":"https:\/\/www.claret.cat\/es\/wp-json\/wp\/v2\/media?parent=241086"}],"wp:term":[{"taxonomy":"product_brand","embeddable":true,"href":"https:\/\/www.claret.cat\/es\/wp-json\/wp\/v2\/product_brand?post=241086"},{"taxonomy":"product_cat","embeddable":true,"href":"https:\/\/www.claret.cat\/es\/wp-json\/wp\/v2\/product_cat?post=241086"},{"taxonomy":"product_tag","embeddable":true,"href":"https:\/\/www.claret.cat\/es\/wp-json\/wp\/v2\/product_tag?post=241086"}],"curies":[{"name":"wp","href":"https:\/\/api.w.org\/{rel}","templated":true}]}}

<p>Una guía práctica y totalmente actualizada, ideal para realizar un corto viaje a la isla de Mallorca.<br /> La guía está dividida en cuatro apartados.<br /> En el primero, titulado Diez Indispensables, se propone una selección de los lugares, curiosidades y tradiciones de la zona que no hay que perderse: Montañas que detienen el viento, El Pla secular, El Raiguer, De los talaiots al Gran Hotel&#8230;<br /> El segundo apartado, Visita a Palma, consta de dos itinerarios a seguir por la capital de la isla, el itinerario básico y el complementario, donde se proporciona información detallada de los lugares de mayor interés. También incluye un plano de la ciudad con los monumentos más importantes destacados.<br /> El siguiente apartado, Visita a la isla, propone nueve excursiones de un día por Mallorca: Velldemossa-Sóller, Palma-Formentor, Manacor-Las cuevas del Drach, Lluc-Torrent de Pareis, Alcudia-Son Real&#8230; Un útil mapa de carreteras de la isla facilita la planificación de los desplazamientos.<br /> Finalmente, se incluye una amplia selección de restaurantes, alojamientos, direcciones de museos y monumentos, así como una exhaustiva información práctica para moverse por la zona.</p>

<p>RAYÓ FERRER, MIQUEL / JANER MANILA, GABRIEL / FERRÁ, MIQUEL</p>

RAYÓ FERRER, MIQUEL / JANER MANILA, GABRIEL / FERRÁ, MIQUEL

Rústica
