{"id":24355,"date":"2022-10-02T10:14:54","date_gmt":"2022-10-02T08:14:54","guid":{"rendered":"http:\/\/dev.claret.cat\/producte\/humanitzar-leducacio\/"},"modified":"2023-12-13T13:52:19","modified_gmt":"2023-12-13T12:52:19","slug":"humanitzar-leducacio-9788417909598","status":"publish","type":"product","link":"https:\/\/www.claret.cat\/es\/libro\/humanitzar-leducacio-9788417909598\/","title":{"rendered":"HUMANITZAR L&#8221;EDUCACI\u00d3"},"content":{"rendered":"<p>La vida ens dona una oportunidad per repensar l&#8221;educaci\u00f3. La situaci\u00f3 que hem viscut ha mostrat les febleses del sistema educatiu  i ha posat de manifest que es troba molt lluny de la realitat. S&#8221;ha  revelat la inflexibilitat del curr\u00edculum, que cal adaptar-lo a la  realitat, i no a l&#8221;inrev\u00e9s. Els verbs que s&#8221;han sentit m\u00e9s aquests mesos  quan es parlava d&#8221;educaci\u00f3 s\u00f3n &#8216;avaluar&#8217; i &#8216;examinar&#8217;, i el que hem  d&#8221;analitzar \u00e9s el sistema. Aix\u00ed que, en lloc de buscar diferents respostes a les preguntes de sempre, potser hem de canviar les  preguntes: quines eines necessiten els nens i les nenes? Quines  mancances trobem en l&#8221;educaci\u00f3 que hem rebut?Servir\u00e0 el que hem viscut  per reflexionar o tornarem a l&#8221;educaci\u00f3 prepand\u00e8mia com si no hagu\u00e9s passat res? Hem d&#8221;aprofitar aquest moment per replantejar-nos l&#8221;educaci\u00f3 que volem:  si hi ha alguna cosa clara \u00e9s que tot comen\u00e7a en l&#8221;educaci\u00f3.<\/p>\n","protected":false},"excerpt":{"rendered":"<p>BONA, C\u00c9SAR<\/p>\n","protected":false},"featured_media":64966,"template":"","meta":{"_acf_changed":false,"om_disable_all_campaigns":false,"rs_blank_template":"","rs_page_bg_color":"","slide_template_v7":"","inline_featured_image":false,"_monsterinsights_skip_tracking":false,"_monsterinsights_sitenote_active":false,"_monsterinsights_sitenote_note":"","_monsterinsights_sitenote_category":0},"product_brand":[],"product_cat":[190,382],"product_tag":[],"class_list":{"0":"post-24355","1":"product","2":"type-product","3":"status-publish","4":"has-post-thumbnail","6":"product_cat-orientacio-professional-pedagogia-2_humanitats","7":"product_cat-orientacion-profesional","9":"first","10":"instock","11":"taxable","12":"shipping-taxable","13":"purchasable","14":"product-type-simple"},"acf":{"autor":"BONA, C\u00c9SAR","codart":"841790959","libros-coleccion":"FORA DE COL.LECCI\u00d3","ediciones":"1","encuadernacion":"R\u00fastica","fecha_de_publicacion":"01\/03\/2021","novedad":"1","paginas":"224","subtitulo":"LA VIDA ENS DONA UNA OPORTUNITAT PER REPENSAR L''EDUCACI\u00d3","orden":"0","portada":"0","idioma":"cat","editorial":[{"ID":6350,"post_author":"3","post_date":"2022-07-28 17:50:18","post_date_gmt":"2022-07-28 15:50:18","post_content":"","post_title":"ROSA DELS VENTS","post_excerpt":"","post_status":"publish","comment_status":"closed","ping_status":"closed","post_password":"","post_name":"rosa-dels-vents","to_ping":"","pinged":"","post_modified":"2022-07-28 17:50:18","post_modified_gmt":"2022-07-28 15:50:18","post_content_filtered":"","post_parent":0,"guid":"http:\/\/dev.claret.cat\/editorial\/rosa-dels-vents\/","menu_order":0,"post_type":"editorial","post_mime_type":"","comment_count":"0","filter":"raw"}],"autores-libros":[{"ID":5342,"post_author":"3","post_date":"2022-07-28 17:21:55","post_date_gmt":"2022-07-28 15:21:55","post_content":"","post_title":"C\u00c9SAR BONA","post_excerpt":"","post_status":"publish","comment_status":"closed","ping_status":"closed","post_password":"","post_name":"cesar-bona","to_ping":"","pinged":"","post_modified":"2022-07-28 17:21:55","post_modified_gmt":"2022-07-28 15:21:55","post_content_filtered":"","post_parent":0,"guid":"http:\/\/dev.claret.cat\/autor\/cesar-bona\/","menu_order":0,"post_type":"autor","post_mime_type":"","comment_count":"0","filter":"raw"}]},"aioseo_notices":[],"_links":{"self":[{"href":"https:\/\/www.claret.cat\/es\/wp-json\/wp\/v2\/product\/24355","targetHints":{"allow":["GET"]}}],"collection":[{"href":"https:\/\/www.claret.cat\/es\/wp-json\/wp\/v2\/product"}],"about":[{"href":"https:\/\/www.claret.cat\/es\/wp-json\/wp\/v2\/types\/product"}],"wp:featuredmedia":[{"embeddable":true,"href":"https:\/\/www.claret.cat\/es\/wp-json\/wp\/v2\/media\/64966"}],"wp:attachment":[{"href":"https:\/\/www.claret.cat\/es\/wp-json\/wp\/v2\/media?parent=24355"}],"wp:term":[{"taxonomy":"product_brand","embeddable":true,"href":"https:\/\/www.claret.cat\/es\/wp-json\/wp\/v2\/product_brand?post=24355"},{"taxonomy":"product_cat","embeddable":true,"href":"https:\/\/www.claret.cat\/es\/wp-json\/wp\/v2\/product_cat?post=24355"},{"taxonomy":"product_tag","embeddable":true,"href":"https:\/\/www.claret.cat\/es\/wp-json\/wp\/v2\/product_tag?post=24355"}],"curies":[{"name":"wp","href":"https:\/\/api.w.org\/{rel}","templated":true}]}}

HUMANITZAR L&#8221;EDUCACIÓ

<p>La vida ens dona una oportunidad per repensar l&#8221;educació. La situació que hem viscut ha mostrat les febleses del sistema educatiu  i ha posat de manifest que es troba molt lluny de la realitat. S&#8221;ha  revelat la inflexibilitat del currículum, que cal adaptar-lo a la  realitat, i no a l&#8221;inrevés. Els verbs que s&#8221;han sentit més aquests mesos  quan es parlava d&#8221;educació són &#8216;avaluar&#8217; i &#8216;examinar&#8217;, i el que hem  d&#8221;analitzar és el sistema. Així que, en lloc de buscar diferents respostes a les preguntes de sempre, potser hem de canviar les  preguntes: quines eines necessiten els nens i les nenes? Quines  mancances trobem en l&#8221;educació que hem rebut?Servirà el que hem viscut  per reflexionar o tornarem a l&#8221;educació prepandèmia com si no hagués passat res? Hem d&#8221;aprofitar aquest moment per replantejar-nos l&#8221;educació que volem:  si hi ha alguna cosa clara és que tot comença en l&#8221;educació.</p>

<p>BONA, CÉSAR</p>

BONA, CÉSAR

FORA DE COL.LECCIÓ

Rústica

LA VIDA ENS DONA UNA OPORTUNITAT PER REPENSAR L''EDUCACIÓ

CÉSAR BONA
