{"id":244933,"date":"2022-10-21T01:55:08","date_gmt":"2022-10-20T23:55:08","guid":{"rendered":"http:\/\/dev.claret.cat\/producte\/callejon-fleshmarket\/"},"modified":"2025-02-04T18:38:46","modified_gmt":"2025-02-04T17:38:46","slug":"callejon-fleshmarket-9788490566572","status":"publish","type":"product","link":"https:\/\/www.claret.cat\/es\/libro\/callejon-fleshmarket-9788490566572\/","title":{"rendered":"CALLEJON FLESHMARKET"},"content":{"rendered":"<p>En un barrio de viviendas protegidas de Edimburgo aparece asesinado un sin papeles. \u00bfSe trata de una<br \/> agresi\u00f3n racista o de algo muy distinto? Es un caso que, sin duda, interesa a Rebus. Una joven de dieciocho a\u00f1os ha<br \/> desaparecido de casa y ella se siente obligada a ayudar a los padres, lo que implica acercarse m\u00e1s de lo debido a un<br \/> violador convicto. Est\u00e1 adem\u00e1s involucrada en otro caso, el de los dos esqueletos -de mujer y de ni\u00f1o- enterrados bajo<br \/> el suelo de cemento de un s\u00f3tano en el callej\u00f3n Fleshmarket, un asunto que alguien quiere que salte a los medios, pero<br \/> \u00bfqui\u00e9n y por qu\u00e9? \u00bfExiste alguna relaci\u00f3n entre este caso y el del barrio de pisos baratos de Knoxland?<\/p>\n","protected":false},"excerpt":{"rendered":"<p>RANKIN , IAN<\/p>\n","protected":false},"featured_media":244934,"template":"","meta":{"_acf_changed":false,"om_disable_all_campaigns":false,"rs_blank_template":"","rs_page_bg_color":"","slide_template_v7":"","inline_featured_image":false,"_monsterinsights_skip_tracking":false,"_monsterinsights_sitenote_active":false,"_monsterinsights_sitenote_note":"","_monsterinsights_sitenote_category":0},"product_brand":[],"product_cat":[127,357],"product_tag":[],"class_list":{"0":"post-244933","1":"product","2":"type-product","3":"status-publish","4":"has-post-thumbnail","6":"product_cat-novella-contemporania","7":"product_cat-novela-contemporanea","9":"first","10":"instock","11":"taxable","12":"shipping-taxable","13":"purchasable","14":"product-type-simple"},"acf":{"autor":"RANKIN , IAN","codart":"849056657","libros-coleccion":"","ediciones":"1","encuadernacion":"R\u00fastica","fecha_de_publicacion":"01\/11\/2015","novedad":"0","paginas":"511","subtitulo":"","orden":"999","portada":"0","idioma":"spa","editorial":[{"ID":8268,"post_author":"3","post_date":"2022-09-30 09:21:37","post_date_gmt":"2022-09-30 07:21:37","post_content":"","post_title":"RBA LIBROS SA.","post_excerpt":"","post_status":"publish","comment_status":"closed","ping_status":"closed","post_password":"","post_name":"rba-libros-sa","to_ping":"","pinged":"","post_modified":"2022-09-30 09:21:37","post_modified_gmt":"2022-09-30 07:21:37","post_content_filtered":"","post_parent":0,"guid":"http:\/\/dev.claret.cat\/editorial\/rba-libros-sa\/","menu_order":0,"post_type":"editorial","post_mime_type":"","comment_count":"0","filter":"raw"}],"autores-libros":[{"ID":157715,"post_author":"3","post_date":"2022-10-14 15:31:02","post_date_gmt":"2022-10-14 13:31:02","post_content":"","post_title":"IAN RANKIN","post_excerpt":"","post_status":"publish","comment_status":"closed","ping_status":"closed","post_password":"","post_name":"ian-rankin","to_ping":"","pinged":"","post_modified":"2022-10-14 15:31:02","post_modified_gmt":"2022-10-14 13:31:02","post_content_filtered":"","post_parent":0,"guid":"http:\/\/dev.claret.cat\/autor\/ian-rankin\/","menu_order":0,"post_type":"autor","post_mime_type":"","comment_count":"0","filter":"raw"}]},"aioseo_notices":[],"_links":{"self":[{"href":"https:\/\/www.claret.cat\/es\/wp-json\/wp\/v2\/product\/244933","targetHints":{"allow":["GET"]}}],"collection":[{"href":"https:\/\/www.claret.cat\/es\/wp-json\/wp\/v2\/product"}],"about":[{"href":"https:\/\/www.claret.cat\/es\/wp-json\/wp\/v2\/types\/product"}],"wp:featuredmedia":[{"embeddable":true,"href":"https:\/\/www.claret.cat\/es\/wp-json\/wp\/v2\/media\/244934"}],"wp:attachment":[{"href":"https:\/\/www.claret.cat\/es\/wp-json\/wp\/v2\/media?parent=244933"}],"wp:term":[{"taxonomy":"product_brand","embeddable":true,"href":"https:\/\/www.claret.cat\/es\/wp-json\/wp\/v2\/product_brand?post=244933"},{"taxonomy":"product_cat","embeddable":true,"href":"https:\/\/www.claret.cat\/es\/wp-json\/wp\/v2\/product_cat?post=244933"},{"taxonomy":"product_tag","embeddable":true,"href":"https:\/\/www.claret.cat\/es\/wp-json\/wp\/v2\/product_tag?post=244933"}],"curies":[{"name":"wp","href":"https:\/\/api.w.org\/{rel}","templated":true}]}}

<p>En un barrio de viviendas protegidas de Edimburgo aparece asesinado un sin papeles. ¿Se trata de una<br /> agresión racista o de algo muy distinto? Es un caso que, sin duda, interesa a Rebus. Una joven de dieciocho años ha<br /> desaparecido de casa y ella se siente obligada a ayudar a los padres, lo que implica acercarse más de lo debido a un<br /> violador convicto. Está además involucrada en otro caso, el de los dos esqueletos -de mujer y de niño- enterrados bajo<br /> el suelo de cemento de un sótano en el callejón Fleshmarket, un asunto que alguien quiere que salte a los medios, pero<br /> ¿quién y por qué? ¿Existe alguna relación entre este caso y el del barrio de pisos baratos de Knoxland?</p>

Rústica
