{"id":245512,"date":"2022-10-21T02:09:06","date_gmt":"2022-10-21T00:09:06","guid":{"rendered":"http:\/\/dev.claret.cat\/producte\/causas-mortales\/"},"modified":"2025-02-04T18:34:00","modified_gmt":"2025-02-04T17:34:00","slug":"causas-mortales-9788490565025","status":"publish","type":"product","link":"https:\/\/www.claret.cat\/es\/libro\/causas-mortales-9788490565025\/","title":{"rendered":"CAUSAS MORTALES"},"content":{"rendered":"<p>En agosto de 1993, en pleno Festival de Edimburgo, un cad\u00e1ver cruelmente torturado es hallado en las<br \/> tur\u00edsticas calles subterr\u00e1neas de la ciudad. Los indicios apuntan a la autor\u00eda de un grupo de fan\u00e1ticos sectarios y<br \/> unionistas del \u00dalster. Sin embargo, las pesquisas del inspector Rebus abrir\u00e1n un abismo a\u00fan mayor: Rebus est\u00e1 en la<br \/> cima de un volc\u00e1n de delincuencia, pol\u00edtica y caos que est\u00e1 a punto de entrar en erupci\u00f3n. SEXTA ENTREGA DE LA SERIE<br \/> REBUS, M\u00c1S MAGN\u00c9TICO Y MORDAZ QUE NUNCA.<\/p>\n","protected":false},"excerpt":{"rendered":"<p>RANKIN , IAN<\/p>\n","protected":false},"featured_media":245513,"template":"","meta":{"_acf_changed":false,"om_disable_all_campaigns":false,"rs_blank_template":"","rs_page_bg_color":"","slide_template_v7":"","inline_featured_image":false,"_monsterinsights_skip_tracking":false,"_monsterinsights_sitenote_active":false,"_monsterinsights_sitenote_note":"","_monsterinsights_sitenote_category":0},"product_brand":[],"product_cat":[127,357],"product_tag":[],"class_list":{"0":"post-245512","1":"product","2":"type-product","3":"status-publish","4":"has-post-thumbnail","6":"product_cat-novella-contemporania","7":"product_cat-novela-contemporanea","9":"first","10":"instock","11":"taxable","12":"shipping-taxable","13":"purchasable","14":"product-type-simple"},"acf":{"autor":"RANKIN , IAN","codart":"849056502","libros-coleccion":"","ediciones":"1","encuadernacion":"R\u00fastica","fecha_de_publicacion":"01\/11\/2015","novedad":"0","paginas":"386","subtitulo":"","orden":"999","portada":"0","idioma":"spa","editorial":[{"ID":8268,"post_author":"3","post_date":"2022-09-30 09:21:37","post_date_gmt":"2022-09-30 07:21:37","post_content":"","post_title":"RBA LIBROS SA.","post_excerpt":"","post_status":"publish","comment_status":"closed","ping_status":"closed","post_password":"","post_name":"rba-libros-sa","to_ping":"","pinged":"","post_modified":"2022-09-30 09:21:37","post_modified_gmt":"2022-09-30 07:21:37","post_content_filtered":"","post_parent":0,"guid":"http:\/\/dev.claret.cat\/editorial\/rba-libros-sa\/","menu_order":0,"post_type":"editorial","post_mime_type":"","comment_count":"0","filter":"raw"}],"autores-libros":[{"ID":157715,"post_author":"3","post_date":"2022-10-14 15:31:02","post_date_gmt":"2022-10-14 13:31:02","post_content":"","post_title":"IAN RANKIN","post_excerpt":"","post_status":"publish","comment_status":"closed","ping_status":"closed","post_password":"","post_name":"ian-rankin","to_ping":"","pinged":"","post_modified":"2022-10-14 15:31:02","post_modified_gmt":"2022-10-14 13:31:02","post_content_filtered":"","post_parent":0,"guid":"http:\/\/dev.claret.cat\/autor\/ian-rankin\/","menu_order":0,"post_type":"autor","post_mime_type":"","comment_count":"0","filter":"raw"}]},"aioseo_notices":[],"_links":{"self":[{"href":"https:\/\/www.claret.cat\/es\/wp-json\/wp\/v2\/product\/245512","targetHints":{"allow":["GET"]}}],"collection":[{"href":"https:\/\/www.claret.cat\/es\/wp-json\/wp\/v2\/product"}],"about":[{"href":"https:\/\/www.claret.cat\/es\/wp-json\/wp\/v2\/types\/product"}],"wp:featuredmedia":[{"embeddable":true,"href":"https:\/\/www.claret.cat\/es\/wp-json\/wp\/v2\/media\/245513"}],"wp:attachment":[{"href":"https:\/\/www.claret.cat\/es\/wp-json\/wp\/v2\/media?parent=245512"}],"wp:term":[{"taxonomy":"product_brand","embeddable":true,"href":"https:\/\/www.claret.cat\/es\/wp-json\/wp\/v2\/product_brand?post=245512"},{"taxonomy":"product_cat","embeddable":true,"href":"https:\/\/www.claret.cat\/es\/wp-json\/wp\/v2\/product_cat?post=245512"},{"taxonomy":"product_tag","embeddable":true,"href":"https:\/\/www.claret.cat\/es\/wp-json\/wp\/v2\/product_tag?post=245512"}],"curies":[{"name":"wp","href":"https:\/\/api.w.org\/{rel}","templated":true}]}}

<p>En agosto de 1993, en pleno Festival de Edimburgo, un cadáver cruelmente torturado es hallado en las<br /> turísticas calles subterráneas de la ciudad. Los indicios apuntan a la autoría de un grupo de fanáticos sectarios y<br /> unionistas del Úlster. Sin embargo, las pesquisas del inspector Rebus abrirán un abismo aún mayor: Rebus está en la<br /> cima de un volcán de delincuencia, política y caos que está a punto de entrar en erupción. SEXTA ENTREGA DE LA SERIE<br /> REBUS, MÁS MAGNÉTICO Y MORDAZ QUE NUNCA.</p>

Rústica
