{"id":246012,"date":"2022-10-21T02:21:30","date_gmt":"2022-10-21T00:21:30","guid":{"rendered":"http:\/\/dev.claret.cat\/producte\/amb-dits-de-molsa\/"},"modified":"2023-01-28T02:07:23","modified_gmt":"2023-01-28T01:07:23","slug":"amb-dits-de-molsa-9788494389870","status":"publish","type":"product","link":"https:\/\/www.claret.cat\/es\/libro\/amb-dits-de-molsa-9788494389870\/","title":{"rendered":"AMB DITS DE MOLSA"},"content":{"rendered":"<p>El cos flotant d&#8221;un home sense vida a les aig\u00fces del moll de Tarragona, l&#8221;arribada d&#8221;una immigrant peruana a l&#8221;aeroport de Barajas i la primera classe de ioga d&#8221;una noia de bon veure. Vet aqu\u00ed l&#8221;inici desconcertant d&#8221;aquesta novel\u00b7la. La crisi, els paradisos fiscals, l&#8221;especulaci\u00f3 urban\u00edstica, el m\u00f3n de la droga i la impunitat s\u00f3n elements destacats de l&#8221;obra que aniran empenyent els seus protagonistes per camins atzarosos, imprevisibles. En aquest context, Roxana, filla del Llac de l&#8221;Inca, compartir\u00e0 amb els lectors la for\u00e7a de la seva passi\u00f3, els sofriments que l&#8221;acompanyen i el neguit de l&#8221;enyoran\u00e7a. El contrapunt a la Roxana ens ve de la m\u00e0 de l&#8221;IgnasiTorres, un constructor immobiliari fet a si mateix, divorciat, home contradictori, incapa\u00e7 de trobar l&#8221;estabilitat amorosa.  Racons, edificis, carrers, places i barris de la ciutat de Tarragona; el Carmel barcelon\u00ed; el Priorat vin\u00edcola; la Lima fosca del pisco saur o el llac sagrat de l&#8221;altipl\u00e0 and\u00ed s\u00f3n alguns dels indrets per on transiten els personatges.<\/p>\n","protected":false},"excerpt":{"rendered":"<p>CAMA I SABALLS, ALFONS<\/p>\n","protected":false},"featured_media":246013,"template":"","meta":{"_acf_changed":false,"om_disable_all_campaigns":false,"rs_blank_template":"","rs_page_bg_color":"","slide_template_v7":"","inline_featured_image":false,"_monsterinsights_skip_tracking":false,"_monsterinsights_sitenote_active":false,"_monsterinsights_sitenote_note":"","_monsterinsights_sitenote_category":0},"product_brand":[],"product_cat":[16],"product_tag":[],"class_list":{"0":"post-246012","1":"product","2":"type-product","3":"status-publish","4":"has-post-thumbnail","6":"product_cat-sense-categoria","8":"first","9":"instock","10":"taxable","11":"shipping-taxable","12":"purchasable","13":"product-type-simple"},"acf":{"autor":"CAMA I SABALLS, ALFONS","codart":"849438987","libros-coleccion":"","ediciones":"1","encuadernacion":"R\u00fastica","fecha_de_publicacion":"01\/10\/2015","novedad":"0","paginas":"217","subtitulo":"","orden":"999","portada":"0","idioma":"cat","editorial":[{"ID":148226,"post_author":"3","post_date":"2022-10-14 11:56:36","post_date_gmt":"2022-10-14 09:56:36","post_content":"","post_title":"GREGAL LLIBRES, CONSORCI D'EDI","post_excerpt":"","post_status":"publish","comment_status":"closed","ping_status":"closed","post_password":"","post_name":"gregal-llibres-consorci-dedi","to_ping":"","pinged":"","post_modified":"2022-10-14 11:56:36","post_modified_gmt":"2022-10-14 09:56:36","post_content_filtered":"","post_parent":0,"guid":"http:\/\/dev.claret.cat\/editorial\/gregal-llibres-consorci-dedi\/","menu_order":0,"post_type":"editorial","post_mime_type":"","comment_count":"0","filter":"raw"}],"autores-libros":[{"ID":149741,"post_author":"3","post_date":"2022-10-14 14:27:20","post_date_gmt":"2022-10-14 12:27:20","post_content":"","post_title":"ALFONS CAMA I SABALLS","post_excerpt":"","post_status":"publish","comment_status":"closed","ping_status":"closed","post_password":"","post_name":"alfons-cama-i-saballs","to_ping":"","pinged":"","post_modified":"2022-10-14 14:27:20","post_modified_gmt":"2022-10-14 12:27:20","post_content_filtered":"","post_parent":0,"guid":"http:\/\/dev.claret.cat\/autor\/alfons-cama-i-saballs\/","menu_order":0,"post_type":"autor","post_mime_type":"","comment_count":"0","filter":"raw"}]},"aioseo_notices":[],"_links":{"self":[{"href":"https:\/\/www.claret.cat\/es\/wp-json\/wp\/v2\/product\/246012","targetHints":{"allow":["GET"]}}],"collection":[{"href":"https:\/\/www.claret.cat\/es\/wp-json\/wp\/v2\/product"}],"about":[{"href":"https:\/\/www.claret.cat\/es\/wp-json\/wp\/v2\/types\/product"}],"wp:featuredmedia":[{"embeddable":true,"href":"https:\/\/www.claret.cat\/es\/wp-json\/wp\/v2\/media\/246013"}],"wp:attachment":[{"href":"https:\/\/www.claret.cat\/es\/wp-json\/wp\/v2\/media?parent=246012"}],"wp:term":[{"taxonomy":"product_brand","embeddable":true,"href":"https:\/\/www.claret.cat\/es\/wp-json\/wp\/v2\/product_brand?post=246012"},{"taxonomy":"product_cat","embeddable":true,"href":"https:\/\/www.claret.cat\/es\/wp-json\/wp\/v2\/product_cat?post=246012"},{"taxonomy":"product_tag","embeddable":true,"href":"https:\/\/www.claret.cat\/es\/wp-json\/wp\/v2\/product_tag?post=246012"}],"curies":[{"name":"wp","href":"https:\/\/api.w.org\/{rel}","templated":true}]}}

<p>El cos flotant d&#8221;un home sense vida a les aigües del moll de Tarragona, l&#8221;arribada d&#8221;una immigrant peruana a l&#8221;aeroport de Barajas i la primera classe de ioga d&#8221;una noia de bon veure. Vet aquí l&#8221;inici desconcertant d&#8221;aquesta novel·la. La crisi, els paradisos fiscals, l&#8221;especulació urbanística, el món de la droga i la impunitat són elements destacats de l&#8221;obra que aniran empenyent els seus protagonistes per camins atzarosos, imprevisibles. En aquest context, Roxana, filla del Llac de l&#8221;Inca, compartirà amb els lectors la força de la seva passió, els sofriments que l&#8221;acompanyen i el neguit de l&#8221;enyorança. El contrapunt a la Roxana ens ve de la mà de l&#8221;IgnasiTorres, un constructor immobiliari fet a si mateix, divorciat, home contradictori, incapaç de trobar l&#8221;estabilitat amorosa.  Racons, edificis, carrers, places i barris de la ciutat de Tarragona; el Carmel barceloní; el Priorat vinícola; la Lima fosca del pisco saur o el llac sagrat de l&#8221;altiplà andí són alguns dels indrets per on transiten els personatges.</p>

Rústica
