{"id":246728,"date":"2022-10-21T02:38:12","date_gmt":"2022-10-21T00:38:12","guid":{"rendered":"http:\/\/dev.claret.cat\/producte\/temps-de-gel-2\/"},"modified":"2025-01-31T13:39:10","modified_gmt":"2025-01-31T12:39:10","slug":"temps-de-gel-9788415645726","status":"publish","type":"product","link":"https:\/\/www.claret.cat\/es\/libro\/temps-de-gel-9788415645726\/","title":{"rendered":"TEMPS DE GEL"},"content":{"rendered":"<p>L&#8221;esperat retorn de Fred Vargas i l&#8221;inspector Adamsberg \u00e9s un \u00e8xit fulgurant a tot Europa. Milions d&#8221;exemplars venuts que coronen l&#8221;autora com la indiscutible reina de la novel\u00b7la negra europea.<br \/> Quan l&#8221;Alice Gauthier, una respectable professora de matem\u00e0tiques de seixanta-sis anys, apareix morta a la banyera de casa seva amb les venes tallades, tot apunta a un su\u00efcidi. Per\u00f2 hi ha petits detalls, com el misteri\u00f3s s\u00edmbol tra\u00e7at a la paret del bany, que fan n\u00e9ixer les sospites dels investigadors i el cas \u00e9s derivat a la Brigada Criminal del comissari Adamsberg. El descobriment d&#8221;un cas semblant, amb el mateix s\u00edmbol enigm\u00e0tic a la paret, no fa m\u00e9s que confirmar el pressentiment del saga\u00e7 comissari: no s\u00f3n su\u00efcidis, s\u00f3n assassinats i formen part d&#8221;una s\u00e8rie.<br \/> Adamsberg i la seva brigada hauran de dur a terme una perillosa investigaci\u00f3 en una remota illa islandesa, amb reminisc\u00e8ncies de mites n\u00f2rdics i parada a les hores m\u00e9s fosques de la Revoluci\u00f3 Francesa amb el record fantasmal de Robespierre i Danton. Un thriller sense precedents.<br \/> \u00abFaig voltes en cercle. Catorze sospitosos. Menys quatre, eliminats. En queden deu, i set-cents m\u00e9s. Tots espectaculars, vinguts d&#8221;un altre segle, per\u00f2 ni un de sol on pugui clavar queixalada. Encara que aconsegueixi comprendre el que em pica, haur\u00e9 perdut el temps.\u00bb<\/p>\n","protected":false},"excerpt":{"rendered":"<p>VARGAS, FRED<\/p>\n","protected":false},"featured_media":246729,"template":"","meta":{"_acf_changed":false,"om_disable_all_campaigns":false,"rs_blank_template":"","rs_page_bg_color":"","slide_template_v7":"","inline_featured_image":false,"_monsterinsights_skip_tracking":false,"_monsterinsights_sitenote_active":false,"_monsterinsights_sitenote_note":"","_monsterinsights_sitenote_category":0},"product_brand":[],"product_cat":[87,353],"product_tag":[],"class_list":{"0":"post-246728","1":"product","2":"type-product","3":"status-publish","4":"has-post-thumbnail","6":"product_cat-literatura","7":"product_cat-literatura-2_humanidades","9":"first","10":"instock","11":"taxable","12":"shipping-taxable","13":"purchasable","14":"product-type-simple"},"acf":{"autor":"VARGAS, FRED","codart":"841564572","libros-coleccion":"","ediciones":"1","encuadernacion":"R\u00fastica","fecha_de_publicacion":"01\/10\/2015","novedad":"0","paginas":"421","subtitulo":"","orden":"999","portada":"0","idioma":"cat","autores-libros":[{"ID":156396,"post_author":"3","post_date":"2022-10-14 15:20:29","post_date_gmt":"2022-10-14 13:20:29","post_content":"","post_title":"FRED VARGAS","post_excerpt":"","post_status":"publish","comment_status":"closed","ping_status":"closed","post_password":"","post_name":"fred-vargas","to_ping":"","pinged":"","post_modified":"2022-10-14 15:20:29","post_modified_gmt":"2022-10-14 13:20:29","post_content_filtered":"","post_parent":0,"guid":"http:\/\/dev.claret.cat\/autor\/fred-vargas\/","menu_order":0,"post_type":"autor","post_mime_type":"","comment_count":"0","filter":"raw"}],"editorial":[{"ID":261808,"post_author":"3","post_date":"2022-10-24 11:16:06","post_date_gmt":"2022-10-24 09:16:06","post_content":"","post_title":"AMSTERDAM LLIBRES","post_excerpt":"","post_status":"publish","comment_status":"closed","ping_status":"closed","post_password":"","post_name":"amsterdam-llibres","to_ping":"","pinged":"","post_modified":"2022-10-24 11:16:06","post_modified_gmt":"2022-10-24 09:16:06","post_content_filtered":"","post_parent":0,"guid":"http:\/\/dev.claret.cat\/editorial\/amsterdam-llibres\/","menu_order":0,"post_type":"editorial","post_mime_type":"","comment_count":"0","filter":"raw"}]},"aioseo_notices":[],"_links":{"self":[{"href":"https:\/\/www.claret.cat\/es\/wp-json\/wp\/v2\/product\/246728","targetHints":{"allow":["GET"]}}],"collection":[{"href":"https:\/\/www.claret.cat\/es\/wp-json\/wp\/v2\/product"}],"about":[{"href":"https:\/\/www.claret.cat\/es\/wp-json\/wp\/v2\/types\/product"}],"wp:featuredmedia":[{"embeddable":true,"href":"https:\/\/www.claret.cat\/es\/wp-json\/wp\/v2\/media\/246729"}],"wp:attachment":[{"href":"https:\/\/www.claret.cat\/es\/wp-json\/wp\/v2\/media?parent=246728"}],"wp:term":[{"taxonomy":"product_brand","embeddable":true,"href":"https:\/\/www.claret.cat\/es\/wp-json\/wp\/v2\/product_brand?post=246728"},{"taxonomy":"product_cat","embeddable":true,"href":"https:\/\/www.claret.cat\/es\/wp-json\/wp\/v2\/product_cat?post=246728"},{"taxonomy":"product_tag","embeddable":true,"href":"https:\/\/www.claret.cat\/es\/wp-json\/wp\/v2\/product_tag?post=246728"}],"curies":[{"name":"wp","href":"https:\/\/api.w.org\/{rel}","templated":true}]}}

<p>L&#8221;esperat retorn de Fred Vargas i l&#8221;inspector Adamsberg és un èxit fulgurant a tot Europa. Milions d&#8221;exemplars venuts que coronen l&#8221;autora com la indiscutible reina de la novel·la negra europea.<br /> Quan l&#8221;Alice Gauthier, una respectable professora de matemàtiques de seixanta-sis anys, apareix morta a la banyera de casa seva amb les venes tallades, tot apunta a un suïcidi. Però hi ha petits detalls, com el misteriós símbol traçat a la paret del bany, que fan néixer les sospites dels investigadors i el cas és derivat a la Brigada Criminal del comissari Adamsberg. El descobriment d&#8221;un cas semblant, amb el mateix símbol enigmàtic a la paret, no fa més que confirmar el pressentiment del sagaç comissari: no són suïcidis, són assassinats i formen part d&#8221;una sèrie.<br /> Adamsberg i la seva brigada hauran de dur a terme una perillosa investigació en una remota illa islandesa, amb reminiscències de mites nòrdics i parada a les hores més fosques de la Revolució Francesa amb el record fantasmal de Robespierre i Danton. Un thriller sense precedents.<br /> «Faig voltes en cercle. Catorze sospitosos. Menys quatre, eliminats. En queden deu, i set-cents més. Tots espectaculars, vinguts d&#8221;un altre segle, però ni un de sol on pugui clavar queixalada. Encara que aconsegueixi comprendre el que em pica, hauré perdut el temps.»</p>

Rústica
