{"id":246814,"date":"2022-10-21T02:40:15","date_gmt":"2022-10-21T00:40:15","guid":{"rendered":"http:\/\/dev.claret.cat\/producte\/fanculers-3-la-pilota-boja\/"},"modified":"2025-01-31T21:52:11","modified_gmt":"2025-01-31T20:52:11","slug":"fanculers-3-la-pilota-boja-9788424655976","status":"publish","type":"product","link":"https:\/\/www.claret.cat\/es\/libro\/fanculers-3-la-pilota-boja-9788424655976\/","title":{"rendered":"FANCULERS 3. LA PILOTA BOJA"},"content":{"rendered":"<p>Els Fanculers han descobert que la Ratata ha apostat que el Bar\u00e7a perdr\u00e0 0-5! I s&#8221;adonen que no parla de futbol sin\u00f3 de b\u00e0squet&#8230; quina una en porta de cap? I per qu\u00e8 du una pilota que pot dirigir a dist\u00e0ncia? Ai, ai, ai, que els nostres amics han de resoldre un altre problema a can Bar\u00e7a. I aquest cop al Palau!<\/p>\n","protected":false},"excerpt":{"rendered":"<p>SALA I VILA, CARLES \/ SALA I VILA, ELOI<\/p>\n","protected":false},"featured_media":246815,"template":"","meta":{"_acf_changed":false,"om_disable_all_campaigns":false,"rs_blank_template":"","rs_page_bg_color":"","slide_template_v7":"","inline_featured_image":false,"_monsterinsights_skip_tracking":false,"_monsterinsights_sitenote_active":false,"_monsterinsights_sitenote_note":"","_monsterinsights_sitenote_category":0},"product_brand":[],"product_cat":[131,361],"product_tag":[],"class_list":{"0":"post-246814","1":"product","2":"type-product","3":"status-publish","4":"has-post-thumbnail","6":"product_cat-contes-per-infants-0-6-anys","7":"product_cat-cuentos-para-ninos-0-6-anos","9":"first","10":"instock","11":"taxable","12":"shipping-taxable","13":"purchasable","14":"product-type-simple"},"acf":{"autor":"SALA I VILA, CARLES \/ SALA I VILA, ELOI","codart":"842465597","libros-coleccion":"","ediciones":"1","encuadernacion":"Carton\u00e9","fecha_de_publicacion":"01\/10\/2015","novedad":"0","paginas":"120","subtitulo":"","orden":"999","portada":"0","idioma":"cat","editorial":[{"ID":148361,"post_author":"3","post_date":"2022-10-14 11:57:38","post_date_gmt":"2022-10-14 09:57:38","post_content":"","post_title":"LA GALERA, S.A. EDITORIAL","post_excerpt":"","post_status":"publish","comment_status":"closed","ping_status":"closed","post_password":"","post_name":"la-galera-s-a-editorial","to_ping":"","pinged":"","post_modified":"2022-10-14 11:57:38","post_modified_gmt":"2022-10-14 09:57:38","post_content_filtered":"","post_parent":0,"guid":"http:\/\/dev.claret.cat\/editorial\/la-galera-s-a-editorial\/","menu_order":0,"post_type":"editorial","post_mime_type":"","comment_count":"0","filter":"raw"}],"autores-libros":[{"ID":152173,"post_author":"3","post_date":"2022-10-14 14:46:40","post_date_gmt":"2022-10-14 12:46:40","post_content":"","post_title":"CARLES SALA I VILA","post_excerpt":"","post_status":"publish","comment_status":"closed","ping_status":"closed","post_password":"","post_name":"carles-sala-i-vila","to_ping":"","pinged":"","post_modified":"2022-10-14 14:46:40","post_modified_gmt":"2022-10-14 12:46:40","post_content_filtered":"","post_parent":0,"guid":"http:\/\/dev.claret.cat\/autor\/carles-sala-i-vila\/","menu_order":0,"post_type":"autor","post_mime_type":"","comment_count":"0","filter":"raw"},{"ID":422205,"post_author":"3","post_date":"2023-05-16 07:14:09","post_date_gmt":"2023-05-16 05:14:09","post_content":"","post_title":"ELOI SALA I VILA","post_excerpt":"","post_status":"publish","comment_status":"closed","ping_status":"closed","post_password":"","post_name":"eloi-sala-i-vila","to_ping":"","pinged":"","post_modified":"2023-05-16 07:14:09","post_modified_gmt":"2023-05-16 05:14:09","post_content_filtered":"","post_parent":0,"guid":"https:\/\/www.claret.cat\/autor\/eloi-sala-i-vila\/","menu_order":0,"post_type":"autor","post_mime_type":"","comment_count":"0","filter":"raw"}]},"aioseo_notices":[],"_links":{"self":[{"href":"https:\/\/www.claret.cat\/es\/wp-json\/wp\/v2\/product\/246814","targetHints":{"allow":["GET"]}}],"collection":[{"href":"https:\/\/www.claret.cat\/es\/wp-json\/wp\/v2\/product"}],"about":[{"href":"https:\/\/www.claret.cat\/es\/wp-json\/wp\/v2\/types\/product"}],"wp:featuredmedia":[{"embeddable":true,"href":"https:\/\/www.claret.cat\/es\/wp-json\/wp\/v2\/media\/246815"}],"wp:attachment":[{"href":"https:\/\/www.claret.cat\/es\/wp-json\/wp\/v2\/media?parent=246814"}],"wp:term":[{"taxonomy":"product_brand","embeddable":true,"href":"https:\/\/www.claret.cat\/es\/wp-json\/wp\/v2\/product_brand?post=246814"},{"taxonomy":"product_cat","embeddable":true,"href":"https:\/\/www.claret.cat\/es\/wp-json\/wp\/v2\/product_cat?post=246814"},{"taxonomy":"product_tag","embeddable":true,"href":"https:\/\/www.claret.cat\/es\/wp-json\/wp\/v2\/product_tag?post=246814"}],"curies":[{"name":"wp","href":"https:\/\/api.w.org\/{rel}","templated":true}]}}

<p>Els Fanculers han descobert que la Ratata ha apostat que el Barça perdrà 0-5! I s&#8221;adonen que no parla de futbol sinó de bàsquet&#8230; quina una en porta de cap? I per què du una pilota que pot dirigir a distància? Ai, ai, ai, que els nostres amics han de resoldre un altre problema a can Barça. I aquest cop al Palau!</p>

Cartoné
