{"id":247502,"date":"2022-10-21T02:57:22","date_gmt":"2022-10-21T00:57:22","guid":{"rendered":"http:\/\/dev.claret.cat\/producte\/las-aventuras-de-tom-sawyer-5\/"},"modified":"2023-01-28T23:27:04","modified_gmt":"2023-01-28T22:27:04","slug":"las-aventuras-de-tom-sawyer-9788416358175","status":"publish","type":"product","link":"https:\/\/www.claret.cat\/es\/libro\/las-aventuras-de-tom-sawyer-9788416358175\/","title":{"rendered":"LAS AVENTURAS DE TOM SAWYER"},"content":{"rendered":"<p>Las aventuras de Tom Sawyer es un libro solar, \u00abun himno escrito en prosa\u00bb, en palabras de Mark Twain (quien se inspir\u00f3 en sus vivencias para dar vida a las travesuras y los personajes que pueblan este cl\u00e1sico), un canto emotivo, no exento de nostalgia, dedicado a ese verano eterno que es la infancia. Ajena a los claroscuros que veremos en Huckleberry Finn, Tom Sawyer se propone recordarnos, de forma luminosa y optimista, qu\u00e9 significaba ser un ni\u00f1o: esa energ\u00eda desbordante, esos sue\u00f1os que proliferan sin el filtro de las preocupaciones, las obligaciones y las claudicaciones de los adultos; una \u00e9poca en la que el mundo era m\u00e1s puro, m\u00e1s vasto y misterioso, y el amor y la amistad, \u00e9picos e incondicionales. La presente edici\u00f3n cuenta con las portentosas ilustraciones de Pablo Auladell.<\/p>\n","protected":false},"excerpt":{"rendered":"<p>TWAIN, MARK<\/p>\n","protected":false},"featured_media":247503,"template":"","meta":{"_acf_changed":false,"om_disable_all_campaigns":false,"rs_blank_template":"","rs_page_bg_color":"","slide_template_v7":"","inline_featured_image":false,"_monsterinsights_skip_tracking":false,"_monsterinsights_sitenote_active":false,"_monsterinsights_sitenote_note":"","_monsterinsights_sitenote_category":0},"product_brand":[],"product_cat":[16],"product_tag":[],"class_list":{"0":"post-247502","1":"product","2":"type-product","3":"status-publish","4":"has-post-thumbnail","6":"product_cat-sense-categoria","8":"first","9":"instock","10":"taxable","11":"shipping-taxable","12":"purchasable","13":"product-type-simple"},"acf":{"autor":"TWAIN, MARK","codart":"841635817","libros-coleccion":"","ediciones":"1","encuadernacion":"Carton\u00e9","fecha_de_publicacion":"01\/10\/2015","novedad":"0","paginas":"267","subtitulo":"ILUSTRACIONES DE PABLO AULADELL","orden":"999","portada":"0","idioma":"spa","editorial":[{"ID":148807,"post_author":"3","post_date":"2022-10-14 12:01:09","post_date_gmt":"2022-10-14 10:01:09","post_content":"","post_title":"SEXTO PISO","post_excerpt":"","post_status":"publish","comment_status":"closed","ping_status":"closed","post_password":"","post_name":"sexto-piso","to_ping":"","pinged":"","post_modified":"2022-10-14 12:01:09","post_modified_gmt":"2022-10-14 10:01:09","post_content_filtered":"","post_parent":0,"guid":"http:\/\/dev.claret.cat\/editorial\/sexto-piso\/","menu_order":0,"post_type":"editorial","post_mime_type":"","comment_count":"0","filter":"raw"}],"autores-libros":[{"ID":164092,"post_author":"3","post_date":"2022-10-14 17:44:17","post_date_gmt":"2022-10-14 15:44:17","post_content":"","post_title":"MARK TWAIN","post_excerpt":"","post_status":"publish","comment_status":"closed","ping_status":"closed","post_password":"","post_name":"mark-twain","to_ping":"","pinged":"","post_modified":"2022-10-14 17:44:17","post_modified_gmt":"2022-10-14 15:44:17","post_content_filtered":"","post_parent":0,"guid":"http:\/\/dev.claret.cat\/autor\/mark-twain\/","menu_order":0,"post_type":"autor","post_mime_type":"","comment_count":"0","filter":"raw"}]},"aioseo_notices":[],"_links":{"self":[{"href":"https:\/\/www.claret.cat\/es\/wp-json\/wp\/v2\/product\/247502","targetHints":{"allow":["GET"]}}],"collection":[{"href":"https:\/\/www.claret.cat\/es\/wp-json\/wp\/v2\/product"}],"about":[{"href":"https:\/\/www.claret.cat\/es\/wp-json\/wp\/v2\/types\/product"}],"wp:featuredmedia":[{"embeddable":true,"href":"https:\/\/www.claret.cat\/es\/wp-json\/wp\/v2\/media\/247503"}],"wp:attachment":[{"href":"https:\/\/www.claret.cat\/es\/wp-json\/wp\/v2\/media?parent=247502"}],"wp:term":[{"taxonomy":"product_brand","embeddable":true,"href":"https:\/\/www.claret.cat\/es\/wp-json\/wp\/v2\/product_brand?post=247502"},{"taxonomy":"product_cat","embeddable":true,"href":"https:\/\/www.claret.cat\/es\/wp-json\/wp\/v2\/product_cat?post=247502"},{"taxonomy":"product_tag","embeddable":true,"href":"https:\/\/www.claret.cat\/es\/wp-json\/wp\/v2\/product_tag?post=247502"}],"curies":[{"name":"wp","href":"https:\/\/api.w.org\/{rel}","templated":true}]}}

<p>Las aventuras de Tom Sawyer es un libro solar, «un himno escrito en prosa», en palabras de Mark Twain (quien se inspiró en sus vivencias para dar vida a las travesuras y los personajes que pueblan este clásico), un canto emotivo, no exento de nostalgia, dedicado a ese verano eterno que es la infancia. Ajena a los claroscuros que veremos en Huckleberry Finn, Tom Sawyer se propone recordarnos, de forma luminosa y optimista, qué significaba ser un niño: esa energía desbordante, esos sueños que proliferan sin el filtro de las preocupaciones, las obligaciones y las claudicaciones de los adultos; una época en la que el mundo era más puro, más vasto y misterioso, y el amor y la amistad, épicos e incondicionales. La presente edición cuenta con las portentosas ilustraciones de Pablo Auladell.</p>

Cartoné
